{"id":190662,"date":"2023-09-12T16:45:52","date_gmt":"2023-09-12T14:45:52","guid":{"rendered":"https:\/\/staging.fundacioncarf.org\/?post_type=candidatos&#038;p=190662"},"modified":"2025-08-26T09:04:11","modified_gmt":"2025-08-26T07:04:11","slug":"dani-alexander-guerrero-payano","status":"publish","type":"candidatos","link":"https:\/\/fundacioncarf.org\/zh\/colabora\/pon-cara-a-tu-donativo\/dani-alexander-guerrero-payano\/","title":{"rendered":"\u4e39\u5c3c-\u4e9a\u5386\u5c71\u5927-\u683c\u96f7\u7f57-\u5e15\u4e9a\u8bfa"},"content":{"rendered":"<p>\"\u5927\u5bb6\u597d\uff0c\u6211\u662f\u795e\u4fee\u751f\u4e39\u5c3c-\u4e9a\u5386\u5c71\u5927-\u683c\u96f7\u7f57-\u5e15\u4e9a\u8bfa\uff0c\u4eca\u5e74 25 \u5c81\uff0c\u5728\u4e94\u4e2a\u5144\u5f1f\u59d0\u59b9\u4e2d\u6392\u884c\u8001\u4e09\uff0c\u6211\u7684\u7236\u6bcd\u662f\u963f\u5c14\u5854\u683c\u62c9\u897f\u4e9a-\u5e15\u4e9a\u8bfa\u548c\u4e39\u5c3c\u5c14-\u683c\u96f7\u7f57\u3002<\/p>\n\n\n\n<p>\u6211\u51fa\u751f\u5728\u591a\u7c73\u5c3c\u52a0\u5171\u548c\u56fd\u7684\u62c9\u7f57\u9a6c\u7eb3\u7701\uff0c\u4ece\u56db\u5c81\u8d77\u5c31\u4e00\u76f4\u4f4f\u5728\u5e0c\u76d6\u4f0a\uff0c\u76f4\u5230\u8fdb\u5165\u5927\u795e\u5b66\u9662\u3002\u6211\u5728\u970d\u5766\u897f\u4e9a\u522b\u5885\u57fa\u7840\u5b66\u6821\u548c\u5c24\u897f\u6bd4\u5965-\u585e\u8fbe\u8bfa\u5b66\u6821\u5b8c\u6210\u4e86\u5c0f\u5b66\u5b66\u4e1a\uff0c\u7136\u540e\u5728\u6770\u62c9\u5c14\u591a-\u626c\u68ee\u5b66\u6821\u5b8c\u6210\u4e86\u4e2d\u5b66\u5b66\u4e1a\u3002 <\/p>\n\n\n\n<p>17 \u5c81\u65f6\uff0c\u6211\u5f00\u59cb\u653b\u8bfb\u6559\u80b2\u5b66\u5b66\u4f4d\uff0c\u4e3b\u4fee\u6570\u5b66\u548c\u7269\u7406\uff0c22 \u5c81\u6bd5\u4e1a\u3002\u5728 Morada de Sabidur\u00eda \u57fa\u7763\u6559\u5b66\u9662\u62c5\u4efb\u4e86\u4e00\u5e74\u6559\u5e08\u540e\uff0c\u6211\u51b3\u5b9a\u8fdb\u5165\u795e\u5b66\u9662\uff0c\u5728\u5c0f\u795e\u5b66\u9662\u5b66\u4e60\u4e86\u4e00\u5e74\uff0c\u5728\u5927\u795e\u5b66\u9662\u5b66\u4e60\u4e86\u4e24\u5e74\u3002 <\/p>\n\n\n\n<p>\u540e\u6765\uff0c\u6211\u88ab\u9009\u4e2d\u5230\u897f\u73ed\u7259\u7684 CEI Bidasoa \u7ee7\u7eed\u63a5\u53d7\u57f9\u8bad\uff0c\u73b0\u5728\u6211\u5c31\u5728\u90a3\u91cc\u3002\u6211\u559c\u6b22\u8fd0\u52a8\uff0c\u559c\u6b22\u4e0e\u540c\u4f34\u5efa\u7acb\u826f\u597d\u7684\u5173\u7cfb\uff0c\u559c\u6b22\u4e3a\u4ed6\u4eba\u670d\u52a1\u3002\u6211\u5f88\u9ad8\u5174\u88ab\u5929\u4e3b\u53ec\u53eb\u6210\u4e3a\u4e00\u540d\u795e\u7236\u3002\u6211\u6240\u5728\u7684\u6559\u533a\u53eb\u963f\u5c14\u5854\u683c\u62c9\u897f\u4e9a\u5723\u6bcd\u9662\uff0c\u4f4d\u4e8e\u897f\u73ed\u7259\u4e1c\u90e8\uff0c\u7531\u51e0\u4e2a\u7701\u7ec4\u6210\uff1a\u62c9\u963f\u5c14\u5854\u683c\u62c9\u897f\u4e9a\u7701\u3001\u62c9\u7f57\u9a6c\u7eb3\u7701\u548c\u57c3\u5c14\u585e\u535a\u7701\u3002\u6211\u7684\u6559\u533a\u4f4d\u4e8e\u963f\u5c14\u5854\u683c\u62c9\u897f\u4e9a\u7701\u7684\u5e0c\u76d6\u4f0a\u5e02\uff0c\u540d\u53eb\u5723\u5b89\u5a1c\uff0c\u6211\u7684\u6559\u533a\u7267\u5e08\u662f\u585e\u5c14\u5409\u5965-\u79d1\u5c14\u5fb7\u7f57\uff08Sergio Cordero\uff09\u795e\u7236\u3002 <\/p>\n\n\n\n<p>\u6211\u975e\u5e38\u611f\u8c22\u6211\u5728\u6559\u533a\u6240\u53d7\u5230\u7684\u5f85\u9047\uff0c\u5728\u4e0a\u5e1d\u7684\u5e2e\u52a9\u4e0b\uff0c\u6211\u4eec\u5c06\u7ee7\u7eed\u53d1\u5c55\u58ee\u5927\uff0c\u8ba9\u66f4\u591a\u7684\u4eba\u8499\u53ec\u52a0\u5165\u4e0a\u5e1d\u7684\u56fd\u5ea6\"\u3002<\/p>","protected":false},"excerpt":{"rendered":"<p>\u00abHola, soy el seminarista Dani Alexander Guerrero Payano, tengo 28 a\u00f1os de edad, soy el tercero de cinco hermanos, mis padres se llaman Altagracia Payano y Daniel Guerrero. Nac\u00ed en La Romana, provincia de la Rep\u00fablica Dominicana y desde los cuatros a\u00f1os viv\u00ed en Higuey hasta entrar al seminario mayor. Realic\u00e9 mis estudios primarios en [&hellip;]<\/p>\n","protected":false},"featured_media":0,"menu_order":0,"template":"","format":"standard","meta":{"_acf_changed":false,"give_campaign_id":0,"footnotes":""},"tags":[120,121],"pcatd":[],"cantidad":[],"continente":[],"estadobeca":[3],"class_list":["post-190662","candidatos","type-candidatos","status-publish","format-standard","hentry","tag-sacerdote","tag-seminarista","estadobeca-en-curso"],"acf":[],"_links":{"self":[{"href":"https:\/\/fundacioncarf.org\/zh\/wp-json\/wp\/v2\/candidatos\/190662","targetHints":{"allow":["GET"]}}],"collection":[{"href":"https:\/\/fundacioncarf.org\/zh\/wp-json\/wp\/v2\/candidatos"}],"about":[{"href":"https:\/\/fundacioncarf.org\/zh\/wp-json\/wp\/v2\/types\/candidatos"}],"version-history":[{"count":9,"href":"https:\/\/fundacioncarf.org\/zh\/wp-json\/wp\/v2\/candidatos\/190662\/revisions"}],"predecessor-version":[{"id":223418,"href":"https:\/\/fundacioncarf.org\/zh\/wp-json\/wp\/v2\/candidatos\/190662\/revisions\/223418"}],"wp:attachment":[{"href":"https:\/\/fundacioncarf.org\/zh\/wp-json\/wp\/v2\/media?parent=190662"}],"wp:term":[{"taxonomy":"post_tag","embeddable":true,"href":"https:\/\/fundacioncarf.org\/zh\/wp-json\/wp\/v2\/tags?post=190662"},{"taxonomy":"pcatd","embeddable":true,"href":"https:\/\/fundacioncarf.org\/zh\/wp-json\/wp\/v2\/pcatd?post=190662"},{"taxonomy":"cantidad","embeddable":true,"href":"https:\/\/fundacioncarf.org\/zh\/wp-json\/wp\/v2\/cantidad?post=190662"},{"taxonomy":"continente","embeddable":true,"href":"https:\/\/fundacioncarf.org\/zh\/wp-json\/wp\/v2\/continente?post=190662"},{"taxonomy":"estadobeca","embeddable":true,"href":"https:\/\/fundacioncarf.org\/zh\/wp-json\/wp\/v2\/estadobeca?post=190662"}],"curies":[{"name":"wp","href":"https:\/\/api.w.org\/{rel}","templated":true}]}}

丹尼-亚历山大-格雷罗-帕亚诺

<p>"大家好，我是神修生丹尼-亚历山大-格雷罗-帕亚诺，今年 25 岁，在五个兄弟姐妹中排行老三，我的父母是阿尔塔格拉西亚-帕亚诺和丹尼尔-格雷罗。</p>



<p>我出生在多米尼加共和国的拉罗马纳省，从四岁起就一直住在希盖伊，直到进入大神学院。我在霍坦西亚别墅基础学校和尤西比奥-塞达诺学校完成了小学学业，然后在杰拉尔多-扬森学校完成了中学学业。 </p>



<p>17 岁时，我开始攻读教育学学位，主修数学和物理，22 岁毕业。在 Morada de Sabiduría 基督教学院担任了一年教师后，我决定进入神学院，在小神学院学习了一年，在大神学院学习了两年。 </p>



<p>后来，我被选中到西班牙的 CEI Bidasoa 继续接受培训，现在我就在那里。我喜欢运动，喜欢与同伴建立良好的关系，喜欢为他人服务。我很高兴被天主召叫成为一名神父。我所在的教区叫阿尔塔格拉西亚圣母院，位于西班牙东部，由几个省组成：拉阿尔塔格拉西亚省、拉罗马纳省和埃尔塞博省。我的教区位于阿尔塔格拉西亚省的希盖伊市，名叫圣安娜，我的教区牧师是塞尔吉奥-科尔德罗（Sergio Cordero）神父。 </p>



<p>我非常感谢我在教区所受到的待遇，在上帝的帮助下，我们将继续发展壮大，让更多的人蒙召加入上帝的国度"。</p>

<p>«Hola, soy el seminarista Dani Alexander Guerrero Payano, tengo 28 años de edad, soy el tercero de cinco hermanos, mis padres se llaman Altagracia Payano y Daniel Guerrero. Nací en La Romana, provincia de la República Dominicana y desde los cuatros años viví en Higuey hasta entrar al seminario mayor. Realicé mis estudios primarios en [&hellip;]</p>
