{"id":190662,"date":"2023-09-12T16:45:52","date_gmt":"2023-09-12T14:45:52","guid":{"rendered":"https:\/\/staging.fundacioncarf.org\/?post_type=candidatos&#038;p=190662"},"modified":"2025-08-26T09:04:11","modified_gmt":"2025-08-26T07:04:11","slug":"dani-alexander-guerrero-payano","status":"publish","type":"candidatos","link":"https:\/\/fundacioncarf.org\/pt\/colabora\/pon-cara-a-tu-donativo\/dani-alexander-guerrero-payano\/","title":{"rendered":"Dani Alexander Guerrero Payano"},"content":{"rendered":"<p>\"Ol\u00e1, sou o seminarista Dani Alexander Guerrero Payano, tenho 25 anos, o terceiro de cinco irm\u00e3os, os meus pais s\u00e3o Altagracia Payano e Daniel Guerrero.<\/p>\n\n\n\n<p>Nasci em La Romana, prov\u00edncia da Rep\u00fablica Dominicana, e desde os quatro anos de idade vivi em Higuey at\u00e9 entrar no semin\u00e1rio maior. Fiz os meus estudos prim\u00e1rios na escola b\u00e1sica de Villa Hotencia e na Escola Eusebio Cedano, depois fiz os estudos secund\u00e1rios no Liceu Geraldo Jansen. <\/p>\n\n\n\n<p>Aos 17 anos, comecei a licenciatura em Educa\u00e7\u00e3o com especializa\u00e7\u00e3o em Matem\u00e1tica e F\u00edsica e, aos 22 anos, terminei o curso. Depois de um ano como professor no Col\u00e9gio Crist\u00e3o Morada de Sabidur\u00eda, decidi entrar no semin\u00e1rio, onde passei um ano no semin\u00e1rio menor e dois anos no semin\u00e1rio maior. <\/p>\n\n\n\n<p>Fui ent\u00e3o escolhido para continuar a minha forma\u00e7\u00e3o no CEI Bidasoa, em Espanha, onde me encontro atualmente. Gosto de praticar desporto, de ter boas rela\u00e7\u00f5es com os meus companheiros e de estar ao servi\u00e7o dos outros. Sinto-me muito feliz por ter sido chamado por Deus para ser padre. A minha diocese chama-se Nuestra Se\u00f1ora de la Altagracia, situa-se no leste do pa\u00eds e \u00e9 composta pelas prov\u00edncias: La Altagracia, La Romana e El Seibo. A minha par\u00f3quia chama-se Santa Ana e est\u00e1 situada na prov\u00edncia de Altagracia, no munic\u00edpio de Higuey. O meu p\u00e1roco \u00e9 o Padre Sergio Cordero. <\/p>\n\n\n\n<p>Estou muito grato pela forma como fui tratado na minha diocese e, com a ajuda de Deus, continuaremos a crescer para aumentar o n\u00famero dos que s\u00e3o chamados ao seu Reino\".<\/p>","protected":false},"excerpt":{"rendered":"<p>\u00abHola, soy el seminarista Dani Alexander Guerrero Payano, tengo 28 a\u00f1os de edad, soy el tercero de cinco hermanos, mis padres se llaman Altagracia Payano y Daniel Guerrero. Nac\u00ed en La Romana, provincia de la Rep\u00fablica Dominicana y desde los cuatros a\u00f1os viv\u00ed en Higuey hasta entrar al seminario mayor. Realic\u00e9 mis estudios primarios en [&hellip;]<\/p>\n","protected":false},"featured_media":0,"menu_order":0,"template":"","format":"standard","meta":{"_acf_changed":false,"give_campaign_id":0,"footnotes":""},"tags":[120,121],"pcatd":[],"cantidad":[],"continente":[],"estadobeca":[3],"class_list":["post-190662","candidatos","type-candidatos","status-publish","format-standard","hentry","tag-sacerdote","tag-seminarista","estadobeca-en-curso"],"acf":[],"_links":{"self":[{"href":"https:\/\/fundacioncarf.org\/pt\/wp-json\/wp\/v2\/candidatos\/190662","targetHints":{"allow":["GET"]}}],"collection":[{"href":"https:\/\/fundacioncarf.org\/pt\/wp-json\/wp\/v2\/candidatos"}],"about":[{"href":"https:\/\/fundacioncarf.org\/pt\/wp-json\/wp\/v2\/types\/candidatos"}],"version-history":[{"count":9,"href":"https:\/\/fundacioncarf.org\/pt\/wp-json\/wp\/v2\/candidatos\/190662\/revisions"}],"predecessor-version":[{"id":223418,"href":"https:\/\/fundacioncarf.org\/pt\/wp-json\/wp\/v2\/candidatos\/190662\/revisions\/223418"}],"wp:attachment":[{"href":"https:\/\/fundacioncarf.org\/pt\/wp-json\/wp\/v2\/media?parent=190662"}],"wp:term":[{"taxonomy":"post_tag","embeddable":true,"href":"https:\/\/fundacioncarf.org\/pt\/wp-json\/wp\/v2\/tags?post=190662"},{"taxonomy":"pcatd","embeddable":true,"href":"https:\/\/fundacioncarf.org\/pt\/wp-json\/wp\/v2\/pcatd?post=190662"},{"taxonomy":"cantidad","embeddable":true,"href":"https:\/\/fundacioncarf.org\/pt\/wp-json\/wp\/v2\/cantidad?post=190662"},{"taxonomy":"continente","embeddable":true,"href":"https:\/\/fundacioncarf.org\/pt\/wp-json\/wp\/v2\/continente?post=190662"},{"taxonomy":"estadobeca","embeddable":true,"href":"https:\/\/fundacioncarf.org\/pt\/wp-json\/wp\/v2\/estadobeca?post=190662"}],"curies":[{"name":"wp","href":"https:\/\/api.w.org\/{rel}","templated":true}]}}

<p>"Olá, sou o seminarista Dani Alexander Guerrero Payano, tenho 25 anos, o terceiro de cinco irmãos, os meus pais são Altagracia Payano e Daniel Guerrero.</p>



<p>Nasci em La Romana, província da República Dominicana, e desde os quatro anos de idade vivi em Higuey até entrar no seminário maior. Fiz os meus estudos primários na escola básica de Villa Hotencia e na Escola Eusebio Cedano, depois fiz os estudos secundários no Liceu Geraldo Jansen. </p>



<p>Aos 17 anos, comecei a licenciatura em Educação com especialização em Matemática e Física e, aos 22 anos, terminei o curso. Depois de um ano como professor no Colégio Cristão Morada de Sabiduría, decidi entrar no seminário, onde passei um ano no seminário menor e dois anos no seminário maior. </p>



<p>Fui então escolhido para continuar a minha formação no CEI Bidasoa, em Espanha, onde me encontro atualmente. Gosto de praticar desporto, de ter boas relações com os meus companheiros e de estar ao serviço dos outros. Sinto-me muito feliz por ter sido chamado por Deus para ser padre. A minha diocese chama-se Nuestra Señora de la Altagracia, situa-se no leste do país e é composta pelas províncias: La Altagracia, La Romana e El Seibo. A minha paróquia chama-se Santa Ana e está situada na província de Altagracia, no município de Higuey. O meu pároco é o Padre Sergio Cordero. </p>



<p>Estou muito grato pela forma como fui tratado na minha diocese e, com a ajuda de Deus, continuaremos a crescer para aumentar o número dos que são chamados ao seu Reino".</p>

<p>«Hola, soy el seminarista Dani Alexander Guerrero Payano, tengo 28 años de edad, soy el tercero de cinco hermanos, mis padres se llaman Altagracia Payano y Daniel Guerrero. Nací en La Romana, provincia de la República Dominicana y desde los cuatros años viví en Higuey hasta entrar al seminario mayor. Realicé mis estudios primarios en [&hellip;]</p>
