{"id":181921,"date":"2023-05-15T21:01:33","date_gmt":"2023-05-15T19:01:33","guid":{"rendered":"https:\/\/staging.fundacioncarf.org\/colabora\/pon-cara-a-tu-donativo\/theogene-ndagijimana\/"},"modified":"2023-05-15T21:01:33","modified_gmt":"2023-05-15T19:01:33","slug":"theogene-ndagijimana","status":"publish","type":"candidatos","link":"https:\/\/fundacioncarf.org\/pt\/colabora\/pon-cara-a-tu-donativo\/theogene-ndagijimana\/","title":{"rendered":"Th\u00e9og\u00e8ne Ndagijimana"},"content":{"rendered":"<p><span style=\"font-weight: 400;\">Don <strong>Th\u00e9og\u00e8ne Ndagijimana<\/strong> vem do Ruanda e \u00e9 um sacerdote da Diocese de Nyundo. Ele descobriu a sua voca\u00e7\u00e3o gra\u00e7as \u00e0 sua fam\u00edlia e est\u00e1 a estudar na Universidade Pontif\u00edcia da Santa Cruz em Roma.<\/span><\/p>\n<p><span style=\"font-weight: 400;\">\"Eu sou Th\u00e9og\u00e8ne Ndagijimana, sacerdote diocesano da Diocese de Nyundo no Ruanda (\u00c1frica). Nasci a 11 de Julho de 1988 em Bwishyura-Karongi, Ruanda, e cresci na mesma regi\u00e3o. N\u00e3o tenho d\u00favidas de que a educa\u00e7\u00e3o crist\u00e3 que recebi na minha fam\u00edlia \u00e9 a raiz principal da minha voca\u00e7\u00e3o sacerdotal. Contudo, toda a vida n\u00e3o dura sem ser nutrida, por isso a minha vida crist\u00e3 foi nutrida pela participa\u00e7\u00e3o na Missa e nas ora\u00e7\u00f5es familiares que t\u00ednhamos em casa.\u00a0<\/span><\/p>\n<p><span style=\"font-weight: 400;\">Depois da minha primeira <\/span><span style=\"font-weight: 400;\">comunh\u00e3o<\/span><span style=\"font-weight: 400;\">Eu comecei a servir na missa como ac\u00f3lito. Isto ajudou-me a observar os padres da nossa par\u00f3quia, que fizeram o seu melhor para trazer esperan\u00e7a \u00e0 comunidade ferida pelo genoc\u00eddio contra os Tutsis em 1994. Ao ver os padres a darem-se desta forma, enquanto alguns ficaram \u00f3rf\u00e3os e testemunharam a morte dos seus entes queridos da forma mais atroz, perguntei-me como \u00e9 que eu tamb\u00e9m iria contribuir para esta obra de Deus para trazer de volta a vida a uma sociedade t\u00e3o ferida como a nossa.<\/span><\/p>\n<p><span style=\"font-weight: 400;\">Depois da escola prim\u00e1ria, tive a oportunidade de entrar no semin\u00e1rio menor, onde tive tempo suficiente para meditar sobre a minha voca\u00e7\u00e3o, rezar e observar. No final dos meus estudos no semin\u00e1rio menor, escrevi uma carta de candidatura ao nosso bispo para entrar no semin\u00e1rio maior. Ap\u00f3s um ano, ele respondeu positivamente.<\/span><\/p>\n<p><span style=\"font-weight: 400;\">Durante o meu tempo no semin\u00e1rio maior, passei as minhas f\u00e9rias em muitas par\u00f3quias e l\u00e1 tamb\u00e9m aprendi muito sobre o minist\u00e9rio que me esperava. Como pode ver, muitas coisas t\u00eam contribu\u00eddo para alimentar e fortalecer a minha voca\u00e7\u00e3o.<\/span><\/p>\n<p><span style=\"font-weight: 400;\">Somos todos membros do mesmo Corpo e por isso quero agradecer aos benfeitores que tanto nos ajudam. Gostaria tamb\u00e9m de lhe pedir que reze por mim, para que eu possa ser fiel e servir o Senhor nesta dif\u00edcil tarefa de reconcilia\u00e7\u00e3o no meu pa\u00eds.<\/span><\/p>","protected":false},"excerpt":{"rendered":"<p>Don Th\u00e9og\u00e8ne Ndagijimana viene de Ruanda y es sacerdote de la Di\u00f3cesis de Nyundo. Descubri\u00f3 la vocaci\u00f3n gracias a la familia y est\u00e1 estudiando en la Pontificia Universidad de la Santa Cruz, en Roma. \u00abSoy Th\u00e9og\u00e8ne Ndagijimana, sacerdote diocesano de la Di\u00f3cesis de Nyundo en Ruanda (\u00c1frica). Nac\u00ed el 11 de julio de 1988 en [&hellip;]<\/p>\n","protected":false},"featured_media":0,"menu_order":0,"template":"","format":"standard","meta":{"_acf_changed":false,"give_campaign_id":0,"footnotes":""},"tags":[],"pcatd":[],"cantidad":[],"continente":[],"estadobeca":[],"class_list":["post-181921","candidatos","type-candidatos","status-publish","format-standard","hentry"],"acf":[],"_links":{"self":[{"href":"https:\/\/fundacioncarf.org\/pt\/wp-json\/wp\/v2\/candidatos\/181921","targetHints":{"allow":["GET"]}}],"collection":[{"href":"https:\/\/fundacioncarf.org\/pt\/wp-json\/wp\/v2\/candidatos"}],"about":[{"href":"https:\/\/fundacioncarf.org\/pt\/wp-json\/wp\/v2\/types\/candidatos"}],"version-history":[{"count":0,"href":"https:\/\/fundacioncarf.org\/pt\/wp-json\/wp\/v2\/candidatos\/181921\/revisions"}],"wp:attachment":[{"href":"https:\/\/fundacioncarf.org\/pt\/wp-json\/wp\/v2\/media?parent=181921"}],"wp:term":[{"taxonomy":"post_tag","embeddable":true,"href":"https:\/\/fundacioncarf.org\/pt\/wp-json\/wp\/v2\/tags?post=181921"},{"taxonomy":"pcatd","embeddable":true,"href":"https:\/\/fundacioncarf.org\/pt\/wp-json\/wp\/v2\/pcatd?post=181921"},{"taxonomy":"cantidad","embeddable":true,"href":"https:\/\/fundacioncarf.org\/pt\/wp-json\/wp\/v2\/cantidad?post=181921"},{"taxonomy":"continente","embeddable":true,"href":"https:\/\/fundacioncarf.org\/pt\/wp-json\/wp\/v2\/continente?post=181921"},{"taxonomy":"estadobeca","embeddable":true,"href":"https:\/\/fundacioncarf.org\/pt\/wp-json\/wp\/v2\/estadobeca?post=181921"}],"curies":[{"name":"wp","href":"https:\/\/api.w.org\/{rel}","templated":true}]}}

Théogène Ndagijimana

<p><span style="font-weight: 400;">Don <strong>Théogène Ndagijimana</strong> vem do Ruanda e é um sacerdote da Diocese de Nyundo. Ele descobriu a sua vocação graças à sua família e está a estudar na Universidade Pontifícia da Santa Cruz em Roma.</span></p>
<p><span style="font-weight: 400;">"Eu sou Théogène Ndagijimana, sacerdote diocesano da Diocese de Nyundo no Ruanda (África). Nasci a 11 de Julho de 1988 em Bwishyura-Karongi, Ruanda, e cresci na mesma região. Não tenho dúvidas de que a educação cristã que recebi na minha família é a raiz principal da minha vocação sacerdotal. Contudo, toda a vida não dura sem ser nutrida, por isso a minha vida cristã foi nutrida pela participação na Missa e nas orações familiares que tínhamos em casa. </span></p>
<p><span style="font-weight: 400;">Depois da minha primeira </span><span style="font-weight: 400;">comunhão</span><span style="font-weight: 400;">Eu comecei a servir na missa como acólito. Isto ajudou-me a observar os padres da nossa paróquia, que fizeram o seu melhor para trazer esperança à comunidade ferida pelo genocídio contra os Tutsis em 1994. Ao ver os padres a darem-se desta forma, enquanto alguns ficaram órfãos e testemunharam a morte dos seus entes queridos da forma mais atroz, perguntei-me como é que eu também iria contribuir para esta obra de Deus para trazer de volta a vida a uma sociedade tão ferida como a nossa.</span></p>
<p><span style="font-weight: 400;">Depois da escola primária, tive a oportunidade de entrar no seminário menor, onde tive tempo suficiente para meditar sobre a minha vocação, rezar e observar. No final dos meus estudos no seminário menor, escrevi uma carta de candidatura ao nosso bispo para entrar no seminário maior. Após um ano, ele respondeu positivamente.</span></p>
<p><span style="font-weight: 400;">Durante o meu tempo no seminário maior, passei as minhas férias em muitas paróquias e lá também aprendi muito sobre o ministério que me esperava. Como pode ver, muitas coisas têm contribuído para alimentar e fortalecer a minha vocação.</span></p>
<p><span style="font-weight: 400;">Somos todos membros do mesmo Corpo e por isso quero agradecer aos benfeitores que tanto nos ajudam. Gostaria também de lhe pedir que reze por mim, para que eu possa ser fiel e servir o Senhor nesta difícil tarefa de reconciliação no meu país.</span></p>

<p>Don Théogène Ndagijimana viene de Ruanda y es sacerdote de la Diócesis de Nyundo. Descubrió la vocación gracias a la familia y está estudiando en la Pontificia Universidad de la Santa Cruz, en Roma. «Soy Théogène Ndagijimana, sacerdote diocesano de la Diócesis de Nyundo en Ruanda (África). Nací el 11 de julio de 1988 en [&hellip;]</p>
