{"id":181742,"date":"2023-05-15T20:58:18","date_gmt":"2023-05-15T18:58:18","guid":{"rendered":"https:\/\/staging.fundacioncarf.org\/colabora\/pon-cara-a-tu-donativo\/juan-armando-mendez-sosa\/"},"modified":"2025-08-26T14:59:07","modified_gmt":"2025-08-26T12:59:07","slug":"juan-armando-mendez-sosa","status":"publish","type":"candidatos","link":"https:\/\/fundacioncarf.org\/pt\/colabora\/pon-cara-a-tu-donativo\/juan-armando-mendez-sosa\/","title":{"rendered":"Juan Armando M\u00e9ndez Sosa"},"content":{"rendered":"<p><span style=\"font-weight: 400;\">Juan Armando M\u00e9ndez Sosa \u00e9 um sacerdote da Arquidiocese de Puebla, no M\u00e9xico.<\/span><\/p>\n<p><span style=\"font-weight: 400;\">\"H\u00e1 seis anos que sigo o Senhor no semin\u00e1rio e estou a confirmar cada vez mais o apelo que Deus me fez e a fortalecer a minha resposta a este apelo divino no qual desejo de todo o cora\u00e7\u00e3o tentar ser o mais generoso poss\u00edvel e ser capaz de me configurar cada vez mais a Jesus Cristo, servo, mestre, pastor e esposo da Igreja.<\/span><\/p>\n<p><span style=\"font-weight: 400;\">O Senhor quer que eu seja um padre, quer que eu esteja cheio, quer que eu seja feliz e, acima de tudo, quer que eu seja um santo.<\/span><\/p>\n<p><span style=\"font-weight: 400;\">Tenho notado como Ele est\u00e1 trabalhando progressivamente em mim atrav\u00e9s da Sua gra\u00e7a e do Esp\u00edrito Santo na forma\u00e7\u00e3o que estou recebendo para me fazer cada vez mais parecido com Ele.<\/span><\/p>\n<p><span style=\"font-weight: 400;\">Nunca imaginei que a forma\u00e7\u00e3o em Bidasoa fosse capaz de fazer em mim, desenvolver os meus talentos e coloc\u00e1-los ao servi\u00e7o dos outros, amadurecer humana e espiritualmente, a s\u00f3lida forma\u00e7\u00e3o intelectual e aqueles grandes desejos de santidade que tenho.<\/span><\/p>\n<p><span style=\"font-weight: 400;\">A forma\u00e7\u00e3o \u00e9 permanente, os seres humanos s\u00e3o seres inacabados e todos os dias aprendemos coisas novas e crescemos em diferentes dimens\u00f5es\".<\/span><\/p>\n<p><span style=\"font-weight: 400;\">\"Voc\u00ea deve estar seguro das minhas ora\u00e7\u00f5es e eu imploro-lhe que n\u00e3o pare de rezar por mim.<\/span><\/p>\n<p><span style=\"font-weight: 400;\">Agrade\u00e7o-vos de todo o cora\u00e7\u00e3o e infinitamente por todo o bem que fazeis com o vosso apoio a Deus e \u00e0 Igreja. Pe\u00e7o a Deus a gra\u00e7a de retribuir fazendo tudo o que estiver ao meu alcance para aproveitar ao m\u00e1ximo esta oportunidade de ser bem formado.<\/span><\/p>","protected":false},"excerpt":{"rendered":"<p>Juan Armando M\u00e9ndez Sosa es un sacerdote de la arquidi\u00f3cesis de Puebla en M\u00e9xico. \u00abLlevo diez a\u00f1os de seguimiento al Se\u00f1or dentro del seminario y cada vez m\u00e1s voy confirmando el llamado que Dios me ha hecho y afianzando mi respuesta a esa llamada divina en la que deseo con todo mi coraz\u00f3n tratar de [&hellip;]<\/p>\n","protected":false},"featured_media":0,"menu_order":0,"template":"","format":"standard","meta":{"_acf_changed":false,"give_campaign_id":0,"footnotes":""},"tags":[120],"pcatd":[],"cantidad":[],"continente":[],"estadobeca":[3],"class_list":["post-181742","candidatos","type-candidatos","status-publish","format-standard","hentry","tag-sacerdote","estadobeca-en-curso"],"acf":[],"_links":{"self":[{"href":"https:\/\/fundacioncarf.org\/pt\/wp-json\/wp\/v2\/candidatos\/181742","targetHints":{"allow":["GET"]}}],"collection":[{"href":"https:\/\/fundacioncarf.org\/pt\/wp-json\/wp\/v2\/candidatos"}],"about":[{"href":"https:\/\/fundacioncarf.org\/pt\/wp-json\/wp\/v2\/types\/candidatos"}],"version-history":[{"count":3,"href":"https:\/\/fundacioncarf.org\/pt\/wp-json\/wp\/v2\/candidatos\/181742\/revisions"}],"predecessor-version":[{"id":223596,"href":"https:\/\/fundacioncarf.org\/pt\/wp-json\/wp\/v2\/candidatos\/181742\/revisions\/223596"}],"wp:attachment":[{"href":"https:\/\/fundacioncarf.org\/pt\/wp-json\/wp\/v2\/media?parent=181742"}],"wp:term":[{"taxonomy":"post_tag","embeddable":true,"href":"https:\/\/fundacioncarf.org\/pt\/wp-json\/wp\/v2\/tags?post=181742"},{"taxonomy":"pcatd","embeddable":true,"href":"https:\/\/fundacioncarf.org\/pt\/wp-json\/wp\/v2\/pcatd?post=181742"},{"taxonomy":"cantidad","embeddable":true,"href":"https:\/\/fundacioncarf.org\/pt\/wp-json\/wp\/v2\/cantidad?post=181742"},{"taxonomy":"continente","embeddable":true,"href":"https:\/\/fundacioncarf.org\/pt\/wp-json\/wp\/v2\/continente?post=181742"},{"taxonomy":"estadobeca","embeddable":true,"href":"https:\/\/fundacioncarf.org\/pt\/wp-json\/wp\/v2\/estadobeca?post=181742"}],"curies":[{"name":"wp","href":"https:\/\/api.w.org\/{rel}","templated":true}]}}

Juan Armando Méndez Sosa

<p><span style="font-weight: 400;">Juan Armando Méndez Sosa é um sacerdote da Arquidiocese de Puebla, no México.</span></p>
<p><span style="font-weight: 400;">"Há seis anos que sigo o Senhor no seminário e estou a confirmar cada vez mais o apelo que Deus me fez e a fortalecer a minha resposta a este apelo divino no qual desejo de todo o coração tentar ser o mais generoso possível e ser capaz de me configurar cada vez mais a Jesus Cristo, servo, mestre, pastor e esposo da Igreja.</span></p>
<p><span style="font-weight: 400;">O Senhor quer que eu seja um padre, quer que eu esteja cheio, quer que eu seja feliz e, acima de tudo, quer que eu seja um santo.</span></p>
<p><span style="font-weight: 400;">Tenho notado como Ele está trabalhando progressivamente em mim através da Sua graça e do Espírito Santo na formação que estou recebendo para me fazer cada vez mais parecido com Ele.</span></p>
<p><span style="font-weight: 400;">Nunca imaginei que a formação em Bidasoa fosse capaz de fazer em mim, desenvolver os meus talentos e colocá-los ao serviço dos outros, amadurecer humana e espiritualmente, a sólida formação intelectual e aqueles grandes desejos de santidade que tenho.</span></p>
<p><span style="font-weight: 400;">A formação é permanente, os seres humanos são seres inacabados e todos os dias aprendemos coisas novas e crescemos em diferentes dimensões".</span></p>
<p><span style="font-weight: 400;">"Você deve estar seguro das minhas orações e eu imploro-lhe que não pare de rezar por mim.</span></p>
<p><span style="font-weight: 400;">Agradeço-vos de todo o coração e infinitamente por todo o bem que fazeis com o vosso apoio a Deus e à Igreja. Peço a Deus a graça de retribuir fazendo tudo o que estiver ao meu alcance para aproveitar ao máximo esta oportunidade de ser bem formado.</span></p>

<p>Juan Armando Méndez Sosa es un sacerdote de la arquidiócesis de Puebla en México. «Llevo diez años de seguimiento al Señor dentro del seminario y cada vez más voy confirmando el llamado que Dios me ha hecho y afianzando mi respuesta a esa llamada divina en la que deseo con todo mi corazón tratar de [&hellip;]</p>
