{"id":181602,"date":"2023-05-15T20:53:29","date_gmt":"2023-05-15T18:53:29","guid":{"rendered":"https:\/\/staging.fundacioncarf.org\/colabora\/pon-cara-a-tu-donativo\/jesus-jaime-melean-bravo\/"},"modified":"2025-07-29T15:50:28","modified_gmt":"2025-07-29T13:50:28","slug":"jesus-jaime-melean-bravo","status":"publish","type":"candidatos","link":"https:\/\/fundacioncarf.org\/pt\/colabora\/pon-cara-a-tu-donativo\/jesus-jaime-melean-bravo\/","title":{"rendered":"Jes\u00fas Jaime Mele\u00e1n Bravo"},"content":{"rendered":"<p><span style=\"font-weight: 400;\">Jes\u00fas Mele\u00e1n \u00e9 um seminarista da diocese de Cabimas na Venezuela.<\/span><\/p>\n<p><span style=\"font-weight: 400;\">Na sua fam\u00edlia, apesar de ser uma fam\u00edlia cat\u00f3lica, poucos est\u00e3o empenhados: a maioria n\u00e3o frequenta a igreja regularmente. Jesus tamb\u00e9m fazia parte dessa maioria, s\u00f3 comparecendo quando era uma missa para um parente falecido ou uma ac\u00e7\u00e3o de gra\u00e7as de anivers\u00e1rio.<\/span><\/p>\n<p><span style=\"font-weight: 400;\">Depois de experimentar um programa dos Encontros da Fam\u00edlia Venezuelana, dedicado aos jovens e \u00e0 fam\u00edlia, ele sentiu que Deus o chamava a mudar a sua vida, a procur\u00e1-lo e a encontrar cada membro da sua fam\u00edlia atrav\u00e9s do amor de Deus.<\/span><\/p>\n<p><span style=\"font-weight: 400;\">\"A partir daquele momento comecei a comprometer-me com a igreja, e pouco a pouco, sem me aperceber, estava cheio de compromissos e a servir a Deus de todas as maneiras que podia. Ao mesmo tempo, eu estava a terminar o meu curso universit\u00e1rio, e estive numa rela\u00e7\u00e3o de namoro durante anos, com s\u00e9rios planos para o casamento. <\/span><\/p>\n<p><span style=\"font-weight: 400;\">Terminei os meus estudos universit\u00e1rios, licenciei-me em Comunica\u00e7\u00e3o Social e comecei imediatamente a trabalhar numa esta\u00e7\u00e3o de televis\u00e3o regional, onde me sa\u00ed muito bem desde o primeiro momento, tornando-se o moderador da emiss\u00e3o principal do programa noticioso.\u00a0<\/span><\/p>\n<p><span style=\"font-weight: 400;\">No meu grupo de apostolado, fui eleito como Coordenador Regional do programa onde eu vivia. Isto levou-me a assumir compromissos ao servi\u00e7o de Deus, que eu desfrutei e cumpri. Foi precisamente isto que me levou a assumir mais servi\u00e7os na minha par\u00f3quia, ao ponto de, a partir do meu trabalho, chegar \u00e0 par\u00f3quia e ir para casa sozinho para dormir. Embora isto me tenha cansado, eu n\u00e3o me importei: eu queria servir cada vez mais.<\/span><\/p>\n<p><span style=\"font-weight: 400;\">Foi quando comecei a sentir que faltava algo, que estava a fazer tudo o que gostava, mas senti que Deus queria mais de mim, que eu podia dar mais. <\/span><\/p>\n<p><span style=\"font-weight: 400;\">Naquela altura senti que o meu trabalho n\u00e3o me estava a realizar ao m\u00e1ximo, s\u00f3 pensava em partir para ir servir na igreja. Comecei a ter problemas na minha rela\u00e7\u00e3o de namoro, onde n\u00e3o me sentia realizado e houve muitos problemas que terminaram com a ruptura da rela\u00e7\u00e3o. <\/span><\/p>\n<p><span style=\"font-weight: 400;\">Tudo isto me levou a perguntar a mim mesmo o que Deus realmente queria de mim. Com a ajuda do meu director espiritual comecei o meu processo de discernimento, e quanto mais me aprofundava em mim, mais sentia que Deus me chamava a algo grande, chamava-me a dar tudo, a deixar tudo por Ele.\u00a0<\/span><\/p>\n<p><span style=\"font-weight: 400;\">O pr\u00f3prio pensamento disso encheu-me de medo, de medo, de nega\u00e7\u00e3o, o que me levou a ignorar completamente tudo o que estava a sentir, queria fazer ouvidos de mercador a tudo o que se passava \u00e0 minha volta. <\/span><\/p>\n<p><span style=\"font-weight: 400;\">Isto levou-me a experimentar uma secura espiritual, onde me sentia mal, desarticulado dentro da igreja, na altura em que procurava encontrar o lugar onde me sentia bem, tomei a decis\u00e3o de deixar o meu emprego e encontrar outro, onde s\u00f3 durou 1 m\u00eas, e me demiti novamente.<\/span><\/p>\n<p><span style=\"font-weight: 400;\">Foi mesmo numa vig\u00edlia de Pentecostes, onde na altura da adora\u00e7\u00e3o, na minha ora\u00e7\u00e3o, pedi a Deus que me perdoasse por fingir ser surdo, por fingir viver de costas voltadas para Ele.\u00a0<\/span><\/p>\n<p><span style=\"font-weight: 400;\">Naquele momento comecei a sentir novamente tudo o que n\u00e3o sentia h\u00e1 muito tempo, aquele chamamento no meu cora\u00e7\u00e3o, aquela voz que me dizia: Vem e segue-me, naquele momento levantei-me e disse Sim, eu queria come\u00e7ar o meu processo no semin\u00e1rio, porque me senti chamado a essa voca\u00e7\u00e3o.<\/span><\/p>\n<p><span style=\"font-weight: 400;\">A partir desse momento, o processo com a minha fam\u00edlia come\u00e7ou. N\u00e3o foi f\u00e1cil para eles aceitarem a minha decis\u00e3o, mas Deus sabia como colocar pessoas no meu caminho que me deram for\u00e7a para o momento que eu estava a viver e tamb\u00e9m tocar os seus cora\u00e7\u00f5es para que eles pudessem aceitar a minha decis\u00e3o.\u00a0<\/span><\/p>\n<p><span style=\"font-weight: 400;\">Estudei filosofia no Semin\u00e1rio Arquidiocesano de Maracaibo, na Venezuela, e quando estava a come\u00e7ar os meus estudos teol\u00f3gicos, o meu bispo decidiu que por causa da minha forma\u00e7\u00e3o eu deveria terminar os meus estudos aqui em Espanha, especificamente no Semin\u00e1rio Internacional de Bidasoa e na Universidade de Navarra. <\/span><\/p>\n<p><span style=\"font-weight: 400;\">Enfrentar essa situa\u00e7\u00e3o significava renovar o meu Sim, separar-me completamente da minha fam\u00edlia e come\u00e7ar esta nova aventura, mas sem d\u00favida Deus tinha grandes coisas reservadas para mim neste lado do mundo.<\/span><\/p>","protected":false},"excerpt":{"rendered":"<p>Jes\u00fas Mele\u00e1n es un seminarista de la di\u00f3cesis de Cabimas, en Venezuela. En su familia, a pesar de ser una familia cat\u00f3lica, son pocos los que est\u00e1n comprometidos: la mayor\u00eda no asisten asiduamente a la iglesia. Jes\u00fas tambi\u00e9n era parte de esa mayor\u00eda, solo asist\u00eda cuando era una misa de alg\u00fan familiar difunto o de [&hellip;]<\/p>\n","protected":false},"featured_media":0,"menu_order":0,"template":"","format":"standard","meta":{"_acf_changed":false,"give_campaign_id":0,"footnotes":""},"tags":[121],"pcatd":[],"cantidad":[],"continente":[],"estadobeca":[3],"class_list":["post-181602","candidatos","type-candidatos","status-publish","format-standard","hentry","tag-seminarista","estadobeca-en-curso"],"acf":[],"_links":{"self":[{"href":"https:\/\/fundacioncarf.org\/pt\/wp-json\/wp\/v2\/candidatos\/181602","targetHints":{"allow":["GET"]}}],"collection":[{"href":"https:\/\/fundacioncarf.org\/pt\/wp-json\/wp\/v2\/candidatos"}],"about":[{"href":"https:\/\/fundacioncarf.org\/pt\/wp-json\/wp\/v2\/types\/candidatos"}],"version-history":[{"count":1,"href":"https:\/\/fundacioncarf.org\/pt\/wp-json\/wp\/v2\/candidatos\/181602\/revisions"}],"predecessor-version":[{"id":220204,"href":"https:\/\/fundacioncarf.org\/pt\/wp-json\/wp\/v2\/candidatos\/181602\/revisions\/220204"}],"wp:attachment":[{"href":"https:\/\/fundacioncarf.org\/pt\/wp-json\/wp\/v2\/media?parent=181602"}],"wp:term":[{"taxonomy":"post_tag","embeddable":true,"href":"https:\/\/fundacioncarf.org\/pt\/wp-json\/wp\/v2\/tags?post=181602"},{"taxonomy":"pcatd","embeddable":true,"href":"https:\/\/fundacioncarf.org\/pt\/wp-json\/wp\/v2\/pcatd?post=181602"},{"taxonomy":"cantidad","embeddable":true,"href":"https:\/\/fundacioncarf.org\/pt\/wp-json\/wp\/v2\/cantidad?post=181602"},{"taxonomy":"continente","embeddable":true,"href":"https:\/\/fundacioncarf.org\/pt\/wp-json\/wp\/v2\/continente?post=181602"},{"taxonomy":"estadobeca","embeddable":true,"href":"https:\/\/fundacioncarf.org\/pt\/wp-json\/wp\/v2\/estadobeca?post=181602"}],"curies":[{"name":"wp","href":"https:\/\/api.w.org\/{rel}","templated":true}]}}

Jesús Jaime Meleán Bravo

<p><span style="font-weight: 400;">Jesús Meleán é um seminarista da diocese de Cabimas na Venezuela.</span></p>
<p><span style="font-weight: 400;">Na sua família, apesar de ser uma família católica, poucos estão empenhados: a maioria não frequenta a igreja regularmente. Jesus também fazia parte dessa maioria, só comparecendo quando era uma missa para um parente falecido ou uma acção de graças de aniversário.</span></p>
<p><span style="font-weight: 400;">Depois de experimentar um programa dos Encontros da Família Venezuelana, dedicado aos jovens e à família, ele sentiu que Deus o chamava a mudar a sua vida, a procurá-lo e a encontrar cada membro da sua família através do amor de Deus.</span></p>
<p><span style="font-weight: 400;">"A partir daquele momento comecei a comprometer-me com a igreja, e pouco a pouco, sem me aperceber, estava cheio de compromissos e a servir a Deus de todas as maneiras que podia. Ao mesmo tempo, eu estava a terminar o meu curso universitário, e estive numa relação de namoro durante anos, com sérios planos para o casamento. </span></p>
<p><span style="font-weight: 400;">Terminei os meus estudos universitários, licenciei-me em Comunicação Social e comecei imediatamente a trabalhar numa estação de televisão regional, onde me saí muito bem desde o primeiro momento, tornando-se o moderador da emissão principal do programa noticioso. </span></p>
<p><span style="font-weight: 400;">No meu grupo de apostolado, fui eleito como Coordenador Regional do programa onde eu vivia. Isto levou-me a assumir compromissos ao serviço de Deus, que eu desfrutei e cumpri. Foi precisamente isto que me levou a assumir mais serviços na minha paróquia, ao ponto de, a partir do meu trabalho, chegar à paróquia e ir para casa sozinho para dormir. Embora isto me tenha cansado, eu não me importei: eu queria servir cada vez mais.</span></p>
<p><span style="font-weight: 400;">Foi quando comecei a sentir que faltava algo, que estava a fazer tudo o que gostava, mas senti que Deus queria mais de mim, que eu podia dar mais. </span></p>
<p><span style="font-weight: 400;">Naquela altura senti que o meu trabalho não me estava a realizar ao máximo, só pensava em partir para ir servir na igreja. Comecei a ter problemas na minha relação de namoro, onde não me sentia realizado e houve muitos problemas que terminaram com a ruptura da relação. </span></p>
<p><span style="font-weight: 400;">Tudo isto me levou a perguntar a mim mesmo o que Deus realmente queria de mim. Com a ajuda do meu director espiritual comecei o meu processo de discernimento, e quanto mais me aprofundava em mim, mais sentia que Deus me chamava a algo grande, chamava-me a dar tudo, a deixar tudo por Ele. </span></p>
<p><span style="font-weight: 400;">O próprio pensamento disso encheu-me de medo, de medo, de negação, o que me levou a ignorar completamente tudo o que estava a sentir, queria fazer ouvidos de mercador a tudo o que se passava à minha volta. </span></p>
<p><span style="font-weight: 400;">Isto levou-me a experimentar uma secura espiritual, onde me sentia mal, desarticulado dentro da igreja, na altura em que procurava encontrar o lugar onde me sentia bem, tomei a decisão de deixar o meu emprego e encontrar outro, onde só durou 1 mês, e me demiti novamente.</span></p>
<p><span style="font-weight: 400;">Foi mesmo numa vigília de Pentecostes, onde na altura da adoração, na minha oração, pedi a Deus que me perdoasse por fingir ser surdo, por fingir viver de costas voltadas para Ele. </span></p>
<p><span style="font-weight: 400;">Naquele momento comecei a sentir novamente tudo o que não sentia há muito tempo, aquele chamamento no meu coração, aquela voz que me dizia: Vem e segue-me, naquele momento levantei-me e disse Sim, eu queria começar o meu processo no seminário, porque me senti chamado a essa vocação.</span></p>
<p><span style="font-weight: 400;">A partir desse momento, o processo com a minha família começou. Não foi fácil para eles aceitarem a minha decisão, mas Deus sabia como colocar pessoas no meu caminho que me deram força para o momento que eu estava a viver e também tocar os seus corações para que eles pudessem aceitar a minha decisão. </span></p>
<p><span style="font-weight: 400;">Estudei filosofia no Seminário Arquidiocesano de Maracaibo, na Venezuela, e quando estava a começar os meus estudos teológicos, o meu bispo decidiu que por causa da minha formação eu deveria terminar os meus estudos aqui em Espanha, especificamente no Seminário Internacional de Bidasoa e na Universidade de Navarra. </span></p>
<p><span style="font-weight: 400;">Enfrentar essa situação significava renovar o meu Sim, separar-me completamente da minha família e começar esta nova aventura, mas sem dúvida Deus tinha grandes coisas reservadas para mim neste lado do mundo.</span></p>

<p>Jesús Meleán es un seminarista de la diócesis de Cabimas, en Venezuela. En su familia, a pesar de ser una familia católica, son pocos los que están comprometidos: la mayoría no asisten asiduamente a la iglesia. Jesús también era parte de esa mayoría, solo asistía cuando era una misa de algún familiar difunto o de [&hellip;]</p>
