{"id":190662,"date":"2023-09-12T16:45:52","date_gmt":"2023-09-12T14:45:52","guid":{"rendered":"https:\/\/staging.fundacioncarf.org\/?post_type=candidatos&#038;p=190662"},"modified":"2025-08-26T09:04:11","modified_gmt":"2025-08-26T07:04:11","slug":"dani-alexander-guerrero-payano","status":"publish","type":"candidatos","link":"https:\/\/fundacioncarf.org\/pl\/colabora\/pon-cara-a-tu-donativo\/dani-alexander-guerrero-payano\/","title":{"rendered":"Dani Alexander Guerrero Payano"},"content":{"rendered":"<p>\"Witam, jestem seminarzyst\u0105 Dani Alexander Guerrero Payano, mam 28 lat, jestem trzecim z pi\u0119ciorga rodze\u0144stwa, moi rodzice to Altagracia Payano i Daniel Guerrero.<\/p>\n\n\n\n<p>Urodzi\u0142em si\u0119 w La Romana, prowincji Republiki Dominika\u0144skiej i od czwartego roku \u017cycia mieszka\u0142em w Higuey, a\u017c do wst\u0105pienia do Wy\u017cszego Seminarium Duchownego. Uko\u0144czy\u0142em szko\u0142\u0119 podstawow\u0105 w Villa Hotencia i w szkole Eusebio Cedano, a nast\u0119pnie szko\u0142\u0119 \u015bredni\u0105 w Liceo Geraldo Jansen. <\/p>\n\n\n\n<p>W wieku 17 lat rozpocz\u0105\u0142em studia pedagogiczne na kierunku matematyka i fizyka, kt\u00f3re uko\u0144czy\u0142em w wieku 22 lat. Po roku pracy jako nauczyciel w Kolegium Chrze\u015bcija\u0144skim Morada de Sabidur\u00eda zdecydowa\u0142em si\u0119 wst\u0105pi\u0107 do seminarium, gdzie sp\u0119dzi\u0142em rok w seminarium ni\u017cszym i dwa lata w seminarium wy\u017cszym. <\/p>\n\n\n\n<p>Nast\u0119pnie zosta\u0142em wybrany do kontynuowania szkolenia w CEI Bidasoa w Hiszpanii, gdzie jestem teraz. Lubi\u0119 uprawia\u0107 sport, mie\u0107 dobre relacje z moimi towarzyszami i s\u0142u\u017cy\u0107 innym. Jestem bardzo szcz\u0119\u015bliwy, \u017ce B\u00f3g powo\u0142a\u0142 mnie do bycia ksi\u0119dzem. Moja diecezja nazywa si\u0119 Nuestra Se\u00f1ora de la Altagracia, znajduje si\u0119 na wschodzie kraju i sk\u0142ada si\u0119 z prowincji: La Altagracia, La Romana i El Seibo. Moja parafia nazywa si\u0119 Santa Ana i znajduje si\u0119 w prowincji Altagracia w gminie Higuey, a moim proboszczem jest ksi\u0105dz Sergio Cordero. <\/p>\n\n\n\n<p>Jestem bardzo wdzi\u0119czny za spos\u00f3b, w jaki zosta\u0142em potraktowany w mojej diecezji i z Bo\u017c\u0105 pomoc\u0105 b\u0119dziemy nadal si\u0119 rozwija\u0107, aby zwi\u0119kszy\u0107 liczb\u0119 os\u00f3b powo\u0142anych do Jego Kr\u00f3lestwa \".<\/p>","protected":false},"excerpt":{"rendered":"<p>\u00abHola, soy el seminarista Dani Alexander Guerrero Payano, tengo 28 a\u00f1os de edad, soy el tercero de cinco hermanos, mis padres se llaman Altagracia Payano y Daniel Guerrero. Nac\u00ed en La Romana, provincia de la Rep\u00fablica Dominicana y desde los cuatros a\u00f1os viv\u00ed en Higuey hasta entrar al seminario mayor. Realic\u00e9 mis estudios primarios en [&hellip;]<\/p>\n","protected":false},"featured_media":0,"menu_order":0,"template":"","format":"standard","meta":{"_acf_changed":false,"give_campaign_id":0,"footnotes":""},"tags":[120,121],"pcatd":[],"cantidad":[],"continente":[],"estadobeca":[3],"class_list":["post-190662","candidatos","type-candidatos","status-publish","format-standard","hentry","tag-sacerdote","tag-seminarista","estadobeca-en-curso"],"acf":[],"_links":{"self":[{"href":"https:\/\/fundacioncarf.org\/pl\/wp-json\/wp\/v2\/candidatos\/190662","targetHints":{"allow":["GET"]}}],"collection":[{"href":"https:\/\/fundacioncarf.org\/pl\/wp-json\/wp\/v2\/candidatos"}],"about":[{"href":"https:\/\/fundacioncarf.org\/pl\/wp-json\/wp\/v2\/types\/candidatos"}],"version-history":[{"count":9,"href":"https:\/\/fundacioncarf.org\/pl\/wp-json\/wp\/v2\/candidatos\/190662\/revisions"}],"predecessor-version":[{"id":223418,"href":"https:\/\/fundacioncarf.org\/pl\/wp-json\/wp\/v2\/candidatos\/190662\/revisions\/223418"}],"wp:attachment":[{"href":"https:\/\/fundacioncarf.org\/pl\/wp-json\/wp\/v2\/media?parent=190662"}],"wp:term":[{"taxonomy":"post_tag","embeddable":true,"href":"https:\/\/fundacioncarf.org\/pl\/wp-json\/wp\/v2\/tags?post=190662"},{"taxonomy":"pcatd","embeddable":true,"href":"https:\/\/fundacioncarf.org\/pl\/wp-json\/wp\/v2\/pcatd?post=190662"},{"taxonomy":"cantidad","embeddable":true,"href":"https:\/\/fundacioncarf.org\/pl\/wp-json\/wp\/v2\/cantidad?post=190662"},{"taxonomy":"continente","embeddable":true,"href":"https:\/\/fundacioncarf.org\/pl\/wp-json\/wp\/v2\/continente?post=190662"},{"taxonomy":"estadobeca","embeddable":true,"href":"https:\/\/fundacioncarf.org\/pl\/wp-json\/wp\/v2\/estadobeca?post=190662"}],"curies":[{"name":"wp","href":"https:\/\/api.w.org\/{rel}","templated":true}]}}

<p>"Witam, jestem seminarzystą Dani Alexander Guerrero Payano, mam 28 lat, jestem trzecim z pięciorga rodzeństwa, moi rodzice to Altagracia Payano i Daniel Guerrero.</p>



<p>Urodziłem się w La Romana, prowincji Republiki Dominikańskiej i od czwartego roku życia mieszkałem w Higuey, aż do wstąpienia do Wyższego Seminarium Duchownego. Ukończyłem szkołę podstawową w Villa Hotencia i w szkole Eusebio Cedano, a następnie szkołę średnią w Liceo Geraldo Jansen. </p>



<p>W wieku 17 lat rozpocząłem studia pedagogiczne na kierunku matematyka i fizyka, które ukończyłem w wieku 22 lat. Po roku pracy jako nauczyciel w Kolegium Chrześcijańskim Morada de Sabiduría zdecydowałem się wstąpić do seminarium, gdzie spędziłem rok w seminarium niższym i dwa lata w seminarium wyższym. </p>



<p>Następnie zostałem wybrany do kontynuowania szkolenia w CEI Bidasoa w Hiszpanii, gdzie jestem teraz. Lubię uprawiać sport, mieć dobre relacje z moimi towarzyszami i służyć innym. Jestem bardzo szczęśliwy, że Bóg powołał mnie do bycia księdzem. Moja diecezja nazywa się Nuestra Señora de la Altagracia, znajduje się na wschodzie kraju i składa się z prowincji: La Altagracia, La Romana i El Seibo. Moja parafia nazywa się Santa Ana i znajduje się w prowincji Altagracia w gminie Higuey, a moim proboszczem jest ksiądz Sergio Cordero. </p>



<p>Jestem bardzo wdzięczny za sposób, w jaki zostałem potraktowany w mojej diecezji i z Bożą pomocą będziemy nadal się rozwijać, aby zwiększyć liczbę osób powołanych do Jego Królestwa ".</p>

<p>«Hola, soy el seminarista Dani Alexander Guerrero Payano, tengo 28 años de edad, soy el tercero de cinco hermanos, mis padres se llaman Altagracia Payano y Daniel Guerrero. Nací en La Romana, provincia de la República Dominicana y desde los cuatros años viví en Higuey hasta entrar al seminario mayor. Realicé mis estudios primarios en [&hellip;]</p>
