{"id":181742,"date":"2023-05-15T20:58:18","date_gmt":"2023-05-15T18:58:18","guid":{"rendered":"https:\/\/staging.fundacioncarf.org\/colabora\/pon-cara-a-tu-donativo\/juan-armando-mendez-sosa\/"},"modified":"2025-08-26T14:59:07","modified_gmt":"2025-08-26T12:59:07","slug":"juan-armando-mendez-sosa","status":"publish","type":"candidatos","link":"https:\/\/fundacioncarf.org\/pl\/colabora\/pon-cara-a-tu-donativo\/juan-armando-mendez-sosa\/","title":{"rendered":"Juan Armando M\u00e9ndez Sosa"},"content":{"rendered":"<p><span style=\"font-weight: 400;\">Juan Armando M\u00e9ndez Sosa jest ksi\u0119dzem archidiecezji Puebla w Meksyku.<\/span><\/p>\n<p><span style=\"font-weight: 400;\">\"Ju\u017c od sze\u015bciu lat pod\u0105\u017cam za Panem w seminarium i coraz bardziej potwierdzam powo\u0142anie, kt\u00f3re B\u00f3g mi da\u0142, i umacniam swoj\u0105 odpowied\u017a na to Bo\u017ce wezwanie, w kt\u00f3rym pragn\u0119 ca\u0142ym sercem stara\u0107 si\u0119 by\u0107 jak najhojniejszym i m\u00f3c coraz bardziej konfigurowa\u0107 si\u0119 do Jezusa Chrystusa, s\u0142ugi, nauczyciela, pastora i oblubie\u0144ca Ko\u015bcio\u0142a\".<\/span><\/p>\n<p><span style=\"font-weight: 400;\">Pan chce, \u017cebym by\u0142 ksi\u0119dzem, chce, \u017cebym by\u0142 pe\u0142ny, chce, \u017cebym by\u0142 szcz\u0119\u015bliwy, a przede wszystkim chce, \u017cebym by\u0142 \u015bwi\u0119ty.<\/span><\/p>\n<p><span style=\"font-weight: 400;\">Zauwa\u017cy\u0142am, jak On stopniowo dzia\u0142a we mnie poprzez swoj\u0105 \u0142ask\u0119 i Ducha \u015awi\u0119tego w formacji, kt\u00f3r\u0105 otrzymuj\u0119, aby uczyni\u0107 mnie coraz bardziej podobn\u0105 do Niego.<\/span><\/p>\n<p><span style=\"font-weight: 400;\">Nigdy nie wyobra\u017ca\u0142am sobie, \u017ce formacja w Bidasoa b\u0119dzie w stanie zrobi\u0107 we mnie wszystko, rozwin\u0105\u0107 moje talenty i odda\u0107 je w s\u0142u\u017cbie innym, dojrze\u0107 ludzko i duchowo, solidn\u0105 formacj\u0119 intelektualn\u0105 i te wielkie pragnienia \u015bwi\u0119to\u015bci, kt\u00f3re mam.<\/span><\/p>\n<p><span style=\"font-weight: 400;\">Szkolenie jest permanentne, cz\u0142owiek jest istot\u0105 niedoko\u0144czon\u0105 i ka\u017cdego dnia uczy si\u0119 nowych rzeczy i rozwija si\u0119 w r\u00f3\u017cnych wymiarach\".<\/span><\/p>\n<p><span style=\"font-weight: 400;\">\"Musi by\u0107 Pani pewna moich modlitw i b\u0142agam, \u017ceby nie przesta\u0142a si\u0119 Pani za mnie modli\u0107.<\/span><\/p>\n<p><span style=\"font-weight: 400;\">Z ca\u0142ego serca i bezgranicznie dzi\u0119kuj\u0119 za wszelkie dobro, kt\u00f3re czyni\u0105 Pa\u0144stwo wspieraj\u0105c Boga i Ko\u015bci\u00f3\u0142. Prosz\u0119 Boga o \u0142ask\u0119 odwzajemnienia si\u0119 poprzez uczynienie wszystkiego, co w mojej mocy, aby jak najlepiej wykorzysta\u0107 t\u0119 okazj\u0119 do bycia dobrze uformowanym.<\/span><\/p>","protected":false},"excerpt":{"rendered":"<p>Juan Armando M\u00e9ndez Sosa es un sacerdote de la arquidi\u00f3cesis de Puebla en M\u00e9xico. \u00abLlevo diez a\u00f1os de seguimiento al Se\u00f1or dentro del seminario y cada vez m\u00e1s voy confirmando el llamado que Dios me ha hecho y afianzando mi respuesta a esa llamada divina en la que deseo con todo mi coraz\u00f3n tratar de [&hellip;]<\/p>\n","protected":false},"featured_media":0,"menu_order":0,"template":"","format":"standard","meta":{"_acf_changed":false,"give_campaign_id":0,"footnotes":""},"tags":[120],"pcatd":[],"cantidad":[],"continente":[],"estadobeca":[3],"class_list":["post-181742","candidatos","type-candidatos","status-publish","format-standard","hentry","tag-sacerdote","estadobeca-en-curso"],"acf":[],"_links":{"self":[{"href":"https:\/\/fundacioncarf.org\/pl\/wp-json\/wp\/v2\/candidatos\/181742","targetHints":{"allow":["GET"]}}],"collection":[{"href":"https:\/\/fundacioncarf.org\/pl\/wp-json\/wp\/v2\/candidatos"}],"about":[{"href":"https:\/\/fundacioncarf.org\/pl\/wp-json\/wp\/v2\/types\/candidatos"}],"version-history":[{"count":3,"href":"https:\/\/fundacioncarf.org\/pl\/wp-json\/wp\/v2\/candidatos\/181742\/revisions"}],"predecessor-version":[{"id":223596,"href":"https:\/\/fundacioncarf.org\/pl\/wp-json\/wp\/v2\/candidatos\/181742\/revisions\/223596"}],"wp:attachment":[{"href":"https:\/\/fundacioncarf.org\/pl\/wp-json\/wp\/v2\/media?parent=181742"}],"wp:term":[{"taxonomy":"post_tag","embeddable":true,"href":"https:\/\/fundacioncarf.org\/pl\/wp-json\/wp\/v2\/tags?post=181742"},{"taxonomy":"pcatd","embeddable":true,"href":"https:\/\/fundacioncarf.org\/pl\/wp-json\/wp\/v2\/pcatd?post=181742"},{"taxonomy":"cantidad","embeddable":true,"href":"https:\/\/fundacioncarf.org\/pl\/wp-json\/wp\/v2\/cantidad?post=181742"},{"taxonomy":"continente","embeddable":true,"href":"https:\/\/fundacioncarf.org\/pl\/wp-json\/wp\/v2\/continente?post=181742"},{"taxonomy":"estadobeca","embeddable":true,"href":"https:\/\/fundacioncarf.org\/pl\/wp-json\/wp\/v2\/estadobeca?post=181742"}],"curies":[{"name":"wp","href":"https:\/\/api.w.org\/{rel}","templated":true}]}}

Juan Armando Méndez Sosa

<p><span style="font-weight: 400;">Juan Armando Méndez Sosa jest księdzem archidiecezji Puebla w Meksyku.</span></p>
<p><span style="font-weight: 400;">"Już od sześciu lat podążam za Panem w seminarium i coraz bardziej potwierdzam powołanie, które Bóg mi dał, i umacniam swoją odpowiedź na to Boże wezwanie, w którym pragnę całym sercem starać się być jak najhojniejszym i móc coraz bardziej konfigurować się do Jezusa Chrystusa, sługi, nauczyciela, pastora i oblubieńca Kościoła".</span></p>
<p><span style="font-weight: 400;">Pan chce, żebym był księdzem, chce, żebym był pełny, chce, żebym był szczęśliwy, a przede wszystkim chce, żebym był święty.</span></p>
<p><span style="font-weight: 400;">Zauważyłam, jak On stopniowo działa we mnie poprzez swoją łaskę i Ducha Świętego w formacji, którą otrzymuję, aby uczynić mnie coraz bardziej podobną do Niego.</span></p>
<p><span style="font-weight: 400;">Nigdy nie wyobrażałam sobie, że formacja w Bidasoa będzie w stanie zrobić we mnie wszystko, rozwinąć moje talenty i oddać je w służbie innym, dojrzeć ludzko i duchowo, solidną formację intelektualną i te wielkie pragnienia świętości, które mam.</span></p>
<p><span style="font-weight: 400;">Szkolenie jest permanentne, człowiek jest istotą niedokończoną i każdego dnia uczy się nowych rzeczy i rozwija się w różnych wymiarach".</span></p>
<p><span style="font-weight: 400;">"Musi być Pani pewna moich modlitw i błagam, żeby nie przestała się Pani za mnie modlić.</span></p>
<p><span style="font-weight: 400;">Z całego serca i bezgranicznie dziękuję za wszelkie dobro, które czynią Państwo wspierając Boga i Kościół. Proszę Boga o łaskę odwzajemnienia się poprzez uczynienie wszystkiego, co w mojej mocy, aby jak najlepiej wykorzystać tę okazję do bycia dobrze uformowanym.</span></p>

<p>Juan Armando Méndez Sosa es un sacerdote de la arquidiócesis de Puebla en México. «Llevo diez años de seguimiento al Señor dentro del seminario y cada vez más voy confirmando el llamado que Dios me ha hecho y afianzando mi respuesta a esa llamada divina en la que deseo con todo mi corazón tratar de [&hellip;]</p>
