{"id":190662,"date":"2023-09-12T16:45:52","date_gmt":"2023-09-12T14:45:52","guid":{"rendered":"https:\/\/staging.fundacioncarf.org\/?post_type=candidatos&#038;p=190662"},"modified":"2025-08-26T09:04:11","modified_gmt":"2025-08-26T07:04:11","slug":"dani-alexander-guerrero-payano","status":"publish","type":"candidatos","link":"https:\/\/fundacioncarf.org\/ja\/colabora\/pon-cara-a-tu-donativo\/dani-alexander-guerrero-payano\/","title":{"rendered":"\u30c0\u30cb\u30fb\u30a2\u30ec\u30af\u30b5\u30f3\u30c0\u30fc\u30fb\u30b2\u30ec\u30fc\u30ed\u30fb\u30d1\u30e4\u30ce"},"content":{"rendered":"<p>\u300c\u4e21\u89aa\u306f\u30a2\u30eb\u30bf\u30b0\u30e9\u30b7\u30a2\u30fb\u30d1\u30e4\u30ce\u3068\u30c0\u30cb\u30a8\u30eb\u30fb\u30b2\u30ec\u30fc\u30ed\u3067\u3059\u3002<\/p>\n\n\n\n<p>\u79c1\u306f\u30c9\u30df\u30cb\u30ab\u5171\u548c\u56fd\u306e\u30e9\u30fb\u30ed\u30de\u30fc\u30ca\u770c\u3067\u751f\u307e\u308c\u30014\u6b73\u304b\u3089\u795e\u5b66\u6821\u306b\u5165\u5b66\u3059\u308b\u307e\u3067\u30d2\u30b2\u30a4\u306b\u4f4f\u3093\u3067\u3044\u307e\u3057\u305f\u3002\u30f4\u30a3\u30e9\u30fb\u30db\u30c6\u30f3\u30b7\u30a2\u306e\u57fa\u790e\u5b66\u6821\u3068\u30a8\u30a6\u30bb\u30d3\u30aa\u30fb\u30bb\u30c0\u30fc\u30ce\u5b66\u6821\u3067\u521d\u7b49\u6559\u80b2\u3092\u53d7\u3051\u3001\u30ea\u30bb\u30aa\u30fb\u30b8\u30a7\u30e9\u30eb\u30c9\u30fb\u30e4\u30f3\u30bb\u30f3\u3067\u4e2d\u7b49\u6559\u80b2\u3092\u53d7\u3051\u307e\u3057\u305f\u3002 <\/p>\n\n\n\n<p>17\u6b73\u3067\u6570\u5b66\u3068\u7269\u7406\u5b66\u3092\u5c02\u653b\u3057\u3001\u6559\u80b2\u5b66\u306e\u5b66\u4f4d\u3092\u53d6\u5f97\u300122\u6b73\u3067\u5352\u696d\u3057\u307e\u3057\u305f\u3002\u30e2\u30e9\u30c0\u30fb\u30c7\u30fb\u30b5\u30d3\u30c9\u30a5\u30ea\u30a2\u30fb\u30ad\u30ea\u30b9\u30c8\u6559\u5927\u5b66\u30671\u5e74\u9593\u6559\u5e2b\u3092\u52d9\u3081\u305f\u5f8c\u3001\u795e\u5b66\u6821\u306b\u5165\u308b\u3053\u3068\u3092\u6c7a\u610f\u3057\u3001\u5c0f\u795e\u5b66\u6821\u30671\u5e74\u3001\u5927\u795e\u5b66\u6821\u30672\u5e74\u3092\u904e\u3054\u3057\u307e\u3057\u305f\u3002 <\/p>\n\n\n\n<p>\u305d\u306e\u5f8c\u3001\u30b9\u30da\u30a4\u30f3\u306eCEI\u30d3\u30c0\u30bd\u30a2\u3067\u30c8\u30ec\u30fc\u30cb\u30f3\u30b0\u3092\u7d9a\u3051\u308b\u3053\u3068\u306b\u306a\u308a\u3001\u4eca\u306b\u81f3\u308a\u307e\u3059\u3002\u79c1\u306f\u30b9\u30dd\u30fc\u30c4\u3092\u3059\u308b\u3053\u3068\u3001\u4ef2\u9593\u3068\u826f\u3044\u95a2\u4fc2\u3092\u6301\u3064\u3053\u3068\u3001\u4eba\u306e\u305f\u3081\u306b\u5c3d\u304f\u3059\u3053\u3068\u304c\u597d\u304d\u3067\u3059\u3002\u795e\u69d8\u306b\u53ec\u3055\u308c\u3066\u53f8\u796d\u306b\u306a\u308c\u305f\u3053\u3068\u3092\u3068\u3066\u3082\u5b09\u3057\u304f\u601d\u3063\u3066\u3044\u307e\u3059\u3002\u30e9\u30fb\u30a2\u30eb\u30bf\u30b0\u30e9\u30b7\u30a2\u3001\u30e9\u30fb\u30ed\u30de\u30fc\u30ca\u3001\u30a8\u30eb\u30fb\u30bb\u30a4\u30dc\u3067\u3059\u3002\u79c1\u306e\u5c0f\u6559\u533a\u306f\u3001\u30a2\u30eb\u30bf\u30b0\u30e9\u30b7\u30a2\u770c\u306e\u30d2\u30b2\u30a4\u3068\u3044\u3046\u81ea\u6cbb\u4f53\u306b\u3042\u308b\u30b5\u30f3\u30bf\u30fb\u30a2\u30ca\u3068\u3044\u3046\u5c0f\u6559\u533a\u3067\u3001\u5c0f\u6559\u533a\u53f8\u796d\u306f\u30bb\u30eb\u30d2\u30aa\u30fb\u30b3\u30eb\u30c7\u30ed\u795e\u7236\u3067\u3059\u3002 <\/p>\n\n\n\n<p>\u79c1\u306f\u6559\u533a\u3067\u306e\u5f85\u9047\u306b\u3068\u3066\u3082\u611f\u8b1d\u3057\u3066\u3044\u307e\u3059\u3002\u795e\u306e\u52a9\u3051\u304c\u3042\u308c\u3070\u3001\u795e\u306e\u56fd\u306b\u53ec\u3055\u308c\u305f\u4eba\u3005\u306e\u6570\u3092\u5897\u3084\u3059\u305f\u3081\u306b\u3001\u79c1\u305f\u3061\u306f\u6210\u9577\u3057\u7d9a\u3051\u308b\u3067\u3057\u3087\u3046\u300d\u3002<\/p>","protected":false},"excerpt":{"rendered":"<p>\u00abHola, soy el seminarista Dani Alexander Guerrero Payano, tengo 28 a\u00f1os de edad, soy el tercero de cinco hermanos, mis padres se llaman Altagracia Payano y Daniel Guerrero. Nac\u00ed en La Romana, provincia de la Rep\u00fablica Dominicana y desde los cuatros a\u00f1os viv\u00ed en Higuey hasta entrar al seminario mayor. Realic\u00e9 mis estudios primarios en la escuela b\u00e1sica de Villa Hotencia y Escuela Eusebio Cedano, luego curs\u00e9 mis estudios secundarios en el Liceo Geraldo Jansen. A los 17 a\u00f1os de edad inici\u00e9 la carrera en Educaci\u00f3n menci\u00f3n Matem\u00e1tica y F\u00edsica y, a los 22 a\u00f1os de edad, me gradu\u00e9 de la misma. Despu\u00e9s de un a\u00f1o de ejercicio como maestro [&hellip;]<\/p>\n","protected":false},"featured_media":0,"menu_order":0,"template":"","format":"standard","meta":{"_acf_changed":false,"give_campaign_id":0,"footnotes":""},"tags":[120,121],"pcatd":[],"cantidad":[],"continente":[],"estadobeca":[3],"class_list":["post-190662","candidatos","type-candidatos","status-publish","format-standard","hentry","tag-sacerdote","tag-seminarista","estadobeca-en-curso"],"acf":[],"_links":{"self":[{"href":"https:\/\/fundacioncarf.org\/ja\/wp-json\/wp\/v2\/candidatos\/190662","targetHints":{"allow":["GET"]}}],"collection":[{"href":"https:\/\/fundacioncarf.org\/ja\/wp-json\/wp\/v2\/candidatos"}],"about":[{"href":"https:\/\/fundacioncarf.org\/ja\/wp-json\/wp\/v2\/types\/candidatos"}],"version-history":[{"count":9,"href":"https:\/\/fundacioncarf.org\/ja\/wp-json\/wp\/v2\/candidatos\/190662\/revisions"}],"predecessor-version":[{"id":223418,"href":"https:\/\/fundacioncarf.org\/ja\/wp-json\/wp\/v2\/candidatos\/190662\/revisions\/223418"}],"wp:attachment":[{"href":"https:\/\/fundacioncarf.org\/ja\/wp-json\/wp\/v2\/media?parent=190662"}],"wp:term":[{"taxonomy":"post_tag","embeddable":true,"href":"https:\/\/fundacioncarf.org\/ja\/wp-json\/wp\/v2\/tags?post=190662"},{"taxonomy":"pcatd","embeddable":true,"href":"https:\/\/fundacioncarf.org\/ja\/wp-json\/wp\/v2\/pcatd?post=190662"},{"taxonomy":"cantidad","embeddable":true,"href":"https:\/\/fundacioncarf.org\/ja\/wp-json\/wp\/v2\/cantidad?post=190662"},{"taxonomy":"continente","embeddable":true,"href":"https:\/\/fundacioncarf.org\/ja\/wp-json\/wp\/v2\/continente?post=190662"},{"taxonomy":"estadobeca","embeddable":true,"href":"https:\/\/fundacioncarf.org\/ja\/wp-json\/wp\/v2\/estadobeca?post=190662"}],"curies":[{"name":"wp","href":"https:\/\/api.w.org\/{rel}","templated":true}]}}

ダニ・アレクサンダー・ゲレーロ・パヤノ

<p>「両親はアルタグラシア・パヤノとダニエル・ゲレーロです。</p>



<p>私はドミニカ共和国のラ・ロマーナ県で生まれ、4歳から神学校に入学するまでヒゲイに住んでいました。ヴィラ・ホテンシアの基礎学校とエウセビオ・セダーノ学校で初等教育を受け、リセオ・ジェラルド・ヤンセンで中等教育を受けました。 </p>



<p>17歳で数学と物理学を専攻し、教育学の学位を取得、22歳で卒業しました。モラダ・デ・サビドゥリア・キリスト教大学で1年間教師を務めた後、神学校に入ることを決意し、小神学校で1年、大神学校で2年を過ごしました。 </p>



<p>その後、スペインのCEIビダソアでトレーニングを続けることになり、今に至ります。私はスポーツをすること、仲間と良い関係を持つこと、人のために尽くすことが好きです。神様に召されて司祭になれたことをとても嬉しく思っています。ラ・アルタグラシア、ラ・ロマーナ、エル・セイボです。私の小教区は、アルタグラシア県のヒゲイという自治体にあるサンタ・アナという小教区で、小教区司祭はセルヒオ・コルデロ神父です。 </p>



<p>私は教区での待遇にとても感謝しています。神の助けがあれば、神の国に召された人々の数を増やすために、私たちは成長し続けるでしょう」。</p>

<p>«Hola, soy el seminarista Dani Alexander Guerrero Payano, tengo 28 años de edad, soy el tercero de cinco hermanos, mis padres se llaman Altagracia Payano y Daniel Guerrero. Nací en La Romana, provincia de la República Dominicana y desde los cuatros años viví en Higuey hasta entrar al seminario mayor. Realicé mis estudios primarios en la escuela básica de Villa Hotencia y Escuela Eusebio Cedano, luego cursé mis estudios secundarios en el Liceo Geraldo Jansen. A los 17 años de edad inicié la carrera en Educación mención Matemática y Física y, a los 22 años de edad, me gradué de la misma. Después de un año de ejercicio como maestro [&hellip;]</p>
