{"id":181742,"date":"2023-05-15T20:58:18","date_gmt":"2023-05-15T18:58:18","guid":{"rendered":"https:\/\/staging.fundacioncarf.org\/colabora\/pon-cara-a-tu-donativo\/juan-armando-mendez-sosa\/"},"modified":"2025-08-26T14:59:07","modified_gmt":"2025-08-26T12:59:07","slug":"juan-armando-mendez-sosa","status":"publish","type":"candidatos","link":"https:\/\/fundacioncarf.org\/ja\/colabora\/pon-cara-a-tu-donativo\/juan-armando-mendez-sosa\/","title":{"rendered":"\u30d5\u30a2\u30f3\u30fb\u30a2\u30eb\u30de\u30f3\u30c9\u30fb\u30e1\u30f3\u30c7\u30b9\u30fb\u30bd\u30b5"},"content":{"rendered":"<p><span style=\"font-weight: 400;\">\u30d5\u30a2\u30f3\u30fb\u30a2\u30eb\u30de\u30f3\u30c9\u30fb\u30e1\u30f3\u30c7\u30b9\u30fb\u30bd\u30fc\u30b5\u306f\u30e1\u30ad\u30b7\u30b3\u306e\u30d7\u30a8\u30d6\u30e9\u5927\u53f8\u6559\u533a\u306e\u53f8\u796d\u3002<\/span><\/p>\n<p><span style=\"font-weight: 400;\">\"\u79c1\u306f\u795e\u5b66\u6821\u306710\u5e74\u9593\u4e3b\u306b\u5f93\u3063\u3066\u304d\u307e\u3057\u305f\u304c\u3001\u795e\u304c\u79c1\u306b\u4e0e\u3048\u3066\u304f\u3060\u3055\u3063\u305f\u53ec\u547d\u3092\u307e\u3059\u307e\u3059\u78ba\u304b\u306a\u3082\u306e\u306b\u3057\u3001\u3053\u306e\u795e\u306e\u53ec\u547d\u3078\u306e\u5fdc\u7b54\u3092\u5f37\u3081\u3066\u3044\u307e\u3059\u3002<\/span><\/p>\n<p><span style=\"font-weight: 400;\">\u4e3b\u306f\u3001\u79c1\u304c\u53f8\u796d\u306b\u306a\u308b\u3053\u3068\u3001\u6e80\u8179\u306b\u306a\u308b\u3053\u3068\u3001\u5e78\u305b\u306b\u306a\u308b\u3053\u3068\u3001\u305d\u3057\u3066\u4f55\u3088\u308a\u3082\u8056\u4eba\u306b\u306a\u308b\u3053\u3068\u3092\u671b\u3093\u3067\u304a\u3089\u308c\u307e\u3059\u3002<\/span><\/p>\n<p><span style=\"font-weight: 400;\">\u79c1\u304c\u53d7\u3051\u3066\u3044\u308b\u5f62\u6210\u306e\u4e2d\u3067\u3001\u4e3b\u304c\u6075\u307f\u3068\u8056\u970a\u3092\u901a\u3057\u3066\u3001\u79c1\u3092\u307e\u3059\u307e\u3059\u4e3b\u306b\u4f3c\u305b\u3088\u3046\u3068\u3001\u5f90\u3005\u306b\u50cd\u304d\u304b\u3051\u3066\u304a\u3089\u308c\u308b\u3053\u3068\u306b\u6c17\u3065\u304d\u307e\u3057\u305f\u3002<\/span><\/p>\n<p><span style=\"font-weight: 400;\">\u30d3\u30c0\u30bd\u30a2\u3067\u306e\u7814\u4fee\u304c\u3001\u79c1\u306e\u624d\u80fd\u3092\u4f38\u3070\u3057\u3001\u305d\u308c\u3092\u4ed6\u8005\u306e\u305f\u3081\u306b\u5f79\u7acb\u3066\u308b\u3053\u3068\u3001\u4eba\u9593\u7684\u30fb\u970a\u7684\u306b\u6210\u719f\u3059\u308b\u3053\u3068\u3001\u78ba\u304b\u306a\u77e5\u7684\u5f62\u6210\u3001\u305d\u3057\u3066\u79c1\u306e\u6301\u3064\u8056\u6027\u3078\u306e\u5927\u304d\u306a\u9858\u671b\u306a\u3069\u3001\u79c1\u306b\u3067\u304d\u308b\u3053\u3068\u306e\u3059\u3079\u3066\u3092\u60f3\u50cf\u3057\u305f\u3053\u3068\u306f\u3042\u308a\u307e\u305b\u3093\u3067\u3057\u305f\u3002<\/span><\/p>\n<p><span style=\"font-weight: 400;\">\u30c8\u30ec\u30fc\u30cb\u30f3\u30b0\u306f\u6c38\u4e45\u306b\u7d9a\u304f\u3002\u4eba\u9593\u306f\u672a\u5b8c\u6210\u306e\u5b58\u5728\u3067\u3042\u308a\u3001\u6bce\u65e5\u65b0\u3057\u3044\u3053\u3068\u3092\u5b66\u3073\u3001\u7570\u306a\u308b\u6b21\u5143\u3067\u6210\u9577\u3059\u308b\u300d\u3002<\/span><\/p>\n<p><span style=\"font-weight: 400;\">\"\u79c1\u306e\u7948\u308a\u306f\u78ba\u5b9f\u306a\u3082\u306e\u3067\u3042\u308a\u3001\u3069\u3046\u304b\u79c1\u306e\u305f\u3081\u306b\u7948\u308b\u3053\u3068\u3092\u6b62\u3081\u306a\u3044\u3067\u304f\u3060\u3055\u3044\u3002<\/span><\/p>\n<p><span style=\"font-weight: 400;\">\u795e\u3068\u6559\u4f1a\u3092\u652f\u3048\u3066\u304f\u3060\u3055\u308b\u7686\u69d8\u306e\u5584\u884c\u306b\u3001\u5fc3\u304b\u3089\u3001\u305d\u3057\u3066\u9650\u308a\u306a\u304f\u611f\u8b1d\u3044\u305f\u3057\u307e\u3059\u3002\u79c1\u306f\u3001\u3053\u306e\u6a5f\u4f1a\u3092\u6700\u5927\u9650\u306b\u751f\u304b\u3057\u3001\u3088\u304f\u5f62\u6210\u3055\u308c\u308b\u3088\u3046\u5168\u529b\u3092\u5c3d\u304f\u3059\u3053\u3068\u3067\u3001\u304a\u8fd4\u3057\u3092\u3059\u308b\u6075\u307f\u3092\u795e\u306b\u6c42\u3081\u307e\u3059\u3002<\/span><\/p>","protected":false},"excerpt":{"rendered":"<p>Juan Armando M\u00e9ndez Sosa es un sacerdote de la arquidi\u00f3cesis de Puebla en M\u00e9xico. \u00abLlevo diez a\u00f1os de seguimiento al Se\u00f1or dentro del seminario y cada vez m\u00e1s voy confirmando el llamado que Dios me ha hecho y afianzando mi respuesta a esa llamada divina en la que deseo con todo mi coraz\u00f3n tratar de ser lo m\u00e1s generoso posible y ser capaz de configurarme cada vez m\u00e1s con Jesucristo, siervo, maestro, pastor y esposo de la Iglesia. El Se\u00f1or me quiere sacerdote, me quiere pleno, me quiere feliz y sobre todo me quiere santo. He notado como de manera progresiva va actuando en m\u00ed por medio de su gracia [&hellip;]<\/p>\n","protected":false},"featured_media":0,"menu_order":0,"template":"","format":"standard","meta":{"_acf_changed":false,"give_campaign_id":0,"footnotes":""},"tags":[120],"pcatd":[],"cantidad":[],"continente":[],"estadobeca":[3],"class_list":["post-181742","candidatos","type-candidatos","status-publish","format-standard","hentry","tag-sacerdote","estadobeca-en-curso"],"acf":[],"_links":{"self":[{"href":"https:\/\/fundacioncarf.org\/ja\/wp-json\/wp\/v2\/candidatos\/181742","targetHints":{"allow":["GET"]}}],"collection":[{"href":"https:\/\/fundacioncarf.org\/ja\/wp-json\/wp\/v2\/candidatos"}],"about":[{"href":"https:\/\/fundacioncarf.org\/ja\/wp-json\/wp\/v2\/types\/candidatos"}],"version-history":[{"count":3,"href":"https:\/\/fundacioncarf.org\/ja\/wp-json\/wp\/v2\/candidatos\/181742\/revisions"}],"predecessor-version":[{"id":223596,"href":"https:\/\/fundacioncarf.org\/ja\/wp-json\/wp\/v2\/candidatos\/181742\/revisions\/223596"}],"wp:attachment":[{"href":"https:\/\/fundacioncarf.org\/ja\/wp-json\/wp\/v2\/media?parent=181742"}],"wp:term":[{"taxonomy":"post_tag","embeddable":true,"href":"https:\/\/fundacioncarf.org\/ja\/wp-json\/wp\/v2\/tags?post=181742"},{"taxonomy":"pcatd","embeddable":true,"href":"https:\/\/fundacioncarf.org\/ja\/wp-json\/wp\/v2\/pcatd?post=181742"},{"taxonomy":"cantidad","embeddable":true,"href":"https:\/\/fundacioncarf.org\/ja\/wp-json\/wp\/v2\/cantidad?post=181742"},{"taxonomy":"continente","embeddable":true,"href":"https:\/\/fundacioncarf.org\/ja\/wp-json\/wp\/v2\/continente?post=181742"},{"taxonomy":"estadobeca","embeddable":true,"href":"https:\/\/fundacioncarf.org\/ja\/wp-json\/wp\/v2\/estadobeca?post=181742"}],"curies":[{"name":"wp","href":"https:\/\/api.w.org\/{rel}","templated":true}]}}

フアン・アルマンド・メンデス・ソサ

<p><span style="font-weight: 400;">フアン・アルマンド・メンデス・ソーサはメキシコのプエブラ大司教区の司祭。</span></p>
<p><span style="font-weight: 400;">"私は神学校で10年間主に従ってきましたが、神が私に与えてくださった召命をますます確かなものにし、この神の召命への応答を強めています。</span></p>
<p><span style="font-weight: 400;">主は、私が司祭になること、満腹になること、幸せになること、そして何よりも聖人になることを望んでおられます。</span></p>
<p><span style="font-weight: 400;">私が受けている形成の中で、主が恵みと聖霊を通して、私をますます主に似せようと、徐々に働きかけておられることに気づきました。</span></p>
<p><span style="font-weight: 400;">ビダソアでの研修が、私の才能を伸ばし、それを他者のために役立てること、人間的・霊的に成熟すること、確かな知的形成、そして私の持つ聖性への大きな願望など、私にできることのすべてを想像したことはありませんでした。</span></p>
<p><span style="font-weight: 400;">トレーニングは永久に続く。人間は未完成の存在であり、毎日新しいことを学び、異なる次元で成長する」。</span></p>
<p><span style="font-weight: 400;">"私の祈りは確実なものであり、どうか私のために祈ることを止めないでください。</span></p>
<p><span style="font-weight: 400;">神と教会を支えてくださる皆様の善行に、心から、そして限りなく感謝いたします。私は、この機会を最大限に生かし、よく形成されるよう全力を尽くすことで、お返しをする恵みを神に求めます。</span></p>

<p>Juan Armando Méndez Sosa es un sacerdote de la arquidiócesis de Puebla en México. «Llevo diez años de seguimiento al Señor dentro del seminario y cada vez más voy confirmando el llamado que Dios me ha hecho y afianzando mi respuesta a esa llamada divina en la que deseo con todo mi corazón tratar de ser lo más generoso posible y ser capaz de configurarme cada vez más con Jesucristo, siervo, maestro, pastor y esposo de la Iglesia. El Señor me quiere sacerdote, me quiere pleno, me quiere feliz y sobre todo me quiere santo. He notado como de manera progresiva va actuando en mí por medio de su gracia [&hellip;]</p>
