{"id":190662,"date":"2023-09-12T16:45:52","date_gmt":"2023-09-12T14:45:52","guid":{"rendered":"https:\/\/staging.fundacioncarf.org\/?post_type=candidatos&#038;p=190662"},"modified":"2025-08-26T09:04:11","modified_gmt":"2025-08-26T07:04:11","slug":"dani-alexander-guerrero-payano","status":"publish","type":"candidatos","link":"https:\/\/fundacioncarf.org\/it\/colabora\/pon-cara-a-tu-donativo\/dani-alexander-guerrero-payano\/","title":{"rendered":"Dani Alexander Guerrero Payano"},"content":{"rendered":"<p>\"Salve, sono il seminarista Dani Alexander Guerrero Payano, ho 25 anni, terzo di cinque fratelli, i miei genitori sono Altagracia Payano e Daniel Guerrero.<\/p>\n\n\n\n<p>Sono nato a La Romana, provincia della Repubblica Dominicana, e dall'et\u00e0 di quattro anni ho vissuto a Higuey fino all'ingresso nel Seminario Maggiore. Ho fatto gli studi primari nella scuola di base di Villa Hotencia e nella Scuola Eusebio Cedano, poi ho fatto gli studi secondari nel Liceo Geraldo Jansen. <\/p>\n\n\n\n<p>All'et\u00e0 di 17 anni, ho iniziato a laurearmi in Scienze dell'Educazione con specializzazione in Matematica e Fisica e, all'et\u00e0 di 22 anni, mi sono laureata. Dopo un anno come insegnante presso il Collegio Cristiano Morada de Sabidur\u00eda, ho deciso di entrare in seminario, dove ho trascorso un anno nel seminario minore e due anni nel seminario maggiore. <\/p>\n\n\n\n<p>Sono stata poi scelta per continuare la mia formazione presso il CEI Bidasoa in Spagna, dove mi trovo ora. Mi piace fare sport, avere buoni rapporti con i miei compagni e mettermi al servizio degli altri. Sono molto felice di essere stato chiamato da Dio ad essere sacerdote. La mia diocesi si chiama Nuestra Se\u00f1ora de la Altagracia, situata nella parte orientale del Paese e composta dalle province di: La Altagracia, La Romana e El Seibo. La mia parrocchia si chiama Santa Ana, situata nella provincia di Altagracia, nel comune di Higuey; il mio parroco \u00e8 Padre Sergio Cordero. <\/p>\n\n\n\n<p>Sono molto grato per il modo in cui sono stato trattato nella mia diocesi e con l'aiuto di Dio continueremo a crescere per aumentare il numero di coloro che sono chiamati al Suo Regno\".<\/p>","protected":false},"excerpt":{"rendered":"<p>\u00abHola, soy el seminarista Dani Alexander Guerrero Payano, tengo 28 a\u00f1os de edad, soy el tercero de cinco hermanos, mis padres se llaman Altagracia Payano y Daniel Guerrero. Nac\u00ed en La Romana, provincia de la Rep\u00fablica Dominicana y desde los cuatros a\u00f1os viv\u00ed en Higuey hasta entrar al seminario mayor. Realic\u00e9 mis estudios primarios en [&hellip;]<\/p>\n","protected":false},"featured_media":0,"menu_order":0,"template":"","format":"standard","meta":{"_acf_changed":false,"give_campaign_id":0,"footnotes":""},"tags":[120,121],"pcatd":[],"cantidad":[],"continente":[],"estadobeca":[3],"class_list":["post-190662","candidatos","type-candidatos","status-publish","format-standard","hentry","tag-sacerdote","tag-seminarista","estadobeca-en-curso"],"acf":[],"_links":{"self":[{"href":"https:\/\/fundacioncarf.org\/it\/wp-json\/wp\/v2\/candidatos\/190662","targetHints":{"allow":["GET"]}}],"collection":[{"href":"https:\/\/fundacioncarf.org\/it\/wp-json\/wp\/v2\/candidatos"}],"about":[{"href":"https:\/\/fundacioncarf.org\/it\/wp-json\/wp\/v2\/types\/candidatos"}],"version-history":[{"count":9,"href":"https:\/\/fundacioncarf.org\/it\/wp-json\/wp\/v2\/candidatos\/190662\/revisions"}],"predecessor-version":[{"id":223418,"href":"https:\/\/fundacioncarf.org\/it\/wp-json\/wp\/v2\/candidatos\/190662\/revisions\/223418"}],"wp:attachment":[{"href":"https:\/\/fundacioncarf.org\/it\/wp-json\/wp\/v2\/media?parent=190662"}],"wp:term":[{"taxonomy":"post_tag","embeddable":true,"href":"https:\/\/fundacioncarf.org\/it\/wp-json\/wp\/v2\/tags?post=190662"},{"taxonomy":"pcatd","embeddable":true,"href":"https:\/\/fundacioncarf.org\/it\/wp-json\/wp\/v2\/pcatd?post=190662"},{"taxonomy":"cantidad","embeddable":true,"href":"https:\/\/fundacioncarf.org\/it\/wp-json\/wp\/v2\/cantidad?post=190662"},{"taxonomy":"continente","embeddable":true,"href":"https:\/\/fundacioncarf.org\/it\/wp-json\/wp\/v2\/continente?post=190662"},{"taxonomy":"estadobeca","embeddable":true,"href":"https:\/\/fundacioncarf.org\/it\/wp-json\/wp\/v2\/estadobeca?post=190662"}],"curies":[{"name":"wp","href":"https:\/\/api.w.org\/{rel}","templated":true}]}}

<p>"Salve, sono il seminarista Dani Alexander Guerrero Payano, ho 25 anni, terzo di cinque fratelli, i miei genitori sono Altagracia Payano e Daniel Guerrero.</p>



<p>Sono nato a La Romana, provincia della Repubblica Dominicana, e dall'età di quattro anni ho vissuto a Higuey fino all'ingresso nel Seminario Maggiore. Ho fatto gli studi primari nella scuola di base di Villa Hotencia e nella Scuola Eusebio Cedano, poi ho fatto gli studi secondari nel Liceo Geraldo Jansen. </p>



<p>All'età di 17 anni, ho iniziato a laurearmi in Scienze dell'Educazione con specializzazione in Matematica e Fisica e, all'età di 22 anni, mi sono laureata. Dopo un anno come insegnante presso il Collegio Cristiano Morada de Sabiduría, ho deciso di entrare in seminario, dove ho trascorso un anno nel seminario minore e due anni nel seminario maggiore. </p>



<p>Sono stata poi scelta per continuare la mia formazione presso il CEI Bidasoa in Spagna, dove mi trovo ora. Mi piace fare sport, avere buoni rapporti con i miei compagni e mettermi al servizio degli altri. Sono molto felice di essere stato chiamato da Dio ad essere sacerdote. La mia diocesi si chiama Nuestra Señora de la Altagracia, situata nella parte orientale del Paese e composta dalle province di: La Altagracia, La Romana e El Seibo. La mia parrocchia si chiama Santa Ana, situata nella provincia di Altagracia, nel comune di Higuey; il mio parroco è Padre Sergio Cordero. </p>



<p>Sono molto grato per il modo in cui sono stato trattato nella mia diocesi e con l'aiuto di Dio continueremo a crescere per aumentare il numero di coloro che sono chiamati al Suo Regno".</p>

<p>«Hola, soy el seminarista Dani Alexander Guerrero Payano, tengo 28 años de edad, soy el tercero de cinco hermanos, mis padres se llaman Altagracia Payano y Daniel Guerrero. Nací en La Romana, provincia de la República Dominicana y desde los cuatros años viví en Higuey hasta entrar al seminario mayor. Realicé mis estudios primarios en [&hellip;]</p>
