{"id":181921,"date":"2023-05-15T21:01:33","date_gmt":"2023-05-15T19:01:33","guid":{"rendered":"https:\/\/staging.fundacioncarf.org\/colabora\/pon-cara-a-tu-donativo\/theogene-ndagijimana\/"},"modified":"2023-05-15T21:01:33","modified_gmt":"2023-05-15T19:01:33","slug":"theogene-ndagijimana","status":"publish","type":"candidatos","link":"https:\/\/fundacioncarf.org\/it\/colabora\/pon-cara-a-tu-donativo\/theogene-ndagijimana\/","title":{"rendered":"Th\u00e9og\u00e8ne Ndagijimana"},"content":{"rendered":"<p><span style=\"font-weight: 400;\">Don <strong>Th\u00e9og\u00e8ne Ndagijimana<\/strong> viene dal Ruanda ed \u00e8 un sacerdote della Diocesi di Nyundo. Ha scoperto la sua vocazione grazie alla sua famiglia e sta studiando presso la Pontificia Universit\u00e0 della Santa Croce a Roma.<\/span><\/p>\n<p><span style=\"font-weight: 400;\">\"Sono Th\u00e9og\u00e8ne Ndagijimana, sacerdote diocesano della diocesi di Nyundo in Ruanda (Africa). Sono nata l'11 luglio 1988 a Bwishyura-Karongi, in Ruanda, e sono cresciuta nella stessa regione. Non ho dubbi che l'educazione cristiana ricevuta in famiglia sia la radice principale della mia vocazione sacerdotale. Tuttavia, ogni vita non dura senza essere nutrita, quindi la mia vita cristiana \u00e8 stata nutrita dalla partecipazione alla Messa e dalle preghiere familiari che avevamo in casa.\u00a0<\/span><\/p>\n<p><span style=\"font-weight: 400;\">Dopo la mia prima <\/span><span style=\"font-weight: 400;\">comunione<\/span><span style=\"font-weight: 400;\">Ho iniziato a servire la Messa come chierichetto. Questo mi ha aiutato a osservare i sacerdoti della nostra parrocchia, che hanno fatto del loro meglio per portare speranza alla comunit\u00e0 ferita dal genocidio contro i Tutsi nel 1994. Vedendo i sacerdoti che si donavano in questo modo, mentre alcuni erano orfani e assistevano alla morte dei loro cari nel modo pi\u00f9 atroce, mi sono chiesta come avrei potuto contribuire anch'io a quest'opera di Dio per riportare la vita in una societ\u00e0 ferita come la nostra.<\/span><\/p>\n<p><span style=\"font-weight: 400;\">Dopo la scuola elementare, ho avuto l'opportunit\u00e0 di entrare nel seminario minore, dove ho avuto abbastanza tempo per meditare sulla mia vocazione, pregare e osservare. Al termine dei miei studi nel seminario minore, scrissi una lettera di richiesta al nostro vescovo per entrare nel seminario maggiore. Dopo un anno, ha risposto positivamente.<\/span><\/p>\n<p><span style=\"font-weight: 400;\">Durante il corso del seminario maggiore, ho trascorso le mie vacanze in molte parrocchie e l\u00ec ho anche imparato molto sul ministero che mi aspettava. Come pu\u00f2 vedere, molte cose hanno contribuito a nutrire e rafforzare la mia vocazione.<\/span><\/p>\n<p><span style=\"font-weight: 400;\">Siamo tutti membri dello stesso Corpo e quindi voglio ringraziare i benefattori che ci aiutano cos\u00ec tanto. Vorrei anche chiedervi di pregare per me, affinch\u00e9 possa essere fedele e servire il Signore in questo difficile compito di riconciliazione nel mio Paese.<\/span><\/p>","protected":false},"excerpt":{"rendered":"<p>Don Th\u00e9og\u00e8ne Ndagijimana viene de Ruanda y es sacerdote de la Di\u00f3cesis de Nyundo. Descubri\u00f3 la vocaci\u00f3n gracias a la familia y est\u00e1 estudiando en la Pontificia Universidad de la Santa Cruz, en Roma. \u00abSoy Th\u00e9og\u00e8ne Ndagijimana, sacerdote diocesano de la Di\u00f3cesis de Nyundo en Ruanda (\u00c1frica). Nac\u00ed el 11 de julio de 1988 en [&hellip;]<\/p>\n","protected":false},"featured_media":0,"menu_order":0,"template":"","format":"standard","meta":{"_acf_changed":false,"give_campaign_id":0,"footnotes":""},"tags":[],"pcatd":[],"cantidad":[],"continente":[],"estadobeca":[],"class_list":["post-181921","candidatos","type-candidatos","status-publish","format-standard","hentry"],"acf":[],"_links":{"self":[{"href":"https:\/\/fundacioncarf.org\/it\/wp-json\/wp\/v2\/candidatos\/181921","targetHints":{"allow":["GET"]}}],"collection":[{"href":"https:\/\/fundacioncarf.org\/it\/wp-json\/wp\/v2\/candidatos"}],"about":[{"href":"https:\/\/fundacioncarf.org\/it\/wp-json\/wp\/v2\/types\/candidatos"}],"version-history":[{"count":0,"href":"https:\/\/fundacioncarf.org\/it\/wp-json\/wp\/v2\/candidatos\/181921\/revisions"}],"wp:attachment":[{"href":"https:\/\/fundacioncarf.org\/it\/wp-json\/wp\/v2\/media?parent=181921"}],"wp:term":[{"taxonomy":"post_tag","embeddable":true,"href":"https:\/\/fundacioncarf.org\/it\/wp-json\/wp\/v2\/tags?post=181921"},{"taxonomy":"pcatd","embeddable":true,"href":"https:\/\/fundacioncarf.org\/it\/wp-json\/wp\/v2\/pcatd?post=181921"},{"taxonomy":"cantidad","embeddable":true,"href":"https:\/\/fundacioncarf.org\/it\/wp-json\/wp\/v2\/cantidad?post=181921"},{"taxonomy":"continente","embeddable":true,"href":"https:\/\/fundacioncarf.org\/it\/wp-json\/wp\/v2\/continente?post=181921"},{"taxonomy":"estadobeca","embeddable":true,"href":"https:\/\/fundacioncarf.org\/it\/wp-json\/wp\/v2\/estadobeca?post=181921"}],"curies":[{"name":"wp","href":"https:\/\/api.w.org\/{rel}","templated":true}]}}

Théogène Ndagijimana

<p><span style="font-weight: 400;">Don <strong>Théogène Ndagijimana</strong> viene dal Ruanda ed è un sacerdote della Diocesi di Nyundo. Ha scoperto la sua vocazione grazie alla sua famiglia e sta studiando presso la Pontificia Università della Santa Croce a Roma.</span></p>
<p><span style="font-weight: 400;">"Sono Théogène Ndagijimana, sacerdote diocesano della diocesi di Nyundo in Ruanda (Africa). Sono nata l'11 luglio 1988 a Bwishyura-Karongi, in Ruanda, e sono cresciuta nella stessa regione. Non ho dubbi che l'educazione cristiana ricevuta in famiglia sia la radice principale della mia vocazione sacerdotale. Tuttavia, ogni vita non dura senza essere nutrita, quindi la mia vita cristiana è stata nutrita dalla partecipazione alla Messa e dalle preghiere familiari che avevamo in casa. </span></p>
<p><span style="font-weight: 400;">Dopo la mia prima </span><span style="font-weight: 400;">comunione</span><span style="font-weight: 400;">Ho iniziato a servire la Messa come chierichetto. Questo mi ha aiutato a osservare i sacerdoti della nostra parrocchia, che hanno fatto del loro meglio per portare speranza alla comunità ferita dal genocidio contro i Tutsi nel 1994. Vedendo i sacerdoti che si donavano in questo modo, mentre alcuni erano orfani e assistevano alla morte dei loro cari nel modo più atroce, mi sono chiesta come avrei potuto contribuire anch'io a quest'opera di Dio per riportare la vita in una società ferita come la nostra.</span></p>
<p><span style="font-weight: 400;">Dopo la scuola elementare, ho avuto l'opportunità di entrare nel seminario minore, dove ho avuto abbastanza tempo per meditare sulla mia vocazione, pregare e osservare. Al termine dei miei studi nel seminario minore, scrissi una lettera di richiesta al nostro vescovo per entrare nel seminario maggiore. Dopo un anno, ha risposto positivamente.</span></p>
<p><span style="font-weight: 400;">Durante il corso del seminario maggiore, ho trascorso le mie vacanze in molte parrocchie e lì ho anche imparato molto sul ministero che mi aspettava. Come può vedere, molte cose hanno contribuito a nutrire e rafforzare la mia vocazione.</span></p>
<p><span style="font-weight: 400;">Siamo tutti membri dello stesso Corpo e quindi voglio ringraziare i benefattori che ci aiutano così tanto. Vorrei anche chiedervi di pregare per me, affinché possa essere fedele e servire il Signore in questo difficile compito di riconciliazione nel mio Paese.</span></p>

<p>Don Théogène Ndagijimana viene de Ruanda y es sacerdote de la Diócesis de Nyundo. Descubrió la vocación gracias a la familia y está estudiando en la Pontificia Universidad de la Santa Cruz, en Roma. «Soy Théogène Ndagijimana, sacerdote diocesano de la Diócesis de Nyundo en Ruanda (África). Nací el 11 de julio de 1988 en [&hellip;]</p>
