{"id":181742,"date":"2023-05-15T20:58:18","date_gmt":"2023-05-15T18:58:18","guid":{"rendered":"https:\/\/staging.fundacioncarf.org\/colabora\/pon-cara-a-tu-donativo\/juan-armando-mendez-sosa\/"},"modified":"2025-08-26T14:59:07","modified_gmt":"2025-08-26T12:59:07","slug":"juan-armando-mendez-sosa","status":"publish","type":"candidatos","link":"https:\/\/fundacioncarf.org\/it\/colabora\/pon-cara-a-tu-donativo\/juan-armando-mendez-sosa\/","title":{"rendered":"Juan Armando M\u00e9ndez Sosa"},"content":{"rendered":"<p><span style=\"font-weight: 400;\">Juan Armando M\u00e9ndez Sosa \u00e8 un sacerdote dell'Arcidiocesi di Puebla in Messico.<\/span><\/p>\n<p><span style=\"font-weight: 400;\">\"Sono sei anni che seguo il Signore in seminario e confermo sempre di pi\u00f9 la chiamata che Dio mi ha dato e rafforzo la mia risposta a questa chiamata divina, nella quale desidero con tutto il cuore cercare di essere il pi\u00f9 generoso possibile e di potermi configurare sempre di pi\u00f9 a Ges\u00f9 Cristo, servitore, insegnante, pastore e sposo della Chiesa.<\/span><\/p>\n<p><span style=\"font-weight: 400;\">Il Signore vuole che io sia un sacerdote, mi vuole pieno, vuole che io sia felice e soprattutto vuole che io sia un santo.<\/span><\/p>\n<p><span style=\"font-weight: 400;\">Ho notato come Lui stia progressivamente lavorando in me attraverso la Sua grazia e lo Spirito Santo nella formazione che sto ricevendo, per rendermi sempre pi\u00f9 simile a Lui.<\/span><\/p>\n<p><span style=\"font-weight: 400;\">Non avrei mai immaginato tutto ci\u00f2 che la formazione a Bidasoa sarebbe stata in grado di fare in me, sviluppare i miei talenti e metterli al servizio degli altri, maturare umanamente e spiritualmente, la solida formazione intellettuale e quei grandi desideri di santit\u00e0 che ho.<\/span><\/p>\n<p><span style=\"font-weight: 400;\">La formazione \u00e8 permanente, gli esseri umani sono esseri non finiti e ogni giorno impariamo cose nuove e cresciamo in dimensioni diverse\".<\/span><\/p>\n<p><span style=\"font-weight: 400;\">\"Deve avere la certezza delle mie preghiere e la prego di non smettere di pregare per me.<\/span><\/p>\n<p><span style=\"font-weight: 400;\">Vi ringrazio di cuore e infinitamente per tutto il bene che fate con il vostro sostegno a Dio e alla Chiesa. Chiedo a Dio la grazia di ricambiare facendo tutto il possibile per sfruttare al meglio questa opportunit\u00e0 di essere ben formato.<\/span><\/p>","protected":false},"excerpt":{"rendered":"<p>Juan Armando M\u00e9ndez Sosa es un sacerdote de la arquidi\u00f3cesis de Puebla en M\u00e9xico. \u00abLlevo diez a\u00f1os de seguimiento al Se\u00f1or dentro del seminario y cada vez m\u00e1s voy confirmando el llamado que Dios me ha hecho y afianzando mi respuesta a esa llamada divina en la que deseo con todo mi coraz\u00f3n tratar de [&hellip;]<\/p>\n","protected":false},"featured_media":0,"menu_order":0,"template":"","format":"standard","meta":{"_acf_changed":false,"give_campaign_id":0,"footnotes":""},"tags":[120],"pcatd":[],"cantidad":[],"continente":[],"estadobeca":[3],"class_list":["post-181742","candidatos","type-candidatos","status-publish","format-standard","hentry","tag-sacerdote","estadobeca-en-curso"],"acf":[],"_links":{"self":[{"href":"https:\/\/fundacioncarf.org\/it\/wp-json\/wp\/v2\/candidatos\/181742","targetHints":{"allow":["GET"]}}],"collection":[{"href":"https:\/\/fundacioncarf.org\/it\/wp-json\/wp\/v2\/candidatos"}],"about":[{"href":"https:\/\/fundacioncarf.org\/it\/wp-json\/wp\/v2\/types\/candidatos"}],"version-history":[{"count":3,"href":"https:\/\/fundacioncarf.org\/it\/wp-json\/wp\/v2\/candidatos\/181742\/revisions"}],"predecessor-version":[{"id":223596,"href":"https:\/\/fundacioncarf.org\/it\/wp-json\/wp\/v2\/candidatos\/181742\/revisions\/223596"}],"wp:attachment":[{"href":"https:\/\/fundacioncarf.org\/it\/wp-json\/wp\/v2\/media?parent=181742"}],"wp:term":[{"taxonomy":"post_tag","embeddable":true,"href":"https:\/\/fundacioncarf.org\/it\/wp-json\/wp\/v2\/tags?post=181742"},{"taxonomy":"pcatd","embeddable":true,"href":"https:\/\/fundacioncarf.org\/it\/wp-json\/wp\/v2\/pcatd?post=181742"},{"taxonomy":"cantidad","embeddable":true,"href":"https:\/\/fundacioncarf.org\/it\/wp-json\/wp\/v2\/cantidad?post=181742"},{"taxonomy":"continente","embeddable":true,"href":"https:\/\/fundacioncarf.org\/it\/wp-json\/wp\/v2\/continente?post=181742"},{"taxonomy":"estadobeca","embeddable":true,"href":"https:\/\/fundacioncarf.org\/it\/wp-json\/wp\/v2\/estadobeca?post=181742"}],"curies":[{"name":"wp","href":"https:\/\/api.w.org\/{rel}","templated":true}]}}

Juan Armando Méndez Sosa

<p><span style="font-weight: 400;">Juan Armando Méndez Sosa è un sacerdote dell'Arcidiocesi di Puebla in Messico.</span></p>
<p><span style="font-weight: 400;">"Sono sei anni che seguo il Signore in seminario e confermo sempre di più la chiamata che Dio mi ha dato e rafforzo la mia risposta a questa chiamata divina, nella quale desidero con tutto il cuore cercare di essere il più generoso possibile e di potermi configurare sempre di più a Gesù Cristo, servitore, insegnante, pastore e sposo della Chiesa.</span></p>
<p><span style="font-weight: 400;">Il Signore vuole che io sia un sacerdote, mi vuole pieno, vuole che io sia felice e soprattutto vuole che io sia un santo.</span></p>
<p><span style="font-weight: 400;">Ho notato come Lui stia progressivamente lavorando in me attraverso la Sua grazia e lo Spirito Santo nella formazione che sto ricevendo, per rendermi sempre più simile a Lui.</span></p>
<p><span style="font-weight: 400;">Non avrei mai immaginato tutto ciò che la formazione a Bidasoa sarebbe stata in grado di fare in me, sviluppare i miei talenti e metterli al servizio degli altri, maturare umanamente e spiritualmente, la solida formazione intellettuale e quei grandi desideri di santità che ho.</span></p>
<p><span style="font-weight: 400;">La formazione è permanente, gli esseri umani sono esseri non finiti e ogni giorno impariamo cose nuove e cresciamo in dimensioni diverse".</span></p>
<p><span style="font-weight: 400;">"Deve avere la certezza delle mie preghiere e la prego di non smettere di pregare per me.</span></p>
<p><span style="font-weight: 400;">Vi ringrazio di cuore e infinitamente per tutto il bene che fate con il vostro sostegno a Dio e alla Chiesa. Chiedo a Dio la grazia di ricambiare facendo tutto il possibile per sfruttare al meglio questa opportunità di essere ben formato.</span></p>

<p>Juan Armando Méndez Sosa es un sacerdote de la arquidiócesis de Puebla en México. «Llevo diez años de seguimiento al Señor dentro del seminario y cada vez más voy confirmando el llamado que Dios me ha hecho y afianzando mi respuesta a esa llamada divina en la que deseo con todo mi corazón tratar de [&hellip;]</p>
