{"id":181650,"date":"2023-05-15T20:56:19","date_gmt":"2023-05-15T18:56:19","guid":{"rendered":"https:\/\/staging.fundacioncarf.org\/colabora\/pon-cara-a-tu-donativo\/saul-ruiz-garcia\/"},"modified":"2025-08-20T15:47:20","modified_gmt":"2025-08-20T13:47:20","slug":"saul-ruiz-garcia","status":"publish","type":"candidatos","link":"https:\/\/fundacioncarf.org\/it\/colabora\/pon-cara-a-tu-donativo\/saul-ruiz-garcia\/","title":{"rendered":"Sa\u00fal Ruiz Garc\u00eda"},"content":{"rendered":"<p data-start=\"90\" data-end=\"257\"><span style=\"font-weight: 400;\">\"<\/span>Sono Sa\u00fal Ruiz Garc\u00eda, un sacerdote della diocesi di Tabasco in Messico. Recentemente ho ricevuto l'ordinazione sacerdotale tramite l'imposizione delle mani da parte del mio vescovo.<\/p>\n<p data-start=\"259\" data-end=\"604\">Avevo 15 anni quando ho scoperto la chiamata di Dio partecipando a un movimento di adolescenti nella mia parrocchia, nel comune di Nacajuca, nella diocesi di Tabasco. La testimonianza di vita dei sacerdoti che ci accompagnavano in parrocchia fu per me un'ispirazione ad ascoltare la voce di Dio che mi sussurrava all'orecchio: \"Vieni, seguimi\".<\/p>\n<p data-start=\"606\" data-end=\"775\">Dopo aver terminato gli studi universitari, ho risposto alla chiamata che Dio mi aveva fatto sette anni prima, ma che ricordavo ogni giorno come la prima volta: \"Vieni, seguimi\".<\/p>\n<p data-start=\"777\" data-end=\"906\">\"Dal 2016 studio teologia all'Universit\u00e0 di Navarra grazie al sostegno che ricevo da voi.<\/p>\n<p data-start=\"908\" data-end=\"1012\">Quest'anno 2020 \u00e8 stato un anno molto difficile e probabilmente non avremmo mai immaginato di vivere una situazione come questa.<\/p>\n<p data-start=\"1014\" data-end=\"1435\">Nonostante questo, ho sperimentato la grazia di Dio nella mia vita, perch\u00e9 il 31 maggio scorso sono stato ordinato diacono nella parrocchia di San Nicol\u00e1s, a Pamplona. \u00c8 stata una celebrazione diversa, vissuta nell'intimit\u00e0 del Seminario Internazionale Bidasoa, in condivisione con seminaristi e sacerdoti che mi erano molto vicini, dato che, a causa della pandemia, non \u00e8 stato possibile per molte altre persone accompagnarci come avremmo voluto.<\/p>\n<p data-start=\"1437\" data-end=\"1697\">Ho avuto l'opportunit\u00e0 di recarmi nella mia diocesi nel giugno dello stesso anno. L\u00ec, la situazione era piuttosto complicata per quanto riguarda la pandemia. Le Messe non venivano celebrate in presenza della gente e dovevo seguire le trasmissioni attraverso i social network.<\/p>\n<p data-start=\"1699\" data-end=\"1947\">Il 15 agosto ho ricevuto una telefonata dal mio vescovo. Mi ha informato che aveva preso la decisione di celebrare la mia ordinazione sacerdotale il 31 agosto, due giorni prima del mio ritorno in Spagna, poich\u00e9 dovevo continuare i miei studi biblici.<\/p>\n<p data-start=\"1949\" data-end=\"2249\">L'ordinazione sacerdotale \u00e8 stata ancora pi\u00f9 intima di quella diaconale, solo mio padre e i miei fratelli (10 persone invitate) hanno potuto accompagnarmi e, poich\u00e9 si \u00e8 svolta nel Seminario Maggiore della mia diocesi, erano presenti solo i seminaristi e i sacerdoti dell'\u00e9quipe di formazione, tutto era a porte chiuse.<\/p>\n<p data-start=\"2251\" data-end=\"2642\">Durante la mia formazione in seminario, nove anni in totale, quando pensavo all'ordinazione sacerdotale, non vedevo l'ora di condividere questo momento con il popolo di Dio, ma quando \u00e8 arrivato il momento, questo non \u00e8 stato possibile a causa della situazione in cui ci troviamo. Nonostante questo, non ho smesso di sentire il sostegno spirituale che molte persone, amici e conoscenti mi hanno espresso\".<\/p>\n<p data-start=\"2644\" data-end=\"2842\">Sono profondamente grato per l'enorme lavoro che svolgono affinch\u00e9 i sacerdoti e i seminaristi possano continuare la nostra formazione, una formazione con una grande visione dell'universalit\u00e0 della nostra Chiesa.<\/p>\n<p data-start=\"2844\" data-end=\"2922\">Che Dio e la nostra Madre, la Vergine di Guadalupe, la benedicano abbondantemente\".<span style=\"font-weight: 400;\">\"<\/span>.<\/p>","protected":false},"excerpt":{"rendered":"<p>\u00abSoy Sa\u00fal Ruiz Garc\u00eda, sacerdote de la di\u00f3cesis de Tabasco en M\u00e9xico. Hace relativamente poco recib\u00ed, por medio de la imposici\u00f3n de manos de mi obispo, la ordenaci\u00f3n sacerdotal. Ten\u00eda 15 a\u00f1os cuando descubr\u00ed la llamada de Dios mientras participaba en un movimiento de adolescentes en mi parroquia, en el municipio de Nacajuca, di\u00f3cesis de [&hellip;]<\/p>\n","protected":false},"featured_media":0,"menu_order":0,"template":"","format":"standard","meta":{"_acf_changed":false,"give_campaign_id":0,"footnotes":""},"tags":[120],"pcatd":[],"cantidad":[],"continente":[],"estadobeca":[3],"class_list":["post-181650","candidatos","type-candidatos","status-publish","format-standard","hentry","tag-sacerdote","estadobeca-en-curso"],"acf":[],"_links":{"self":[{"href":"https:\/\/fundacioncarf.org\/it\/wp-json\/wp\/v2\/candidatos\/181650","targetHints":{"allow":["GET"]}}],"collection":[{"href":"https:\/\/fundacioncarf.org\/it\/wp-json\/wp\/v2\/candidatos"}],"about":[{"href":"https:\/\/fundacioncarf.org\/it\/wp-json\/wp\/v2\/types\/candidatos"}],"version-history":[{"count":3,"href":"https:\/\/fundacioncarf.org\/it\/wp-json\/wp\/v2\/candidatos\/181650\/revisions"}],"predecessor-version":[{"id":223000,"href":"https:\/\/fundacioncarf.org\/it\/wp-json\/wp\/v2\/candidatos\/181650\/revisions\/223000"}],"wp:attachment":[{"href":"https:\/\/fundacioncarf.org\/it\/wp-json\/wp\/v2\/media?parent=181650"}],"wp:term":[{"taxonomy":"post_tag","embeddable":true,"href":"https:\/\/fundacioncarf.org\/it\/wp-json\/wp\/v2\/tags?post=181650"},{"taxonomy":"pcatd","embeddable":true,"href":"https:\/\/fundacioncarf.org\/it\/wp-json\/wp\/v2\/pcatd?post=181650"},{"taxonomy":"cantidad","embeddable":true,"href":"https:\/\/fundacioncarf.org\/it\/wp-json\/wp\/v2\/cantidad?post=181650"},{"taxonomy":"continente","embeddable":true,"href":"https:\/\/fundacioncarf.org\/it\/wp-json\/wp\/v2\/continente?post=181650"},{"taxonomy":"estadobeca","embeddable":true,"href":"https:\/\/fundacioncarf.org\/it\/wp-json\/wp\/v2\/estadobeca?post=181650"}],"curies":[{"name":"wp","href":"https:\/\/api.w.org\/{rel}","templated":true}]}}

Saúl Ruiz García

<p data-start="90" data-end="257"><span style="font-weight: 400;">"</span>Sono Saúl Ruiz García, un sacerdote della diocesi di Tabasco in Messico. Recentemente ho ricevuto l'ordinazione sacerdotale tramite l'imposizione delle mani da parte del mio vescovo.</p>
<p data-start="259" data-end="604">Avevo 15 anni quando ho scoperto la chiamata di Dio partecipando a un movimento di adolescenti nella mia parrocchia, nel comune di Nacajuca, nella diocesi di Tabasco. La testimonianza di vita dei sacerdoti che ci accompagnavano in parrocchia fu per me un'ispirazione ad ascoltare la voce di Dio che mi sussurrava all'orecchio: "Vieni, seguimi".</p>
<p data-start="606" data-end="775">Dopo aver terminato gli studi universitari, ho risposto alla chiamata che Dio mi aveva fatto sette anni prima, ma che ricordavo ogni giorno come la prima volta: "Vieni, seguimi".</p>
<p data-start="777" data-end="906">"Dal 2016 studio teologia all'Università di Navarra grazie al sostegno che ricevo da voi.</p>
<p data-start="908" data-end="1012">Quest'anno 2020 è stato un anno molto difficile e probabilmente non avremmo mai immaginato di vivere una situazione come questa.</p>
<p data-start="1014" data-end="1435">Nonostante questo, ho sperimentato la grazia di Dio nella mia vita, perché il 31 maggio scorso sono stato ordinato diacono nella parrocchia di San Nicolás, a Pamplona. È stata una celebrazione diversa, vissuta nell'intimità del Seminario Internazionale Bidasoa, in condivisione con seminaristi e sacerdoti che mi erano molto vicini, dato che, a causa della pandemia, non è stato possibile per molte altre persone accompagnarci come avremmo voluto.</p>
<p data-start="1437" data-end="1697">Ho avuto l'opportunità di recarmi nella mia diocesi nel giugno dello stesso anno. Lì, la situazione era piuttosto complicata per quanto riguarda la pandemia. Le Messe non venivano celebrate in presenza della gente e dovevo seguire le trasmissioni attraverso i social network.</p>
<p data-start="1699" data-end="1947">Il 15 agosto ho ricevuto una telefonata dal mio vescovo. Mi ha informato che aveva preso la decisione di celebrare la mia ordinazione sacerdotale il 31 agosto, due giorni prima del mio ritorno in Spagna, poiché dovevo continuare i miei studi biblici.</p>
<p data-start="1949" data-end="2249">L'ordinazione sacerdotale è stata ancora più intima di quella diaconale, solo mio padre e i miei fratelli (10 persone invitate) hanno potuto accompagnarmi e, poiché si è svolta nel Seminario Maggiore della mia diocesi, erano presenti solo i seminaristi e i sacerdoti dell'équipe di formazione, tutto era a porte chiuse.</p>
<p data-start="2251" data-end="2642">Durante la mia formazione in seminario, nove anni in totale, quando pensavo all'ordinazione sacerdotale, non vedevo l'ora di condividere questo momento con il popolo di Dio, ma quando è arrivato il momento, questo non è stato possibile a causa della situazione in cui ci troviamo. Nonostante questo, non ho smesso di sentire il sostegno spirituale che molte persone, amici e conoscenti mi hanno espresso".</p>
<p data-start="2644" data-end="2842">Sono profondamente grato per l'enorme lavoro che svolgono affinché i sacerdoti e i seminaristi possano continuare la nostra formazione, una formazione con una grande visione dell'universalità della nostra Chiesa.</p>
<p data-start="2844" data-end="2922">Che Dio e la nostra Madre, la Vergine di Guadalupe, la benedicano abbondantemente".<span style="font-weight: 400;">"</span>.</p>

<p>«Soy Saúl Ruiz García, sacerdote de la diócesis de Tabasco en México. Hace relativamente poco recibí, por medio de la imposición de manos de mi obispo, la ordenación sacerdotal. Tenía 15 años cuando descubrí la llamada de Dios mientras participaba en un movimiento de adolescentes en mi parroquia, en el municipio de Nacajuca, diócesis de [&hellip;]</p>
