{"id":181604,"date":"2023-05-15T20:55:02","date_gmt":"2023-05-15T18:55:02","guid":{"rendered":"https:\/\/staging.fundacioncarf.org\/colabora\/pon-cara-a-tu-donativo\/julio-cesar-morillo-leal\/"},"modified":"2025-08-01T10:01:50","modified_gmt":"2025-08-01T08:01:50","slug":"julio-cesar-morillo-leal","status":"publish","type":"candidatos","link":"https:\/\/fundacioncarf.org\/it\/colabora\/pon-cara-a-tu-donativo\/julio-cesar-morillo-leal\/","title":{"rendered":"Julio C\u00e9sar Morillo Leal"},"content":{"rendered":"<p><span style=\"font-weight: 400;\">\"<\/span>Julio C\u00e9sar Morillo ha 33 anni ed \u00e8 un seminarista della diocesi di Cabimas, in Venezuela. \u00c8 il maggiore di due fratelli di una famiglia umile.<\/p>\n<p>\"Fin da piccola ho ricevuto molte attenzioni dalla mia famiglia, poich\u00e9 sono cresciuta con i miei nonni nel loro villaggio per i primi anni della mia vita.<\/p>\n<p class=\"Default\">Poi sono andata a vivere con i miei genitori in citt\u00e0 e il cambiamento \u00e8 stato molto duro, perch\u00e9 c'erano pochi momenti in cui potevamo essere in pace. I miei genitori non si capivano molto e quando avevo circa 15 anni, la situazione era cos\u00ec difficile che ho persino pensato di andarmene di casa, ma a quel tempo i miei genitori divorziarono e io rimasi a vivere con mia sorella e mia madre.<\/p>\n<p class=\"Default\">Fin da quell'et\u00e0, ho dovuto assumermi determinate responsabilit\u00e0 in casa e fissare vari obiettivi che mi hanno portato a concentrarmi sul loro raggiungimento con molto lavoro, dedizione e impegno. Ho progettato in questo modo ci\u00f2 che volevo per la mia vita e ho seguito quel piano finch\u00e9 non l'ho raggiunto.<\/p>\n<p class=\"Default\">Ho scelto di studiare ingegneria perch\u00e9 sono appassionata di numeri e quindi i miei sogni si basavano principalmente sulla laurea in ingegneria, per poter poi non solo lavorare nel settore, ma anche insegnare a livello universitario.<\/p>\n<p class=\"Default\">Per quanto riguarda la mia vocazione, devo dire che ognuno ha la sua storia e riceve la chiamata del Signore a seguirlo in un modo particolare. Nel mio caso, fin da giovane ho fatto parte di diversi movimenti e gruppi apostolici all'interno della Chiesa del mio Paese, come Jovenmisi\u00f3n, Pastoral Juvenil, Cursillos de Cristiandad, Legi\u00f3n de Mar\u00eda, e uno in particolare, Encuentros Familiares de Venezuela, dove ho servito Dio per diversi anni.<\/p>\n<p class=\"Default\">\u00c8 interessante notare che questo movimento si concentra sulla famiglia e sull'impegno personale per creare una famiglia futura. Il mio progetto di vita era incentrato su questo percorso, mentre ho sempre sentito la presenza di Dio nel mio progetto professionale, il che mi ha fatto credere che questo era anche ci\u00f2 che Dio voleva per me.<\/p>\n<p class=\"Default\">Mi sono laureato come ingegnere petrolifero e ho esercitato la mia professione in questo campo e come professore universitario. Ero all'apice del mio progetto professionale: la mia famiglia era molto contenta dei risultati che avevo ottenuto fino a quel momento e i miei amici erano piuttosto ammirati dei miei successi in un'et\u00e0 cos\u00ec giovane.<\/p>\n<p class=\"Default\">Pensavo che questa sarebbe stata la cosa che mi avrebbe reso pienamente felice, ma in realt\u00e0 non \u00e8 stato cos\u00ec. Mi sono sentita un po' vuota. Mi sentivo un po' vuota e sentivo anche che ero chiamata a fare qualcos'altro, quindi dovevo concentrarmi per scoprirlo.<\/p>\n<p class=\"Default\">\u00c8 stato un duro colpo rendermi conto che il mio progetto era fallito, nonostante il successo che avevo ottenuto fino a quel momento, ed \u00e8 stato allora che ho iniziato una ricerca che, con l'aiuto del mio direttore spirituale, ho portato avanti, iniziando a decidere di lasciare il mio futuro nelle mani di Dio e di lasciare che si compia la Sua Volont\u00e0 nella mia vita.<\/p>\n<p class=\"Default\">In quel momento mi sono resa conto che, sebbene avessi fatto il mio piano, non l'avevo mai sottoposto all'esame di Dio per vedere se era quello che Lui voleva veramente per me, ma solo la mia preghiera era basata sulla richiesta di aiuto per realizzarlo e sento che Dio mi ha permesso di realizzarlo.<\/p>\n<p class=\"Default\">Da quel momento in poi, cominciarono ad accadere vari eventi in cui vidi chiaramente che il Signore mi chiedeva di donarmi totalmente per seguirLo: lasciare il mio lavoro, la mia professione, i miei studi, persino la mia famiglia, che all'inizio non era d'accordo.<\/p>\n<p class=\"Default\">Non capivano il cambiamento che avrebbe significato lasciare tutto ci\u00f2 che avevo costruito negli anni per intraprendere un nuovo percorso. Alcuni lo hanno visto come un segno di immaturit\u00e0 o di confusione da parte mia, e ho persino sentito che mi guardavano con piet\u00e0 e delusione.<\/p>\n<p class=\"Default\">L\u00ec mi sono ricordata di una grande frase di San Giovanni Bosco che mi ha fatto confidare maggiormente in Dio di fronte a ci\u00f2 che stavo vivendo: \"Quando si tratta di seguire la propria vocazione, bisogna essere pronti a sacrificare tutto\". Poi ho preso la decisione di imbarcarmi in questa avventura vocazionale e Dio si \u00e8 gradualmente incaricato di mettere tutto al suo posto, accompagnando la mia famiglia e prendendo il posto che ho lasciato in loro.<\/p>\n<p class=\"Default\">Ho sentito la misericordia di Dio nel chiamarmi ed \u00e8 per questo che ho iniziato la mia formazione poco pi\u00f9 di 6 anni fa, e finora sono molto felice di vedere che il sogno che Dio ha avuto per me si sta realizzando, nonostante le mie debolezze\".<span style=\"font-weight: 400;\">\".<\/span><\/p>","protected":false},"excerpt":{"rendered":"<p>\u00abJulio C\u00e9sar Morillo tiene 38 a\u00f1os y es un seminarista de la di\u00f3cesis de Cabimas, Venezuela. Es el mayor de 2 hermanos de una familia humilde. \"Desde peque\u00f1o recib\u00ed mucha atenci\u00f3n por parte de mi familia ya que durante los primeros a\u00f1os de vida crec\u00ed con mis abuelos en su pueblo. Luego me fui a [&hellip;]<\/p>\n","protected":false},"featured_media":0,"menu_order":0,"template":"","format":"standard","meta":{"_acf_changed":false,"give_campaign_id":0,"footnotes":""},"tags":[121],"pcatd":[],"cantidad":[],"continente":[],"estadobeca":[3],"class_list":["post-181604","candidatos","type-candidatos","status-publish","format-standard","hentry","tag-seminarista","estadobeca-en-curso"],"acf":[],"_links":{"self":[{"href":"https:\/\/fundacioncarf.org\/it\/wp-json\/wp\/v2\/candidatos\/181604","targetHints":{"allow":["GET"]}}],"collection":[{"href":"https:\/\/fundacioncarf.org\/it\/wp-json\/wp\/v2\/candidatos"}],"about":[{"href":"https:\/\/fundacioncarf.org\/it\/wp-json\/wp\/v2\/types\/candidatos"}],"version-history":[{"count":2,"href":"https:\/\/fundacioncarf.org\/it\/wp-json\/wp\/v2\/candidatos\/181604\/revisions"}],"predecessor-version":[{"id":221067,"href":"https:\/\/fundacioncarf.org\/it\/wp-json\/wp\/v2\/candidatos\/181604\/revisions\/221067"}],"wp:attachment":[{"href":"https:\/\/fundacioncarf.org\/it\/wp-json\/wp\/v2\/media?parent=181604"}],"wp:term":[{"taxonomy":"post_tag","embeddable":true,"href":"https:\/\/fundacioncarf.org\/it\/wp-json\/wp\/v2\/tags?post=181604"},{"taxonomy":"pcatd","embeddable":true,"href":"https:\/\/fundacioncarf.org\/it\/wp-json\/wp\/v2\/pcatd?post=181604"},{"taxonomy":"cantidad","embeddable":true,"href":"https:\/\/fundacioncarf.org\/it\/wp-json\/wp\/v2\/cantidad?post=181604"},{"taxonomy":"continente","embeddable":true,"href":"https:\/\/fundacioncarf.org\/it\/wp-json\/wp\/v2\/continente?post=181604"},{"taxonomy":"estadobeca","embeddable":true,"href":"https:\/\/fundacioncarf.org\/it\/wp-json\/wp\/v2\/estadobeca?post=181604"}],"curies":[{"name":"wp","href":"https:\/\/api.w.org\/{rel}","templated":true}]}}

Julio César Morillo Leal

<p><span style="font-weight: 400;">"</span>Julio César Morillo ha 33 anni ed è un seminarista della diocesi di Cabimas, in Venezuela. È il maggiore di due fratelli di una famiglia umile.</p>
<p>"Fin da piccola ho ricevuto molte attenzioni dalla mia famiglia, poiché sono cresciuta con i miei nonni nel loro villaggio per i primi anni della mia vita.</p>
<p class="Default">Poi sono andata a vivere con i miei genitori in città e il cambiamento è stato molto duro, perché c'erano pochi momenti in cui potevamo essere in pace. I miei genitori non si capivano molto e quando avevo circa 15 anni, la situazione era così difficile che ho persino pensato di andarmene di casa, ma a quel tempo i miei genitori divorziarono e io rimasi a vivere con mia sorella e mia madre.</p>
<p class="Default">Fin da quell'età, ho dovuto assumermi determinate responsabilità in casa e fissare vari obiettivi che mi hanno portato a concentrarmi sul loro raggiungimento con molto lavoro, dedizione e impegno. Ho progettato in questo modo ciò che volevo per la mia vita e ho seguito quel piano finché non l'ho raggiunto.</p>
<p class="Default">Ho scelto di studiare ingegneria perché sono appassionata di numeri e quindi i miei sogni si basavano principalmente sulla laurea in ingegneria, per poter poi non solo lavorare nel settore, ma anche insegnare a livello universitario.</p>
<p class="Default">Per quanto riguarda la mia vocazione, devo dire che ognuno ha la sua storia e riceve la chiamata del Signore a seguirlo in un modo particolare. Nel mio caso, fin da giovane ho fatto parte di diversi movimenti e gruppi apostolici all'interno della Chiesa del mio Paese, come Jovenmisión, Pastoral Juvenil, Cursillos de Cristiandad, Legión de María, e uno in particolare, Encuentros Familiares de Venezuela, dove ho servito Dio per diversi anni.</p>
<p class="Default">È interessante notare che questo movimento si concentra sulla famiglia e sull'impegno personale per creare una famiglia futura. Il mio progetto di vita era incentrato su questo percorso, mentre ho sempre sentito la presenza di Dio nel mio progetto professionale, il che mi ha fatto credere che questo era anche ciò che Dio voleva per me.</p>
<p class="Default">Mi sono laureato come ingegnere petrolifero e ho esercitato la mia professione in questo campo e come professore universitario. Ero all'apice del mio progetto professionale: la mia famiglia era molto contenta dei risultati che avevo ottenuto fino a quel momento e i miei amici erano piuttosto ammirati dei miei successi in un'età così giovane.</p>
<p class="Default">Pensavo che questa sarebbe stata la cosa che mi avrebbe reso pienamente felice, ma in realtà non è stato così. Mi sono sentita un po' vuota. Mi sentivo un po' vuota e sentivo anche che ero chiamata a fare qualcos'altro, quindi dovevo concentrarmi per scoprirlo.</p>
<p class="Default">È stato un duro colpo rendermi conto che il mio progetto era fallito, nonostante il successo che avevo ottenuto fino a quel momento, ed è stato allora che ho iniziato una ricerca che, con l'aiuto del mio direttore spirituale, ho portato avanti, iniziando a decidere di lasciare il mio futuro nelle mani di Dio e di lasciare che si compia la Sua Volontà nella mia vita.</p>
<p class="Default">In quel momento mi sono resa conto che, sebbene avessi fatto il mio piano, non l'avevo mai sottoposto all'esame di Dio per vedere se era quello che Lui voleva veramente per me, ma solo la mia preghiera era basata sulla richiesta di aiuto per realizzarlo e sento che Dio mi ha permesso di realizzarlo.</p>
<p class="Default">Da quel momento in poi, cominciarono ad accadere vari eventi in cui vidi chiaramente che il Signore mi chiedeva di donarmi totalmente per seguirLo: lasciare il mio lavoro, la mia professione, i miei studi, persino la mia famiglia, che all'inizio non era d'accordo.</p>
<p class="Default">Non capivano il cambiamento che avrebbe significato lasciare tutto ciò che avevo costruito negli anni per intraprendere un nuovo percorso. Alcuni lo hanno visto come un segno di immaturità o di confusione da parte mia, e ho persino sentito che mi guardavano con pietà e delusione.</p>
<p class="Default">Lì mi sono ricordata di una grande frase di San Giovanni Bosco che mi ha fatto confidare maggiormente in Dio di fronte a ciò che stavo vivendo: "Quando si tratta di seguire la propria vocazione, bisogna essere pronti a sacrificare tutto". Poi ho preso la decisione di imbarcarmi in questa avventura vocazionale e Dio si è gradualmente incaricato di mettere tutto al suo posto, accompagnando la mia famiglia e prendendo il posto che ho lasciato in loro.</p>
<p class="Default">Ho sentito la misericordia di Dio nel chiamarmi ed è per questo che ho iniziato la mia formazione poco più di 6 anni fa, e finora sono molto felice di vedere che il sogno che Dio ha avuto per me si sta realizzando, nonostante le mie debolezze".<span style="font-weight: 400;">".</span></p>

<p>«Julio César Morillo tiene 38 años y es un seminarista de la diócesis de Cabimas, Venezuela. Es el mayor de 2 hermanos de una familia humilde. "Desde pequeño recibí mucha atención por parte de mi familia ya que durante los primeros años de vida crecí con mis abuelos en su pueblo. Luego me fui a [&hellip;]</p>
