{"id":181594,"date":"2023-05-15T20:53:29","date_gmt":"2023-05-15T18:53:29","guid":{"rendered":"https:\/\/staging.fundacioncarf.org\/colabora\/pon-cara-a-tu-donativo\/mon-carmelo-fidel-marcaida\/"},"modified":"2026-09-02T15:20:01","modified_gmt":"2026-09-02T13:20:01","slug":"mon-carmelo-fidel-marcaida","status":"publish","type":"candidatos","link":"https:\/\/fundacioncarf.org\/it\/colabora\/pon-cara-a-tu-donativo\/mon-carmelo-fidel-marcaida\/","title":{"rendered":"Mon Carmelo Fidel Marcaida"},"content":{"rendered":"<p><span style=\"font-weight: 400;\">\"Sono entrato nel Seminario minore subito dopo gli anni della scuola primaria, quando avevo 12 anni. <\/span><\/p>\n<p><span style=\"font-weight: 400;\">La verit\u00e0 \u00e8 che prima non avevo idea di un seminario. Non sapevo cosa fosse un seminario fino a quando non ho sentito un annuncio del parroco della mia parrocchia che ci sarebbe stato un esame per coloro che volevano entrare nel seminario minore e che la diocesi stava cercando giovani ragazzi che volessero diventare sacerdoti. <\/span><\/p>\n<p><span style=\"font-weight: 400;\">Ho iniziato a chiedere ai miei genitori se potevo sostenere l'esame per entrare in seminario. \u00c8 stata una vera sorpresa per i miei genitori, perch\u00e9 non avrebbero mai immaginato che potessi entrare in seminario. <\/span><\/p>\n<p><span style=\"font-weight: 400;\">Sono entrato in seminario senza la vocazione di essere sacerdote. Non avevo le idee molto chiare, credo che volessi solo vedere la vita in seminario, solo per curiosit\u00e0. <\/span><\/p>\n<p><span style=\"font-weight: 400;\">Mentre i miei compagni erano molto chiari: volevano essere sacerdoti. Non sapevo cosa fare. <\/span><\/p>\n<p><span style=\"font-weight: 400;\">Ho avuto un periodo difficile in seminario. Avevo 12 anni, non sapevo come lavare i miei vestiti, pulire la mia stanza o rifare il letto. Ripenso a quei quattro anni nel seminario minore con gioia. <\/span><\/p>\n<p><span style=\"font-weight: 400;\">Ho imparato molte cose e l\u00ec ho scoperto la mia vocazione al sacerdozio. Ho scoperto che Dio mi chiamava a diventare sacerdote. <\/span><\/p>\n<p><span style=\"font-weight: 400;\">Avevo 15 anni quando ho sentito la chiamata del Signore. Ero molto giovane. Ero molto spaventata. Non sapevo come rispondere a questa chiamata al sacerdozio. Cos\u00ec, nella mia preghiera, ho detto al Signore: \"Mi chiarisca tutto questo, Signore, mi chiarisca tutto questo. Sono molto giovane, non so cosa fare. Ma ho sentito la Sua chiamata, mi aiuti a rispondere\".\u00a0<\/span><\/p>\n<p><span style=\"font-weight: 400;\">Dopo il seminario minore, ho deciso di continuare. <\/span><\/p>\n<p><span style=\"font-weight: 400;\">Gli anni in cui ho studiato filosofia sono stati tra i migliori della mia vita. La mia vocazione al sacerdozio stava cominciando a crescere. Stavo iniziando a capire la chiamata del Signore. <\/span><\/p>\n<p><span style=\"font-weight: 400;\">Ricordo perfettamente il giorno in cui ho detto \"S\u00ec\" al Signore. <\/span><\/p>\n<p><span style=\"font-weight: 400;\">Un'estate, il mio rettore mi mand\u00f2 su un'isola, molto remota, senza elettricit\u00e0, senza nulla. \u00c8 stato molto difficile per me, perch\u00e9 vengo da una grande citt\u00e0 e non ero abituata a vivere senza elettricit\u00e0. Il rettore mi ha mandato l\u00ec per stare con le persone a pregare, accompagnarle, fare catechesi, tenere lezioni di catechismo per i giovani e gli anziani e soprattutto celebrare la messa. Nel villaggio in cui mi trovavo, la Messa viene celebrata solo una volta ogni due mesi.\u00a0<\/span><\/p>\n<p><span style=\"font-weight: 400;\">Su quell'isola, ho detto \"S\u00ec\" al Signore. Ho visto la necessit\u00e0 di un sacerdote nella mia diocesi. Ho visto la sete delle persone per i sacramenti. E chi sono io per dire NO a questa grande chiamata di Dio ad essere il suo strumento per portare i sacramenti a tutti i popoli. <\/span><\/p>\n<p><span style=\"font-weight: 400;\">Dopo quell'esperienza, mi fu chiaro che sarei diventato sacerdote. Sono tornata a casa, molto felice.<\/span><\/p>","protected":false},"excerpt":{"rendered":"<p>\u00abEntr\u00e9 en el seminario menor justo despu\u00e9s mis a\u00f1os en primaria eso cuando ten\u00eda 12 a\u00f1os. La verdad es que antes no ten\u00eda ninguna idea de un seminario. No sab\u00eda que es un seminario hasta que escuche un anuncio del cura p\u00e1rroco en mi parroquia que habr\u00e1 un examen para los que quieren entrar el [&hellip;]<\/p>\n","protected":false},"featured_media":0,"menu_order":0,"template":"","format":"standard","meta":{"_acf_changed":false,"footnotes":""},"tags":[121],"pcatd":[],"cantidad":[],"continente":[],"estadobeca":[3],"class_list":["post-181594","candidatos","type-candidatos","status-publish","format-standard","hentry","tag-seminarista","estadobeca-en-curso"],"acf":[],"_links":{"self":[{"href":"https:\/\/fundacioncarf.org\/it\/wp-json\/wp\/v2\/candidatos\/181594","targetHints":{"allow":["GET"]}}],"collection":[{"href":"https:\/\/fundacioncarf.org\/it\/wp-json\/wp\/v2\/candidatos"}],"about":[{"href":"https:\/\/fundacioncarf.org\/it\/wp-json\/wp\/v2\/types\/candidatos"}],"version-history":[{"count":1,"href":"https:\/\/fundacioncarf.org\/it\/wp-json\/wp\/v2\/candidatos\/181594\/revisions"}],"predecessor-version":[{"id":233605,"href":"https:\/\/fundacioncarf.org\/it\/wp-json\/wp\/v2\/candidatos\/181594\/revisions\/233605"}],"wp:attachment":[{"href":"https:\/\/fundacioncarf.org\/it\/wp-json\/wp\/v2\/media?parent=181594"}],"wp:term":[{"taxonomy":"post_tag","embeddable":true,"href":"https:\/\/fundacioncarf.org\/it\/wp-json\/wp\/v2\/tags?post=181594"},{"taxonomy":"pcatd","embeddable":true,"href":"https:\/\/fundacioncarf.org\/it\/wp-json\/wp\/v2\/pcatd?post=181594"},{"taxonomy":"cantidad","embeddable":true,"href":"https:\/\/fundacioncarf.org\/it\/wp-json\/wp\/v2\/cantidad?post=181594"},{"taxonomy":"continente","embeddable":true,"href":"https:\/\/fundacioncarf.org\/it\/wp-json\/wp\/v2\/continente?post=181594"},{"taxonomy":"estadobeca","embeddable":true,"href":"https:\/\/fundacioncarf.org\/it\/wp-json\/wp\/v2\/estadobeca?post=181594"}],"curies":[{"name":"wp","href":"https:\/\/api.w.org\/{rel}","templated":true}]}}

<p><span style="font-weight: 400;">"Sono entrato nel Seminario minore subito dopo gli anni della scuola primaria, quando avevo 12 anni. </span></p>
<p><span style="font-weight: 400;">La verità è che prima non avevo idea di un seminario. Non sapevo cosa fosse un seminario fino a quando non ho sentito un annuncio del parroco della mia parrocchia che ci sarebbe stato un esame per coloro che volevano entrare nel seminario minore e che la diocesi stava cercando giovani ragazzi che volessero diventare sacerdoti. </span></p>
<p><span style="font-weight: 400;">Ho iniziato a chiedere ai miei genitori se potevo sostenere l'esame per entrare in seminario. È stata una vera sorpresa per i miei genitori, perché non avrebbero mai immaginato che potessi entrare in seminario. </span></p>
<p><span style="font-weight: 400;">Sono entrato in seminario senza la vocazione di essere sacerdote. Non avevo le idee molto chiare, credo che volessi solo vedere la vita in seminario, solo per curiosità. </span></p>
<p><span style="font-weight: 400;">Mentre i miei compagni erano molto chiari: volevano essere sacerdoti. Non sapevo cosa fare. </span></p>
<p><span style="font-weight: 400;">Ho avuto un periodo difficile in seminario. Avevo 12 anni, non sapevo come lavare i miei vestiti, pulire la mia stanza o rifare il letto. Ripenso a quei quattro anni nel seminario minore con gioia. </span></p>
<p><span style="font-weight: 400;">Ho imparato molte cose e lì ho scoperto la mia vocazione al sacerdozio. Ho scoperto che Dio mi chiamava a diventare sacerdote. </span></p>
<p><span style="font-weight: 400;">Avevo 15 anni quando ho sentito la chiamata del Signore. Ero molto giovane. Ero molto spaventata. Non sapevo come rispondere a questa chiamata al sacerdozio. Così, nella mia preghiera, ho detto al Signore: "Mi chiarisca tutto questo, Signore, mi chiarisca tutto questo. Sono molto giovane, non so cosa fare. Ma ho sentito la Sua chiamata, mi aiuti a rispondere". </span></p>
<p><span style="font-weight: 400;">Dopo il seminario minore, ho deciso di continuare. </span></p>
<p><span style="font-weight: 400;">Gli anni in cui ho studiato filosofia sono stati tra i migliori della mia vita. La mia vocazione al sacerdozio stava cominciando a crescere. Stavo iniziando a capire la chiamata del Signore. </span></p>
<p><span style="font-weight: 400;">Ricordo perfettamente il giorno in cui ho detto "Sì" al Signore. </span></p>
<p><span style="font-weight: 400;">Un'estate, il mio rettore mi mandò su un'isola, molto remota, senza elettricità, senza nulla. È stato molto difficile per me, perché vengo da una grande città e non ero abituata a vivere senza elettricità. Il rettore mi ha mandato lì per stare con le persone a pregare, accompagnarle, fare catechesi, tenere lezioni di catechismo per i giovani e gli anziani e soprattutto celebrare la messa. Nel villaggio in cui mi trovavo, la Messa viene celebrata solo una volta ogni due mesi. </span></p>
<p><span style="font-weight: 400;">Su quell'isola, ho detto "Sì" al Signore. Ho visto la necessità di un sacerdote nella mia diocesi. Ho visto la sete delle persone per i sacramenti. E chi sono io per dire NO a questa grande chiamata di Dio ad essere il suo strumento per portare i sacramenti a tutti i popoli. </span></p>
<p><span style="font-weight: 400;">Dopo quell'esperienza, mi fu chiaro che sarei diventato sacerdote. Sono tornata a casa, molto felice.</span></p>

<p>«Entré en el seminario menor justo después mis años en primaria eso cuando tenía 12 años. La verdad es que antes no tenía ninguna idea de un seminario. No sabía que es un seminario hasta que escuche un anuncio del cura párroco en mi parroquia que habrá un examen para los que quieren entrar el [&hellip;]</p>
