{"id":181581,"date":"2023-05-15T20:53:29","date_gmt":"2023-05-15T18:53:29","guid":{"rendered":"https:\/\/staging.fundacioncarf.org\/colabora\/pon-cara-a-tu-donativo\/otto-fernando-arana-mont\/"},"modified":"2026-09-02T15:02:52","modified_gmt":"2026-09-02T13:02:52","slug":"otto-fernando-arana-mont","status":"publish","type":"candidatos","link":"https:\/\/fundacioncarf.org\/it\/colabora\/pon-cara-a-tu-donativo\/otto-fernando-arana-mont\/","title":{"rendered":"Otto Fernando Arana Mont"},"content":{"rendered":"<p><span style=\"font-weight: 400;\">\"<\/span>Attualmente studia al Bidasoa, dove si diletta in materie come la Patrologia, il Pentateuco e i libri storici, nonch\u00e9 i Vangeli sinottici e gli Atti degli Apostoli, completando il suo interesse per la Sacra Scrittura con il corso di Ebraico biblico e il seminario di Greco avanzato.<\/p>\n<p>\"Grazie a questo, ho potuto continuare a scoprire con stupore il sogno che Dio ha per la mia vita, nella formazione al sacerdozio\".<\/p>\n<p>\"Dio ci sorprende sempre con il Suo amore e la Sua generosit\u00e0, che ama rendere presente attraverso le anime che sceglie per essere fedeli continuatori della Sua opera, aiutando, in questo caso, ognuno di noi che \u00e8 stato chiamato a rispondere liberamente a questo invito di Ges\u00f9 stesso, che ha risuonato per tanti secoli: \"Seguimi\" (Mt 9:9).<\/p>\n<p>Ricorda costantemente le parole che Ges\u00f9 aveva gi\u00e0 pronunciato con te e con tutti coloro che, ricevendo il dono della generosit\u00e0, avrebbero aiutato coloro che Egli aveva chiamato a stare con Lui: \"E chi dar\u00e0 da bere anche solo una tazza d'acqua fresca a uno di questi piccoli, perch\u00e9 \u00e8 un discepolo, in verit\u00e0 vi dico che non rester\u00e0 senza ricompensa\", Mt 10:42.<\/p>\n<p>Quanto sar\u00e0 grande l'abbraccio e la ricompensa eterna che Dio dar\u00e0 loro per averLo aiutato nella formazione dei Suoi sacerdoti! Tutte le Messe che saranno celebrate per adorare, lodare, benedire, ringraziare e chiedere perdono a Dio; le moltitudini di anime che riceveranno il perdono dei loro peccati perch\u00e9 c'\u00e8 un sacerdote che pu\u00f2 confessarli, tutti coloro che con un consiglio tempestivo che Dio attraverso il loro ministro dar\u00e0 loro, potranno venire da Lui e cambiare la loro vita.<\/p>\n<p>Continuer\u00f2 ad avervi presenti davanti all'Altare di Dio nella Santa Messa, nelle mie preghiere e nelle altre offerte che il Signore accetter\u00e0 per ciascuno di voi. Che il Dio Trino la benedica, che Nostra Madre vegli su di lei e che San Giuseppe la protegga sempre e ovunque.<\/p>","protected":false},"excerpt":{"rendered":"<p>\u00abActualmente me forma en Bidasoa, donde disfruto con materias como\u00a0 Patrolog\u00eda, Pentateuco y libros hist\u00f3ricos, as\u00ed como Evangelios Sin\u00f3pticos y Hechos de los Ap\u00f3stoles, complementando mi inter\u00e9s en la Sagrada Escritura con el curso de Hebreo b\u00edblico y el seminario de Griego Avanzado. Gracias a ello, he podido seguir descubriendo con asombro el sue\u00f1o que [&hellip;]<\/p>\n","protected":false},"featured_media":0,"menu_order":0,"template":"","format":"standard","meta":{"_acf_changed":false,"footnotes":""},"tags":[121],"pcatd":[],"cantidad":[],"continente":[],"estadobeca":[3],"class_list":["post-181581","candidatos","type-candidatos","status-publish","format-standard","hentry","tag-seminarista","estadobeca-en-curso"],"acf":[],"_links":{"self":[{"href":"https:\/\/fundacioncarf.org\/it\/wp-json\/wp\/v2\/candidatos\/181581","targetHints":{"allow":["GET"]}}],"collection":[{"href":"https:\/\/fundacioncarf.org\/it\/wp-json\/wp\/v2\/candidatos"}],"about":[{"href":"https:\/\/fundacioncarf.org\/it\/wp-json\/wp\/v2\/types\/candidatos"}],"version-history":[{"count":1,"href":"https:\/\/fundacioncarf.org\/it\/wp-json\/wp\/v2\/candidatos\/181581\/revisions"}],"predecessor-version":[{"id":233597,"href":"https:\/\/fundacioncarf.org\/it\/wp-json\/wp\/v2\/candidatos\/181581\/revisions\/233597"}],"wp:attachment":[{"href":"https:\/\/fundacioncarf.org\/it\/wp-json\/wp\/v2\/media?parent=181581"}],"wp:term":[{"taxonomy":"post_tag","embeddable":true,"href":"https:\/\/fundacioncarf.org\/it\/wp-json\/wp\/v2\/tags?post=181581"},{"taxonomy":"pcatd","embeddable":true,"href":"https:\/\/fundacioncarf.org\/it\/wp-json\/wp\/v2\/pcatd?post=181581"},{"taxonomy":"cantidad","embeddable":true,"href":"https:\/\/fundacioncarf.org\/it\/wp-json\/wp\/v2\/cantidad?post=181581"},{"taxonomy":"continente","embeddable":true,"href":"https:\/\/fundacioncarf.org\/it\/wp-json\/wp\/v2\/continente?post=181581"},{"taxonomy":"estadobeca","embeddable":true,"href":"https:\/\/fundacioncarf.org\/it\/wp-json\/wp\/v2\/estadobeca?post=181581"}],"curies":[{"name":"wp","href":"https:\/\/api.w.org\/{rel}","templated":true}]}}

<p><span style="font-weight: 400;">"</span>Attualmente studia al Bidasoa, dove si diletta in materie come la Patrologia, il Pentateuco e i libri storici, nonché i Vangeli sinottici e gli Atti degli Apostoli, completando il suo interesse per la Sacra Scrittura con il corso di Ebraico biblico e il seminario di Greco avanzato.</p>
<p>"Grazie a questo, ho potuto continuare a scoprire con stupore il sogno che Dio ha per la mia vita, nella formazione al sacerdozio".</p>
<p>"Dio ci sorprende sempre con il Suo amore e la Sua generosità, che ama rendere presente attraverso le anime che sceglie per essere fedeli continuatori della Sua opera, aiutando, in questo caso, ognuno di noi che è stato chiamato a rispondere liberamente a questo invito di Gesù stesso, che ha risuonato per tanti secoli: "Seguimi" (Mt 9:9).</p>
<p>Ricorda costantemente le parole che Gesù aveva già pronunciato con te e con tutti coloro che, ricevendo il dono della generosità, avrebbero aiutato coloro che Egli aveva chiamato a stare con Lui: "E chi darà da bere anche solo una tazza d'acqua fresca a uno di questi piccoli, perché è un discepolo, in verità vi dico che non resterà senza ricompensa", Mt 10:42.</p>
<p>Quanto sarà grande l'abbraccio e la ricompensa eterna che Dio darà loro per averLo aiutato nella formazione dei Suoi sacerdoti! Tutte le Messe che saranno celebrate per adorare, lodare, benedire, ringraziare e chiedere perdono a Dio; le moltitudini di anime che riceveranno il perdono dei loro peccati perché c'è un sacerdote che può confessarli, tutti coloro che con un consiglio tempestivo che Dio attraverso il loro ministro darà loro, potranno venire da Lui e cambiare la loro vita.</p>
<p>Continuerò ad avervi presenti davanti all'Altare di Dio nella Santa Messa, nelle mie preghiere e nelle altre offerte che il Signore accetterà per ciascuno di voi. Che il Dio Trino la benedica, che Nostra Madre vegli su di lei e che San Giuseppe la protegga sempre e ovunque.</p>

<p>«Actualmente me forma en Bidasoa, donde disfruto con materias como  Patrología, Pentateuco y libros históricos, así como Evangelios Sinópticos y Hechos de los Apóstoles, complementando mi interés en la Sagrada Escritura con el curso de Hebreo bíblico y el seminario de Griego Avanzado. Gracias a ello, he podido seguir descubriendo con asombro el sueño que [&hellip;]</p>
