{"id":190662,"date":"2023-09-12T16:45:52","date_gmt":"2023-09-12T14:45:52","guid":{"rendered":"https:\/\/staging.fundacioncarf.org\/?post_type=candidatos&#038;p=190662"},"modified":"2025-08-26T09:04:11","modified_gmt":"2025-08-26T07:04:11","slug":"dani-alexander-guerrero-payano","status":"publish","type":"candidatos","link":"https:\/\/fundacioncarf.org\/id\/colabora\/pon-cara-a-tu-donativo\/dani-alexander-guerrero-payano\/","title":{"rendered":"Dani Alexander Guerrero Payano"},"content":{"rendered":"<p>\"Halo, saya seminaris Dani Alexander Guerrero Payano, saya berumur 25 tahun, anak ketiga dari lima bersaudara, orang tua saya bernama Altagracia Payano dan Daniel Guerrero.<\/p>\n\n\n\n<p>Saya lahir di La Romana, provinsi Republik Dominika dan sejak usia empat tahun saya tinggal di Higuey sampai saya masuk seminari tinggi. Saya menempuh pendidikan dasar di sekolah dasar Villa Hotencia dan Sekolah Eusebio Cedano, kemudian saya menempuh pendidikan menengah di Liceo Geraldo Jansen. <\/p>\n\n\n\n<p>Pada usia 17 tahun, saya memulai kuliah di bidang Pendidikan dengan jurusan Matematika dan Fisika, dan pada usia 22 tahun, saya lulus. Setelah satu tahun menjadi guru di Kolese Kristen Morada de Sabidur\u00eda, saya memutuskan untuk masuk seminari, di mana saya menghabiskan satu tahun di seminari minor dan dua tahun di seminari mayor. <\/p>\n\n\n\n<p>Saya kemudian terpilih untuk melanjutkan pelatihan di CEI Bidasoa di Spanyol, tempat saya berada sekarang. Saya suka berolahraga, memiliki hubungan yang baik dengan rekan-rekan saya dan melayani orang lain. Saya sangat senang dipanggil oleh Tuhan untuk menjadi seorang imam. Keuskupan saya disebut Nuestra Se\u00f1ora de la Altagracia, yang terletak di bagian timur negara ini, terdiri dari beberapa provinsi: La Altagracia, La Romana dan El Seibo. Paroki saya bernama Santa Ana yang terletak di provinsi Altagracia di kotamadya Higuey, pastor paroki saya adalah Pastor Sergio Cordero. <\/p>\n\n\n\n<p>Saya sangat berterima kasih atas cara saya diperlakukan di keuskupan saya dan dengan pertolongan Tuhan kami akan terus bertumbuh untuk meningkatkan jumlah mereka yang dipanggil ke dalam Kerajaan-Nya\".<\/p>","protected":false},"excerpt":{"rendered":"<p>\u00abHola, soy el seminarista Dani Alexander Guerrero Payano, tengo 28 a\u00f1os de edad, soy el tercero de cinco hermanos, mis padres se llaman Altagracia Payano y Daniel Guerrero. Nac\u00ed en La Romana, provincia de la Rep\u00fablica Dominicana y desde los cuatros a\u00f1os viv\u00ed en Higuey hasta entrar al seminario mayor. Realic\u00e9 mis estudios primarios en [&hellip;]<\/p>\n","protected":false},"featured_media":0,"menu_order":0,"template":"","format":"standard","meta":{"_acf_changed":false,"give_campaign_id":0,"footnotes":""},"tags":[120,121],"pcatd":[],"cantidad":[],"continente":[],"estadobeca":[3],"class_list":["post-190662","candidatos","type-candidatos","status-publish","format-standard","hentry","tag-sacerdote","tag-seminarista","estadobeca-en-curso"],"acf":[],"_links":{"self":[{"href":"https:\/\/fundacioncarf.org\/id\/wp-json\/wp\/v2\/candidatos\/190662","targetHints":{"allow":["GET"]}}],"collection":[{"href":"https:\/\/fundacioncarf.org\/id\/wp-json\/wp\/v2\/candidatos"}],"about":[{"href":"https:\/\/fundacioncarf.org\/id\/wp-json\/wp\/v2\/types\/candidatos"}],"version-history":[{"count":9,"href":"https:\/\/fundacioncarf.org\/id\/wp-json\/wp\/v2\/candidatos\/190662\/revisions"}],"predecessor-version":[{"id":223418,"href":"https:\/\/fundacioncarf.org\/id\/wp-json\/wp\/v2\/candidatos\/190662\/revisions\/223418"}],"wp:attachment":[{"href":"https:\/\/fundacioncarf.org\/id\/wp-json\/wp\/v2\/media?parent=190662"}],"wp:term":[{"taxonomy":"post_tag","embeddable":true,"href":"https:\/\/fundacioncarf.org\/id\/wp-json\/wp\/v2\/tags?post=190662"},{"taxonomy":"pcatd","embeddable":true,"href":"https:\/\/fundacioncarf.org\/id\/wp-json\/wp\/v2\/pcatd?post=190662"},{"taxonomy":"cantidad","embeddable":true,"href":"https:\/\/fundacioncarf.org\/id\/wp-json\/wp\/v2\/cantidad?post=190662"},{"taxonomy":"continente","embeddable":true,"href":"https:\/\/fundacioncarf.org\/id\/wp-json\/wp\/v2\/continente?post=190662"},{"taxonomy":"estadobeca","embeddable":true,"href":"https:\/\/fundacioncarf.org\/id\/wp-json\/wp\/v2\/estadobeca?post=190662"}],"curies":[{"name":"wp","href":"https:\/\/api.w.org\/{rel}","templated":true}]}}

<p>"Halo, saya seminaris Dani Alexander Guerrero Payano, saya berumur 25 tahun, anak ketiga dari lima bersaudara, orang tua saya bernama Altagracia Payano dan Daniel Guerrero.</p>



<p>Saya lahir di La Romana, provinsi Republik Dominika dan sejak usia empat tahun saya tinggal di Higuey sampai saya masuk seminari tinggi. Saya menempuh pendidikan dasar di sekolah dasar Villa Hotencia dan Sekolah Eusebio Cedano, kemudian saya menempuh pendidikan menengah di Liceo Geraldo Jansen. </p>



<p>Pada usia 17 tahun, saya memulai kuliah di bidang Pendidikan dengan jurusan Matematika dan Fisika, dan pada usia 22 tahun, saya lulus. Setelah satu tahun menjadi guru di Kolese Kristen Morada de Sabiduría, saya memutuskan untuk masuk seminari, di mana saya menghabiskan satu tahun di seminari minor dan dua tahun di seminari mayor. </p>



<p>Saya kemudian terpilih untuk melanjutkan pelatihan di CEI Bidasoa di Spanyol, tempat saya berada sekarang. Saya suka berolahraga, memiliki hubungan yang baik dengan rekan-rekan saya dan melayani orang lain. Saya sangat senang dipanggil oleh Tuhan untuk menjadi seorang imam. Keuskupan saya disebut Nuestra Señora de la Altagracia, yang terletak di bagian timur negara ini, terdiri dari beberapa provinsi: La Altagracia, La Romana dan El Seibo. Paroki saya bernama Santa Ana yang terletak di provinsi Altagracia di kotamadya Higuey, pastor paroki saya adalah Pastor Sergio Cordero. </p>



<p>Saya sangat berterima kasih atas cara saya diperlakukan di keuskupan saya dan dengan pertolongan Tuhan kami akan terus bertumbuh untuk meningkatkan jumlah mereka yang dipanggil ke dalam Kerajaan-Nya".</p>

<p>«Hola, soy el seminarista Dani Alexander Guerrero Payano, tengo 28 años de edad, soy el tercero de cinco hermanos, mis padres se llaman Altagracia Payano y Daniel Guerrero. Nací en La Romana, provincia de la República Dominicana y desde los cuatros años viví en Higuey hasta entrar al seminario mayor. Realicé mis estudios primarios en [&hellip;]</p>
