{"id":181742,"date":"2023-05-15T20:58:18","date_gmt":"2023-05-15T18:58:18","guid":{"rendered":"https:\/\/staging.fundacioncarf.org\/colabora\/pon-cara-a-tu-donativo\/juan-armando-mendez-sosa\/"},"modified":"2025-08-26T14:59:07","modified_gmt":"2025-08-26T12:59:07","slug":"juan-armando-mendez-sosa","status":"publish","type":"candidatos","link":"https:\/\/fundacioncarf.org\/id\/colabora\/pon-cara-a-tu-donativo\/juan-armando-mendez-sosa\/","title":{"rendered":"Juan Armando M\u00e9ndez Sosa"},"content":{"rendered":"<p><span style=\"font-weight: 400;\">Juan Armando M\u00e9ndez Sosa adalah seorang imam Keuskupan Agung Puebla di Meksiko.<\/span><\/p>\n<p><span style=\"font-weight: 400;\">\"Saya telah mengikuti Tuhan di seminari selama enam tahun sekarang dan saya semakin menegaskan panggilan yang Tuhan berikan kepada saya dan memperkuat tanggapan saya terhadap panggilan ilahi ini di mana saya ingin dengan segenap hati saya mencoba untuk menjadi murah hati dan untuk dapat semakin mengkonfigurasikan diri saya kepada Yesus Kristus, hamba, guru, gembala, dan pasangan Gereja.<\/span><\/p>\n<p><span style=\"font-weight: 400;\">Tuhan ingin saya menjadi seorang imam, Dia ingin saya penuh, Dia ingin saya bahagia dan di atas semua itu Dia ingin saya menjadi orang suci.<\/span><\/p>\n<p><span style=\"font-weight: 400;\">Saya telah memperhatikan bagaimana Dia secara progresif bekerja di dalam diri saya melalui kasih karunia-Nya dan Roh Kudus dalam pembentukan yang saya terima untuk membuat saya semakin serupa dengan-Nya.<\/span><\/p>\n<p><span style=\"font-weight: 400;\">Saya tidak pernah membayangkan semua yang dapat dilakukan oleh pembinaan di Bidasoa dalam diri saya, untuk mengembangkan talenta saya dan menggunakannya untuk melayani orang lain, untuk menjadi dewasa secara manusiawi dan rohani, pembinaan intelektual yang solid dan keinginan besar untuk kekudusan yang saya miliki.<\/span><\/p>\n<p><span style=\"font-weight: 400;\">Pelatihan bersifat permanen, manusia adalah makhluk yang tidak pernah selesai dan setiap hari kita belajar hal-hal baru dan tumbuh dalam dimensi yang berbeda\".<\/span><\/p>\n<p><span style=\"font-weight: 400;\">\"Anda harus yakin dengan doa-doa saya dan saya mohon Anda tidak berhenti berdoa untuk saya.<\/span><\/p>\n<p><span style=\"font-weight: 400;\">Saya berterima kasih dengan sepenuh hati dan tak terhingga untuk semua kebaikan yang Anda lakukan dengan dukungan Anda untuk Tuhan dan Gereja. Saya memohon kepada Tuhan untuk membalas kebaikan Anda dengan melakukan semua yang saya bisa untuk memanfaatkan kesempatan ini dengan sebaik-baiknya.<\/span><\/p>","protected":false},"excerpt":{"rendered":"<p>Juan Armando M\u00e9ndez Sosa es un sacerdote de la arquidi\u00f3cesis de Puebla en M\u00e9xico. \u00abLlevo diez a\u00f1os de seguimiento al Se\u00f1or dentro del seminario y cada vez m\u00e1s voy confirmando el llamado que Dios me ha hecho y afianzando mi respuesta a esa llamada divina en la que deseo con todo mi coraz\u00f3n tratar de [&hellip;]<\/p>\n","protected":false},"featured_media":0,"menu_order":0,"template":"","format":"standard","meta":{"_acf_changed":false,"give_campaign_id":0,"footnotes":""},"tags":[120],"pcatd":[],"cantidad":[],"continente":[],"estadobeca":[3],"class_list":["post-181742","candidatos","type-candidatos","status-publish","format-standard","hentry","tag-sacerdote","estadobeca-en-curso"],"acf":[],"_links":{"self":[{"href":"https:\/\/fundacioncarf.org\/id\/wp-json\/wp\/v2\/candidatos\/181742","targetHints":{"allow":["GET"]}}],"collection":[{"href":"https:\/\/fundacioncarf.org\/id\/wp-json\/wp\/v2\/candidatos"}],"about":[{"href":"https:\/\/fundacioncarf.org\/id\/wp-json\/wp\/v2\/types\/candidatos"}],"version-history":[{"count":3,"href":"https:\/\/fundacioncarf.org\/id\/wp-json\/wp\/v2\/candidatos\/181742\/revisions"}],"predecessor-version":[{"id":223596,"href":"https:\/\/fundacioncarf.org\/id\/wp-json\/wp\/v2\/candidatos\/181742\/revisions\/223596"}],"wp:attachment":[{"href":"https:\/\/fundacioncarf.org\/id\/wp-json\/wp\/v2\/media?parent=181742"}],"wp:term":[{"taxonomy":"post_tag","embeddable":true,"href":"https:\/\/fundacioncarf.org\/id\/wp-json\/wp\/v2\/tags?post=181742"},{"taxonomy":"pcatd","embeddable":true,"href":"https:\/\/fundacioncarf.org\/id\/wp-json\/wp\/v2\/pcatd?post=181742"},{"taxonomy":"cantidad","embeddable":true,"href":"https:\/\/fundacioncarf.org\/id\/wp-json\/wp\/v2\/cantidad?post=181742"},{"taxonomy":"continente","embeddable":true,"href":"https:\/\/fundacioncarf.org\/id\/wp-json\/wp\/v2\/continente?post=181742"},{"taxonomy":"estadobeca","embeddable":true,"href":"https:\/\/fundacioncarf.org\/id\/wp-json\/wp\/v2\/estadobeca?post=181742"}],"curies":[{"name":"wp","href":"https:\/\/api.w.org\/{rel}","templated":true}]}}

Juan Armando Méndez Sosa

<p><span style="font-weight: 400;">Juan Armando Méndez Sosa adalah seorang imam Keuskupan Agung Puebla di Meksiko.</span></p>
<p><span style="font-weight: 400;">"Saya telah mengikuti Tuhan di seminari selama enam tahun sekarang dan saya semakin menegaskan panggilan yang Tuhan berikan kepada saya dan memperkuat tanggapan saya terhadap panggilan ilahi ini di mana saya ingin dengan segenap hati saya mencoba untuk menjadi murah hati dan untuk dapat semakin mengkonfigurasikan diri saya kepada Yesus Kristus, hamba, guru, gembala, dan pasangan Gereja.</span></p>
<p><span style="font-weight: 400;">Tuhan ingin saya menjadi seorang imam, Dia ingin saya penuh, Dia ingin saya bahagia dan di atas semua itu Dia ingin saya menjadi orang suci.</span></p>
<p><span style="font-weight: 400;">Saya telah memperhatikan bagaimana Dia secara progresif bekerja di dalam diri saya melalui kasih karunia-Nya dan Roh Kudus dalam pembentukan yang saya terima untuk membuat saya semakin serupa dengan-Nya.</span></p>
<p><span style="font-weight: 400;">Saya tidak pernah membayangkan semua yang dapat dilakukan oleh pembinaan di Bidasoa dalam diri saya, untuk mengembangkan talenta saya dan menggunakannya untuk melayani orang lain, untuk menjadi dewasa secara manusiawi dan rohani, pembinaan intelektual yang solid dan keinginan besar untuk kekudusan yang saya miliki.</span></p>
<p><span style="font-weight: 400;">Pelatihan bersifat permanen, manusia adalah makhluk yang tidak pernah selesai dan setiap hari kita belajar hal-hal baru dan tumbuh dalam dimensi yang berbeda".</span></p>
<p><span style="font-weight: 400;">"Anda harus yakin dengan doa-doa saya dan saya mohon Anda tidak berhenti berdoa untuk saya.</span></p>
<p><span style="font-weight: 400;">Saya berterima kasih dengan sepenuh hati dan tak terhingga untuk semua kebaikan yang Anda lakukan dengan dukungan Anda untuk Tuhan dan Gereja. Saya memohon kepada Tuhan untuk membalas kebaikan Anda dengan melakukan semua yang saya bisa untuk memanfaatkan kesempatan ini dengan sebaik-baiknya.</span></p>

<p>Juan Armando Méndez Sosa es un sacerdote de la arquidiócesis de Puebla en México. «Llevo diez años de seguimiento al Señor dentro del seminario y cada vez más voy confirmando el llamado que Dios me ha hecho y afianzando mi respuesta a esa llamada divina en la que deseo con todo mi corazón tratar de [&hellip;]</p>
