{"id":181650,"date":"2023-05-15T20:56:19","date_gmt":"2023-05-15T18:56:19","guid":{"rendered":"https:\/\/staging.fundacioncarf.org\/colabora\/pon-cara-a-tu-donativo\/saul-ruiz-garcia\/"},"modified":"2025-08-20T15:47:20","modified_gmt":"2025-08-20T13:47:20","slug":"saul-ruiz-garcia","status":"publish","type":"candidatos","link":"https:\/\/fundacioncarf.org\/id\/colabora\/pon-cara-a-tu-donativo\/saul-ruiz-garcia\/","title":{"rendered":"Sa\u00fal Ruiz Garc\u00eda"},"content":{"rendered":"<p data-start=\"90\" data-end=\"257\"><span style=\"font-weight: 400;\">\"<\/span>Saya Sa\u00fal Ruiz Garc\u00eda, seorang imam dari keuskupan Tabasco di Meksiko. Baru-baru ini saya ditahbiskan menjadi imam melalui penumpangan tangan oleh uskup saya.<\/p>\n<p data-start=\"259\" data-end=\"604\">Saya berusia 15 tahun ketika saya menemukan panggilan Tuhan ketika berpartisipasi dalam sebuah gerakan remaja di paroki saya, di kota Nacajuca, di Keuskupan Tabasco. Kesaksian hidup para imam yang mendampingi kami di paroki menjadi inspirasi bagi saya untuk mendengarkan suara Tuhan yang berbisik di telinga saya: \"Mari, ikutlah Aku\".<\/p>\n<p data-start=\"606\" data-end=\"775\">Setelah menyelesaikan studi di universitas, saya menjawab panggilan yang Tuhan berikan kepada saya tujuh tahun sebelumnya, tetapi yang saya ingat setiap hari sebagai panggilan pertama kali: \"Mari, ikutlah Aku\".<\/p>\n<p data-start=\"777\" data-end=\"906\">\"Sejak tahun 2016 saya telah belajar teologi di Universitas Navarra berkat dukungan yang saya terima dari Anda.<\/p>\n<p data-start=\"908\" data-end=\"1012\">Tahun 2020 ini merupakan tahun yang sangat sulit dan kita mungkin tidak pernah membayangkan bahwa kita akan mengalami situasi seperti ini.<\/p>\n<p data-start=\"1014\" data-end=\"1435\">Meskipun demikian, saya telah mengalami rahmat Tuhan dalam hidup saya, karena pada tanggal 31 Mei lalu saya ditahbiskan sebagai diakon di paroki San Nicol\u00e1s, di Pamplona. Itu adalah jenis perayaan yang berbeda, hidup dalam keakraban Seminari Internasional Bidasoa, berbagi dengan para seminaris dan imam yang sangat dekat dengan saya, karena, karena pandemi, tidak mungkin bagi lebih banyak orang untuk menemani kami seperti yang kami inginkan.<\/p>\n<p data-start=\"1437\" data-end=\"1697\">Saya berkesempatan untuk melakukan perjalanan ke keuskupan saya pada bulan Juni di tahun yang sama. Di sana, situasinya cukup rumit sehubungan dengan pandemi. Misa tidak dirayakan di hadapan umat, dan saya harus mengikuti transmisi melalui jejaring sosial.<\/p>\n<p data-start=\"1699\" data-end=\"1947\">Pada tanggal 15 Agustus saya menerima telepon dari uskup saya. Dia memberi tahu saya bahwa dia telah mengambil keputusan untuk melaksanakan penahbisan imamat saya pada tanggal 31 Agustus, dua hari sebelum saya kembali ke Spanyol, karena saya harus melanjutkan studi Alkitab saya.<\/p>\n<p data-start=\"1949\" data-end=\"2249\">Pentahbisan imamat bahkan lebih intim daripada pentahbisan diakonat, hanya ayah dan saudara-saudara saya (10 orang yang diundang) yang dapat menemani saya dan, karena diadakan di Seminari Tinggi Keuskupan saya, hanya para seminaris dan para imam dari tim formasi yang hadir, semuanya dilakukan secara tertutup.<\/p>\n<p data-start=\"2251\" data-end=\"2642\">Selama pendidikan seminari saya, total sembilan tahun, ketika saya berpikir untuk ditahbiskan menjadi imam, saya sangat menantikan untuk berbagi momen ini dengan umat Allah, tetapi ketika saatnya tiba, hal ini tidak memungkinkan karena situasi yang kami hadapi. Meskipun demikian, saya tidak berhenti merasakan dukungan spiritual yang diungkapkan oleh banyak orang, teman, dan kenalan kepada saya\".<\/p>\n<p data-start=\"2644\" data-end=\"2842\">Saya sangat berterima kasih atas kerja keras yang mereka lakukan sehingga para imam dan seminaris dapat melanjutkan pembinaan kita, sebuah pembinaan dengan visi besar tentang universalitas Gereja kita.<\/p>\n<p data-start=\"2844\" data-end=\"2922\">Semoga Tuhan dan Bunda Maria dari Guadalupe memberkati Anda dengan berlimpah\".<span style=\"font-weight: 400;\">\"<\/span>.<\/p>","protected":false},"excerpt":{"rendered":"<p>\u00abSoy Sa\u00fal Ruiz Garc\u00eda, sacerdote de la di\u00f3cesis de Tabasco en M\u00e9xico. Hace relativamente poco recib\u00ed, por medio de la imposici\u00f3n de manos de mi obispo, la ordenaci\u00f3n sacerdotal. Ten\u00eda 15 a\u00f1os cuando descubr\u00ed la llamada de Dios mientras participaba en un movimiento de adolescentes en mi parroquia, en el municipio de Nacajuca, di\u00f3cesis de [&hellip;]<\/p>\n","protected":false},"featured_media":0,"menu_order":0,"template":"","format":"standard","meta":{"_acf_changed":false,"give_campaign_id":0,"footnotes":""},"tags":[120],"pcatd":[],"cantidad":[],"continente":[],"estadobeca":[3],"class_list":["post-181650","candidatos","type-candidatos","status-publish","format-standard","hentry","tag-sacerdote","estadobeca-en-curso"],"acf":[],"_links":{"self":[{"href":"https:\/\/fundacioncarf.org\/id\/wp-json\/wp\/v2\/candidatos\/181650","targetHints":{"allow":["GET"]}}],"collection":[{"href":"https:\/\/fundacioncarf.org\/id\/wp-json\/wp\/v2\/candidatos"}],"about":[{"href":"https:\/\/fundacioncarf.org\/id\/wp-json\/wp\/v2\/types\/candidatos"}],"version-history":[{"count":3,"href":"https:\/\/fundacioncarf.org\/id\/wp-json\/wp\/v2\/candidatos\/181650\/revisions"}],"predecessor-version":[{"id":223000,"href":"https:\/\/fundacioncarf.org\/id\/wp-json\/wp\/v2\/candidatos\/181650\/revisions\/223000"}],"wp:attachment":[{"href":"https:\/\/fundacioncarf.org\/id\/wp-json\/wp\/v2\/media?parent=181650"}],"wp:term":[{"taxonomy":"post_tag","embeddable":true,"href":"https:\/\/fundacioncarf.org\/id\/wp-json\/wp\/v2\/tags?post=181650"},{"taxonomy":"pcatd","embeddable":true,"href":"https:\/\/fundacioncarf.org\/id\/wp-json\/wp\/v2\/pcatd?post=181650"},{"taxonomy":"cantidad","embeddable":true,"href":"https:\/\/fundacioncarf.org\/id\/wp-json\/wp\/v2\/cantidad?post=181650"},{"taxonomy":"continente","embeddable":true,"href":"https:\/\/fundacioncarf.org\/id\/wp-json\/wp\/v2\/continente?post=181650"},{"taxonomy":"estadobeca","embeddable":true,"href":"https:\/\/fundacioncarf.org\/id\/wp-json\/wp\/v2\/estadobeca?post=181650"}],"curies":[{"name":"wp","href":"https:\/\/api.w.org\/{rel}","templated":true}]}}

Saúl Ruiz García

<p data-start="90" data-end="257"><span style="font-weight: 400;">"</span>Saya Saúl Ruiz García, seorang imam dari keuskupan Tabasco di Meksiko. Baru-baru ini saya ditahbiskan menjadi imam melalui penumpangan tangan oleh uskup saya.</p>
<p data-start="259" data-end="604">Saya berusia 15 tahun ketika saya menemukan panggilan Tuhan ketika berpartisipasi dalam sebuah gerakan remaja di paroki saya, di kota Nacajuca, di Keuskupan Tabasco. Kesaksian hidup para imam yang mendampingi kami di paroki menjadi inspirasi bagi saya untuk mendengarkan suara Tuhan yang berbisik di telinga saya: "Mari, ikutlah Aku".</p>
<p data-start="606" data-end="775">Setelah menyelesaikan studi di universitas, saya menjawab panggilan yang Tuhan berikan kepada saya tujuh tahun sebelumnya, tetapi yang saya ingat setiap hari sebagai panggilan pertama kali: "Mari, ikutlah Aku".</p>
<p data-start="777" data-end="906">"Sejak tahun 2016 saya telah belajar teologi di Universitas Navarra berkat dukungan yang saya terima dari Anda.</p>
<p data-start="908" data-end="1012">Tahun 2020 ini merupakan tahun yang sangat sulit dan kita mungkin tidak pernah membayangkan bahwa kita akan mengalami situasi seperti ini.</p>
<p data-start="1014" data-end="1435">Meskipun demikian, saya telah mengalami rahmat Tuhan dalam hidup saya, karena pada tanggal 31 Mei lalu saya ditahbiskan sebagai diakon di paroki San Nicolás, di Pamplona. Itu adalah jenis perayaan yang berbeda, hidup dalam keakraban Seminari Internasional Bidasoa, berbagi dengan para seminaris dan imam yang sangat dekat dengan saya, karena, karena pandemi, tidak mungkin bagi lebih banyak orang untuk menemani kami seperti yang kami inginkan.</p>
<p data-start="1437" data-end="1697">Saya berkesempatan untuk melakukan perjalanan ke keuskupan saya pada bulan Juni di tahun yang sama. Di sana, situasinya cukup rumit sehubungan dengan pandemi. Misa tidak dirayakan di hadapan umat, dan saya harus mengikuti transmisi melalui jejaring sosial.</p>
<p data-start="1699" data-end="1947">Pada tanggal 15 Agustus saya menerima telepon dari uskup saya. Dia memberi tahu saya bahwa dia telah mengambil keputusan untuk melaksanakan penahbisan imamat saya pada tanggal 31 Agustus, dua hari sebelum saya kembali ke Spanyol, karena saya harus melanjutkan studi Alkitab saya.</p>
<p data-start="1949" data-end="2249">Pentahbisan imamat bahkan lebih intim daripada pentahbisan diakonat, hanya ayah dan saudara-saudara saya (10 orang yang diundang) yang dapat menemani saya dan, karena diadakan di Seminari Tinggi Keuskupan saya, hanya para seminaris dan para imam dari tim formasi yang hadir, semuanya dilakukan secara tertutup.</p>
<p data-start="2251" data-end="2642">Selama pendidikan seminari saya, total sembilan tahun, ketika saya berpikir untuk ditahbiskan menjadi imam, saya sangat menantikan untuk berbagi momen ini dengan umat Allah, tetapi ketika saatnya tiba, hal ini tidak memungkinkan karena situasi yang kami hadapi. Meskipun demikian, saya tidak berhenti merasakan dukungan spiritual yang diungkapkan oleh banyak orang, teman, dan kenalan kepada saya".</p>
<p data-start="2644" data-end="2842">Saya sangat berterima kasih atas kerja keras yang mereka lakukan sehingga para imam dan seminaris dapat melanjutkan pembinaan kita, sebuah pembinaan dengan visi besar tentang universalitas Gereja kita.</p>
<p data-start="2844" data-end="2922">Semoga Tuhan dan Bunda Maria dari Guadalupe memberkati Anda dengan berlimpah".<span style="font-weight: 400;">"</span>.</p>

<p>«Soy Saúl Ruiz García, sacerdote de la diócesis de Tabasco en México. Hace relativamente poco recibí, por medio de la imposición de manos de mi obispo, la ordenación sacerdotal. Tenía 15 años cuando descubrí la llamada de Dios mientras participaba en un movimiento de adolescentes en mi parroquia, en el municipio de Nacajuca, diócesis de [&hellip;]</p>
