{"id":181742,"date":"2023-05-15T20:58:18","date_gmt":"2023-05-15T18:58:18","guid":{"rendered":"https:\/\/staging.fundacioncarf.org\/colabora\/pon-cara-a-tu-donativo\/juan-armando-mendez-sosa\/"},"modified":"2025-08-26T14:59:07","modified_gmt":"2025-08-26T12:59:07","slug":"juan-armando-mendez-sosa","status":"publish","type":"candidatos","link":"https:\/\/fundacioncarf.org\/fr\/colabora\/pon-cara-a-tu-donativo\/juan-armando-mendez-sosa\/","title":{"rendered":"Juan Armando M\u00e9ndez Sosa"},"content":{"rendered":"<p><span style=\"font-weight: 400;\">Juan Armando M\u00e9ndez Sosa est un pr\u00eatre de l'archidioc\u00e8se de Puebla au Mexique.<\/span><\/p>\n<p><span style=\"font-weight: 400;\">\"Cela fait maintenant six ans que je suis le Seigneur au s\u00e9minaire et je confirme de plus en plus l'appel que Dieu m'a donn\u00e9 et je renforce ma r\u00e9ponse \u00e0 cet appel divin dans lequel je d\u00e9sire de tout mon c\u0153ur essayer d'\u00eatre le plus g\u00e9n\u00e9reux possible et de pouvoir me configurer de plus en plus \u00e0 J\u00e9sus-Christ, serviteur, enseignant, pasteur et \u00e9poux de l'\u00c9glise.<\/span><\/p>\n<p><span style=\"font-weight: 400;\">Le Seigneur veut que je sois pr\u00eatre, il veut que je sois plein, il veut que je sois heureux et surtout il veut que je sois un saint.<\/span><\/p>\n<p><span style=\"font-weight: 400;\">J'ai remarqu\u00e9 comment il travaille progressivement en moi par sa gr\u00e2ce et le Saint-Esprit dans la formation que je re\u00e7ois pour me rendre de plus en plus semblable \u00e0 lui.<\/span><\/p>\n<p><span style=\"font-weight: 400;\">Je n'avais jamais imagin\u00e9 tout ce que la formation en Bidassoa pourrait faire en moi, d\u00e9velopper mes talents et les mettre au service des autres, m\u00fbrir humainement et spirituellement, la solide formation intellectuelle et ces grands d\u00e9sirs de saintet\u00e9 que j'ai.<\/span><\/p>\n<p><span style=\"font-weight: 400;\">La formation est permanente, l'\u00eatre humain est un \u00eatre inachev\u00e9 et chaque jour nous apprenons de nouvelles choses et nous grandissons dans des dimensions diff\u00e9rentes\".<\/span><\/p>\n<p><span style=\"font-weight: 400;\">\"Vous devez \u00eatre assur\u00e9 de mes pri\u00e8res et je vous prie de ne pas cesser de prier pour moi.<\/span><\/p>\n<p><span style=\"font-weight: 400;\">Je vous remercie de tout c\u0153ur et infiniment pour tout le bien que vous faites en soutenant Dieu et l'\u00c9glise. Je demande \u00e0 Dieu la gr\u00e2ce de vous rendre la pareille en faisant tout ce qui est en mon pouvoir pour tirer le meilleur parti de cette occasion d'\u00eatre bien form\u00e9.<\/span><\/p>","protected":false},"excerpt":{"rendered":"<p>Juan Armando M\u00e9ndez Sosa es un sacerdote de la arquidi\u00f3cesis de Puebla en M\u00e9xico. \u00abLlevo diez a\u00f1os de seguimiento al Se\u00f1or dentro del seminario y cada vez m\u00e1s voy confirmando el llamado que Dios me ha hecho y afianzando mi respuesta a esa llamada divina en la que deseo con todo mi coraz\u00f3n tratar de [&hellip;]<\/p>\n","protected":false},"featured_media":0,"menu_order":0,"template":"","format":"standard","meta":{"_acf_changed":false,"give_campaign_id":0,"footnotes":""},"tags":[120],"pcatd":[],"cantidad":[],"continente":[],"estadobeca":[3],"class_list":["post-181742","candidatos","type-candidatos","status-publish","format-standard","hentry","tag-sacerdote","estadobeca-en-curso"],"acf":[],"_links":{"self":[{"href":"https:\/\/fundacioncarf.org\/fr\/wp-json\/wp\/v2\/candidatos\/181742","targetHints":{"allow":["GET"]}}],"collection":[{"href":"https:\/\/fundacioncarf.org\/fr\/wp-json\/wp\/v2\/candidatos"}],"about":[{"href":"https:\/\/fundacioncarf.org\/fr\/wp-json\/wp\/v2\/types\/candidatos"}],"version-history":[{"count":3,"href":"https:\/\/fundacioncarf.org\/fr\/wp-json\/wp\/v2\/candidatos\/181742\/revisions"}],"predecessor-version":[{"id":223596,"href":"https:\/\/fundacioncarf.org\/fr\/wp-json\/wp\/v2\/candidatos\/181742\/revisions\/223596"}],"wp:attachment":[{"href":"https:\/\/fundacioncarf.org\/fr\/wp-json\/wp\/v2\/media?parent=181742"}],"wp:term":[{"taxonomy":"post_tag","embeddable":true,"href":"https:\/\/fundacioncarf.org\/fr\/wp-json\/wp\/v2\/tags?post=181742"},{"taxonomy":"pcatd","embeddable":true,"href":"https:\/\/fundacioncarf.org\/fr\/wp-json\/wp\/v2\/pcatd?post=181742"},{"taxonomy":"cantidad","embeddable":true,"href":"https:\/\/fundacioncarf.org\/fr\/wp-json\/wp\/v2\/cantidad?post=181742"},{"taxonomy":"continente","embeddable":true,"href":"https:\/\/fundacioncarf.org\/fr\/wp-json\/wp\/v2\/continente?post=181742"},{"taxonomy":"estadobeca","embeddable":true,"href":"https:\/\/fundacioncarf.org\/fr\/wp-json\/wp\/v2\/estadobeca?post=181742"}],"curies":[{"name":"wp","href":"https:\/\/api.w.org\/{rel}","templated":true}]}}

Juan Armando Méndez Sosa

<p><span style="font-weight: 400;">Juan Armando Méndez Sosa est un prêtre de l'archidiocèse de Puebla au Mexique.</span></p>
<p><span style="font-weight: 400;">"Cela fait maintenant six ans que je suis le Seigneur au séminaire et je confirme de plus en plus l'appel que Dieu m'a donné et je renforce ma réponse à cet appel divin dans lequel je désire de tout mon cœur essayer d'être le plus généreux possible et de pouvoir me configurer de plus en plus à Jésus-Christ, serviteur, enseignant, pasteur et époux de l'Église.</span></p>
<p><span style="font-weight: 400;">Le Seigneur veut que je sois prêtre, il veut que je sois plein, il veut que je sois heureux et surtout il veut que je sois un saint.</span></p>
<p><span style="font-weight: 400;">J'ai remarqué comment il travaille progressivement en moi par sa grâce et le Saint-Esprit dans la formation que je reçois pour me rendre de plus en plus semblable à lui.</span></p>
<p><span style="font-weight: 400;">Je n'avais jamais imaginé tout ce que la formation en Bidassoa pourrait faire en moi, développer mes talents et les mettre au service des autres, mûrir humainement et spirituellement, la solide formation intellectuelle et ces grands désirs de sainteté que j'ai.</span></p>
<p><span style="font-weight: 400;">La formation est permanente, l'être humain est un être inachevé et chaque jour nous apprenons de nouvelles choses et nous grandissons dans des dimensions différentes".</span></p>
<p><span style="font-weight: 400;">"Vous devez être assuré de mes prières et je vous prie de ne pas cesser de prier pour moi.</span></p>
<p><span style="font-weight: 400;">Je vous remercie de tout cœur et infiniment pour tout le bien que vous faites en soutenant Dieu et l'Église. Je demande à Dieu la grâce de vous rendre la pareille en faisant tout ce qui est en mon pouvoir pour tirer le meilleur parti de cette occasion d'être bien formé.</span></p>

<p>Juan Armando Méndez Sosa es un sacerdote de la arquidiócesis de Puebla en México. «Llevo diez años de seguimiento al Señor dentro del seminario y cada vez más voy confirmando el llamado que Dios me ha hecho y afianzando mi respuesta a esa llamada divina en la que deseo con todo mi corazón tratar de [&hellip;]</p>
