{"id":190662,"date":"2023-09-12T16:45:52","date_gmt":"2023-09-12T14:45:52","guid":{"rendered":"https:\/\/staging.fundacioncarf.org\/?post_type=candidatos&#038;p=190662"},"modified":"2025-08-26T09:04:11","modified_gmt":"2025-08-26T07:04:11","slug":"dani-alexander-guerrero-payano","status":"publish","type":"candidatos","link":"https:\/\/fundacioncarf.org\/en\/colabora\/pon-cara-a-tu-donativo\/dani-alexander-guerrero-payano\/","title":{"rendered":"Dani Alexander Guerrero Payano"},"content":{"rendered":"<p>\"Hello, I am seminarian Dani Alexander Guerrero Payano, I am 28 years old, I am the third of five siblings, my parents' names are Altagracia Payano and Daniel Guerrero.<\/p>\n\n\n\n<p>I was born in La Romana, province of the Dominican Republic and from the age of four I lived in Higuey until I entered the major seminary. I did my primary studies in the basic school of Villa Hotencia and Eusebio Cedano School, then I attended high school at the Liceo Geraldo Jansen. <\/p>\n\n\n\n<p>When I was 17 years old, I began my studies in Education with a major in Mathematics and Physics and, at the age of 22, I graduated from the same. After a year of teaching at Morada de Sabidur\u00eda Christian College, I decided to enter the seminary, where I spent one year in the minor seminary and two years in the major seminary. <\/p>\n\n\n\n<p>I was then chosen to continue my training at CEI Bidasoa in Spain, where I am currently. I enjoy playing sports, having good relationships with my companions and being at the service of others. I am very happy to be called by God to be a priest. My diocese is called Our Lady of Altagracia, located in the east of the country, composed of the provinces: La Altagracia, La Romana and El Seibo. My parish is called Santa Ana located in the province of Altagracia in the municipality of Higuey, my parish priest is Father Sergio Cordero. <\/p>\n\n\n\n<p>I am very grateful for the treatment I have been given in my diocese and with God's help we will continue to grow to increase the number of those called to His Kingdom\".<\/p>","protected":false},"excerpt":{"rendered":"<p>\u00abHola, soy el seminarista Dani Alexander Guerrero Payano, tengo 28 a\u00f1os de edad, soy el tercero de cinco hermanos, mis padres se llaman Altagracia Payano y Daniel Guerrero. Nac\u00ed en La Romana, provincia de la Rep\u00fablica Dominicana y desde los cuatros a\u00f1os viv\u00ed en Higuey hasta entrar al seminario mayor. Realic\u00e9 mis estudios primarios en [&hellip;]<\/p>\n","protected":false},"featured_media":0,"menu_order":0,"template":"","format":"standard","meta":{"_acf_changed":false,"give_campaign_id":0,"footnotes":""},"tags":[120,121],"pcatd":[],"cantidad":[],"continente":[],"estadobeca":[3],"class_list":["post-190662","candidatos","type-candidatos","status-publish","format-standard","hentry","tag-sacerdote","tag-seminarista","estadobeca-en-curso"],"acf":[],"_links":{"self":[{"href":"https:\/\/fundacioncarf.org\/en\/wp-json\/wp\/v2\/candidatos\/190662","targetHints":{"allow":["GET"]}}],"collection":[{"href":"https:\/\/fundacioncarf.org\/en\/wp-json\/wp\/v2\/candidatos"}],"about":[{"href":"https:\/\/fundacioncarf.org\/en\/wp-json\/wp\/v2\/types\/candidatos"}],"version-history":[{"count":9,"href":"https:\/\/fundacioncarf.org\/en\/wp-json\/wp\/v2\/candidatos\/190662\/revisions"}],"predecessor-version":[{"id":223418,"href":"https:\/\/fundacioncarf.org\/en\/wp-json\/wp\/v2\/candidatos\/190662\/revisions\/223418"}],"wp:attachment":[{"href":"https:\/\/fundacioncarf.org\/en\/wp-json\/wp\/v2\/media?parent=190662"}],"wp:term":[{"taxonomy":"post_tag","embeddable":true,"href":"https:\/\/fundacioncarf.org\/en\/wp-json\/wp\/v2\/tags?post=190662"},{"taxonomy":"pcatd","embeddable":true,"href":"https:\/\/fundacioncarf.org\/en\/wp-json\/wp\/v2\/pcatd?post=190662"},{"taxonomy":"cantidad","embeddable":true,"href":"https:\/\/fundacioncarf.org\/en\/wp-json\/wp\/v2\/cantidad?post=190662"},{"taxonomy":"continente","embeddable":true,"href":"https:\/\/fundacioncarf.org\/en\/wp-json\/wp\/v2\/continente?post=190662"},{"taxonomy":"estadobeca","embeddable":true,"href":"https:\/\/fundacioncarf.org\/en\/wp-json\/wp\/v2\/estadobeca?post=190662"}],"curies":[{"name":"wp","href":"https:\/\/api.w.org\/{rel}","templated":true}]}}

<p>"Hello, I am seminarian Dani Alexander Guerrero Payano, I am 28 years old, I am the third of five siblings, my parents' names are Altagracia Payano and Daniel Guerrero.</p>



<p>I was born in La Romana, province of the Dominican Republic and from the age of four I lived in Higuey until I entered the major seminary. I did my primary studies in the basic school of Villa Hotencia and Eusebio Cedano School, then I attended high school at the Liceo Geraldo Jansen. </p>



<p>When I was 17 years old, I began my studies in Education with a major in Mathematics and Physics and, at the age of 22, I graduated from the same. After a year of teaching at Morada de Sabiduría Christian College, I decided to enter the seminary, where I spent one year in the minor seminary and two years in the major seminary. </p>



<p>I was then chosen to continue my training at CEI Bidasoa in Spain, where I am currently. I enjoy playing sports, having good relationships with my companions and being at the service of others. I am very happy to be called by God to be a priest. My diocese is called Our Lady of Altagracia, located in the east of the country, composed of the provinces: La Altagracia, La Romana and El Seibo. My parish is called Santa Ana located in the province of Altagracia in the municipality of Higuey, my parish priest is Father Sergio Cordero. </p>



<p>I am very grateful for the treatment I have been given in my diocese and with God's help we will continue to grow to increase the number of those called to His Kingdom".</p>

<p>«Hola, soy el seminarista Dani Alexander Guerrero Payano, tengo 28 años de edad, soy el tercero de cinco hermanos, mis padres se llaman Altagracia Payano y Daniel Guerrero. Nací en La Romana, provincia de la República Dominicana y desde los cuatros años viví en Higuey hasta entrar al seminario mayor. Realicé mis estudios primarios en [&hellip;]</p>
