{"id":181921,"date":"2023-05-15T21:01:33","date_gmt":"2023-05-15T19:01:33","guid":{"rendered":"https:\/\/staging.fundacioncarf.org\/colabora\/pon-cara-a-tu-donativo\/theogene-ndagijimana\/"},"modified":"2023-05-15T21:01:33","modified_gmt":"2023-05-15T19:01:33","slug":"theogene-ndagijimana","status":"publish","type":"candidatos","link":"https:\/\/fundacioncarf.org\/en\/colabora\/pon-cara-a-tu-donativo\/theogene-ndagijimana\/","title":{"rendered":"Th\u00e9og\u00e8ne Ndagijimana"},"content":{"rendered":"<p><span style=\"font-weight: 400;\">Don <strong>Th\u00e9og\u00e8ne Ndagijimana<\/strong> comes from Rwanda and is a priest of the Diocese of Nyundo. He discovered his vocation thanks to his family and is studying at the Pontifical University of the Holy Cross in Rome.<\/span><\/p>\n<p><span style=\"font-weight: 400;\">\"I am Th\u00e9og\u00e8ne Ndagijimana, a diocesan priest of the Diocese of Nyundo in Rwanda (Africa). I was born on July 11, 1988 in Bwishyura-Karongi, (Rwanda), and I grew up in the same region. I have no doubt that the Christian education I received in my family is the main root of my priestly vocation. However, every life does not last without being nurtured, so my Christian life was nurtured by participation in the Mass and family prayers that we had at home.\u00a0<\/span><\/p>\n<p><span style=\"font-weight: 400;\">After my first <\/span><span style=\"font-weight: 400;\">communion<\/span><span style=\"font-weight: 400;\">I started serving at Mass as an altar boy. This helped me to observe the priests of our parish, who did their best to bring hope to the community wounded by the genocide against the Tutsis in 1994. Seeing the priests giving of themselves in this way, while some were orphaned and witnessing the death of their loved ones in the most atrocious way, I wondered how I too would contribute to this work of God to bring life back to such a wounded society as ours.<\/span><\/p>\n<p><span style=\"font-weight: 400;\">After elementary school, I had the opportunity to enter the minor seminary, where I had enough time to meditate on my vocation, pray and observe. At the end of my studies in the minor seminary, I wrote to our bishop a letter of request to enter the major seminary. After a year, he responded positively.<\/span><\/p>\n<p><span style=\"font-weight: 400;\">During the course of the major seminary, I spent my vacations in many parishes and there I also learned a lot about the ministry that awaited me. As you can see, many things have contributed to nurture and strengthen my vocation.<\/span><\/p>\n<p><span style=\"font-weight: 400;\">We are all members of the same Body and that is why I want to thank the benefactors who help us so much. I would also like to ask you to pray for me, so that I may be faithful and serve the Lord in this difficult task of reconciliation in my country\".<\/span><\/p>","protected":false},"excerpt":{"rendered":"<p>Don Th\u00e9og\u00e8ne Ndagijimana viene de Ruanda y es sacerdote de la Di\u00f3cesis de Nyundo. Descubri\u00f3 la vocaci\u00f3n gracias a la familia y est\u00e1 estudiando en la Pontificia Universidad de la Santa Cruz, en Roma. \u00abSoy Th\u00e9og\u00e8ne Ndagijimana, sacerdote diocesano de la Di\u00f3cesis de Nyundo en Ruanda (\u00c1frica). Nac\u00ed el 11 de julio de 1988 en [&hellip;]<\/p>\n","protected":false},"featured_media":0,"menu_order":0,"template":"","format":"standard","meta":{"_acf_changed":false,"give_campaign_id":0,"footnotes":""},"tags":[],"pcatd":[],"cantidad":[],"continente":[],"estadobeca":[],"class_list":["post-181921","candidatos","type-candidatos","status-publish","format-standard","hentry"],"acf":[],"_links":{"self":[{"href":"https:\/\/fundacioncarf.org\/en\/wp-json\/wp\/v2\/candidatos\/181921","targetHints":{"allow":["GET"]}}],"collection":[{"href":"https:\/\/fundacioncarf.org\/en\/wp-json\/wp\/v2\/candidatos"}],"about":[{"href":"https:\/\/fundacioncarf.org\/en\/wp-json\/wp\/v2\/types\/candidatos"}],"version-history":[{"count":0,"href":"https:\/\/fundacioncarf.org\/en\/wp-json\/wp\/v2\/candidatos\/181921\/revisions"}],"wp:attachment":[{"href":"https:\/\/fundacioncarf.org\/en\/wp-json\/wp\/v2\/media?parent=181921"}],"wp:term":[{"taxonomy":"post_tag","embeddable":true,"href":"https:\/\/fundacioncarf.org\/en\/wp-json\/wp\/v2\/tags?post=181921"},{"taxonomy":"pcatd","embeddable":true,"href":"https:\/\/fundacioncarf.org\/en\/wp-json\/wp\/v2\/pcatd?post=181921"},{"taxonomy":"cantidad","embeddable":true,"href":"https:\/\/fundacioncarf.org\/en\/wp-json\/wp\/v2\/cantidad?post=181921"},{"taxonomy":"continente","embeddable":true,"href":"https:\/\/fundacioncarf.org\/en\/wp-json\/wp\/v2\/continente?post=181921"},{"taxonomy":"estadobeca","embeddable":true,"href":"https:\/\/fundacioncarf.org\/en\/wp-json\/wp\/v2\/estadobeca?post=181921"}],"curies":[{"name":"wp","href":"https:\/\/api.w.org\/{rel}","templated":true}]}}

Théogène Ndagijimana

<p><span style="font-weight: 400;">Don <strong>Théogène Ndagijimana</strong> comes from Rwanda and is a priest of the Diocese of Nyundo. He discovered his vocation thanks to his family and is studying at the Pontifical University of the Holy Cross in Rome.</span></p>
<p><span style="font-weight: 400;">"I am Théogène Ndagijimana, a diocesan priest of the Diocese of Nyundo in Rwanda (Africa). I was born on July 11, 1988 in Bwishyura-Karongi, (Rwanda), and I grew up in the same region. I have no doubt that the Christian education I received in my family is the main root of my priestly vocation. However, every life does not last without being nurtured, so my Christian life was nurtured by participation in the Mass and family prayers that we had at home. </span></p>
<p><span style="font-weight: 400;">After my first </span><span style="font-weight: 400;">communion</span><span style="font-weight: 400;">I started serving at Mass as an altar boy. This helped me to observe the priests of our parish, who did their best to bring hope to the community wounded by the genocide against the Tutsis in 1994. Seeing the priests giving of themselves in this way, while some were orphaned and witnessing the death of their loved ones in the most atrocious way, I wondered how I too would contribute to this work of God to bring life back to such a wounded society as ours.</span></p>
<p><span style="font-weight: 400;">After elementary school, I had the opportunity to enter the minor seminary, where I had enough time to meditate on my vocation, pray and observe. At the end of my studies in the minor seminary, I wrote to our bishop a letter of request to enter the major seminary. After a year, he responded positively.</span></p>
<p><span style="font-weight: 400;">During the course of the major seminary, I spent my vacations in many parishes and there I also learned a lot about the ministry that awaited me. As you can see, many things have contributed to nurture and strengthen my vocation.</span></p>
<p><span style="font-weight: 400;">We are all members of the same Body and that is why I want to thank the benefactors who help us so much. I would also like to ask you to pray for me, so that I may be faithful and serve the Lord in this difficult task of reconciliation in my country".</span></p>

<p>Don Théogène Ndagijimana viene de Ruanda y es sacerdote de la Diócesis de Nyundo. Descubrió la vocación gracias a la familia y está estudiando en la Pontificia Universidad de la Santa Cruz, en Roma. «Soy Théogène Ndagijimana, sacerdote diocesano de la Diócesis de Nyundo en Ruanda (África). Nací el 11 de julio de 1988 en [&hellip;]</p>
