{"id":181602,"date":"2023-05-15T20:53:29","date_gmt":"2023-05-15T18:53:29","guid":{"rendered":"https:\/\/staging.fundacioncarf.org\/colabora\/pon-cara-a-tu-donativo\/jesus-jaime-melean-bravo\/"},"modified":"2025-07-29T15:50:28","modified_gmt":"2025-07-29T13:50:28","slug":"jesus-jaime-melean-bravo","status":"publish","type":"candidatos","link":"https:\/\/fundacioncarf.org\/en\/colabora\/pon-cara-a-tu-donativo\/jesus-jaime-melean-bravo\/","title":{"rendered":"Jes\u00fas Jaime Mele\u00e1n Bravo"},"content":{"rendered":"<p><span style=\"font-weight: 400;\">Jes\u00fas Mele\u00e1n is a seminarian of the Cabimas diocese in Venezuela.<\/span><\/p>\n<p><span style=\"font-weight: 400;\">In his family, despite being a Catholic family, few are committed: most of them do not attend church regularly. Jesus was also part of that majority, only attending when it was a mass for a deceased family member or a thanksgiving for a birthday.<\/span><\/p>\n<p><span style=\"font-weight: 400;\">After experiencing a program of the Family Encounters of Venezuela, dedicated to young people and the family, he felt that God was calling him to change his life, to seek Him and to meet with each member of his family through the love of God.<\/span><\/p>\n<p><span style=\"font-weight: 400;\">\"From that moment on I began to commit myself to the church, and little by little without realizing it, I was full of commitments and serving God in everything I could. Parallel to all this, I was finishing my college career, and I was in a dating relationship for years, with serious plans of marriage. <\/span><\/p>\n<p><span style=\"font-weight: 400;\">I finished my university career, graduated with a degree in Social Communication and immediately started working in a regional television station, where from the first moment I did very well, becoming the moderator of the stellar broadcast of the news program.\u00a0<\/span><\/p>\n<p><span style=\"font-weight: 400;\">In my apostolate group, I was elected as the Regional Coordinator of the program where I was living. This led me to acquire commitments in the service of God, something that filled me and I liked. Precisely this made me take on more service in my parish, to the point that from my work, I would arrive at the parish and go home alone to sleep. Although this made me tired, I didn't mind: I wanted to serve more and more.<\/span><\/p>\n<p><span style=\"font-weight: 400;\">That's when I began to feel that something was missing, that I was doing everything I liked, but I felt that God wanted more from me, that I could give more. <\/span><\/p>\n<p><span style=\"font-weight: 400;\">At that time I felt that my work was not fulfilling me to the fullest, I only thought about leaving to go to serve in the church. I began to have problems in my dating relationship, where I did not feel fulfilled and many problems arose that ended with the breakup of the relationship. <\/span><\/p>\n<p><span style=\"font-weight: 400;\">All this led me to ask myself what God really wanted from me. With the help of my spiritual director I began my discernment process, and the deeper I delved into my inner self, the more I felt that God was calling me to something great, calling me to give everything, to leave everything for Him.\u00a0<\/span><\/p>\n<p><span style=\"font-weight: 400;\">Just thinking about it, filled me with fear, fears, denials, which led me to completely ignore everything I was feeling, I wanted to pretend to be deaf to everything that was happening around me. <\/span><\/p>\n<p><span style=\"font-weight: 400;\">This led me to experience a spiritual dryness, where I felt bad, disjointed within the church, at that time looking to find the place where I felt good I made the decision to quit my job and find another one, where I only lasted 1 month, and I resigned again.<\/span><\/p>\n<p><span style=\"font-weight: 400;\">It was until a Pentecost vigil, where at the moment of adoration, in my prayer I asked God to forgive me for pretending to be deaf, for pretending to live with my back turned to Him.\u00a0<\/span><\/p>\n<p><span style=\"font-weight: 400;\">At that moment I began to feel again everything that I had not felt for a long time, that call within my heart, that voice that told me, Come and follow me, at that moment I stood up and said Yes, I wanted to begin my process in the seminary, because I felt called to that vocation.<\/span><\/p>\n<p><span style=\"font-weight: 400;\">From that moment on, the process with my family began. It was not easy for them to accept my decision, but God knew how to put people in my path who gave me strength for the moment I was living and also to touch their hearts so that they could accept my decision.\u00a0<\/span><\/p>\n<p><span style=\"font-weight: 400;\">I studied philosophy at the Archdiocesan Seminary of Maracaibo in Venezuela, and when I was beginning my theological studies, my bishop decided that for the sake of my formation I should finish my studies here in Spain, specifically at the Bidasoa International Seminary and at the University of Navarra. <\/span><\/p>\n<p><span style=\"font-weight: 400;\">Facing that situation meant renewing my Yes, letting go of my family completely and starting this new adventure, but without a doubt, God had great things in store for me on this side of the world.\"<\/span><\/p>","protected":false},"excerpt":{"rendered":"<p>Jes\u00fas Mele\u00e1n es un seminarista de la di\u00f3cesis de Cabimas, en Venezuela. En su familia, a pesar de ser una familia cat\u00f3lica, son pocos los que est\u00e1n comprometidos: la mayor\u00eda no asisten asiduamente a la iglesia. Jes\u00fas tambi\u00e9n era parte de esa mayor\u00eda, solo asist\u00eda cuando era una misa de alg\u00fan familiar difunto o de [&hellip;]<\/p>\n","protected":false},"featured_media":0,"menu_order":0,"template":"","format":"standard","meta":{"_acf_changed":false,"give_campaign_id":0,"footnotes":""},"tags":[121],"pcatd":[],"cantidad":[],"continente":[],"estadobeca":[3],"class_list":["post-181602","candidatos","type-candidatos","status-publish","format-standard","hentry","tag-seminarista","estadobeca-en-curso"],"acf":[],"_links":{"self":[{"href":"https:\/\/fundacioncarf.org\/en\/wp-json\/wp\/v2\/candidatos\/181602","targetHints":{"allow":["GET"]}}],"collection":[{"href":"https:\/\/fundacioncarf.org\/en\/wp-json\/wp\/v2\/candidatos"}],"about":[{"href":"https:\/\/fundacioncarf.org\/en\/wp-json\/wp\/v2\/types\/candidatos"}],"version-history":[{"count":1,"href":"https:\/\/fundacioncarf.org\/en\/wp-json\/wp\/v2\/candidatos\/181602\/revisions"}],"predecessor-version":[{"id":220204,"href":"https:\/\/fundacioncarf.org\/en\/wp-json\/wp\/v2\/candidatos\/181602\/revisions\/220204"}],"wp:attachment":[{"href":"https:\/\/fundacioncarf.org\/en\/wp-json\/wp\/v2\/media?parent=181602"}],"wp:term":[{"taxonomy":"post_tag","embeddable":true,"href":"https:\/\/fundacioncarf.org\/en\/wp-json\/wp\/v2\/tags?post=181602"},{"taxonomy":"pcatd","embeddable":true,"href":"https:\/\/fundacioncarf.org\/en\/wp-json\/wp\/v2\/pcatd?post=181602"},{"taxonomy":"cantidad","embeddable":true,"href":"https:\/\/fundacioncarf.org\/en\/wp-json\/wp\/v2\/cantidad?post=181602"},{"taxonomy":"continente","embeddable":true,"href":"https:\/\/fundacioncarf.org\/en\/wp-json\/wp\/v2\/continente?post=181602"},{"taxonomy":"estadobeca","embeddable":true,"href":"https:\/\/fundacioncarf.org\/en\/wp-json\/wp\/v2\/estadobeca?post=181602"}],"curies":[{"name":"wp","href":"https:\/\/api.w.org\/{rel}","templated":true}]}}

Jesús Jaime Meleán Bravo

<p><span style="font-weight: 400;">Jesús Meleán is a seminarian of the Cabimas diocese in Venezuela.</span></p>
<p><span style="font-weight: 400;">In his family, despite being a Catholic family, few are committed: most of them do not attend church regularly. Jesus was also part of that majority, only attending when it was a mass for a deceased family member or a thanksgiving for a birthday.</span></p>
<p><span style="font-weight: 400;">After experiencing a program of the Family Encounters of Venezuela, dedicated to young people and the family, he felt that God was calling him to change his life, to seek Him and to meet with each member of his family through the love of God.</span></p>
<p><span style="font-weight: 400;">"From that moment on I began to commit myself to the church, and little by little without realizing it, I was full of commitments and serving God in everything I could. Parallel to all this, I was finishing my college career, and I was in a dating relationship for years, with serious plans of marriage. </span></p>
<p><span style="font-weight: 400;">I finished my university career, graduated with a degree in Social Communication and immediately started working in a regional television station, where from the first moment I did very well, becoming the moderator of the stellar broadcast of the news program. </span></p>
<p><span style="font-weight: 400;">In my apostolate group, I was elected as the Regional Coordinator of the program where I was living. This led me to acquire commitments in the service of God, something that filled me and I liked. Precisely this made me take on more service in my parish, to the point that from my work, I would arrive at the parish and go home alone to sleep. Although this made me tired, I didn't mind: I wanted to serve more and more.</span></p>
<p><span style="font-weight: 400;">That's when I began to feel that something was missing, that I was doing everything I liked, but I felt that God wanted more from me, that I could give more. </span></p>
<p><span style="font-weight: 400;">At that time I felt that my work was not fulfilling me to the fullest, I only thought about leaving to go to serve in the church. I began to have problems in my dating relationship, where I did not feel fulfilled and many problems arose that ended with the breakup of the relationship. </span></p>
<p><span style="font-weight: 400;">All this led me to ask myself what God really wanted from me. With the help of my spiritual director I began my discernment process, and the deeper I delved into my inner self, the more I felt that God was calling me to something great, calling me to give everything, to leave everything for Him. </span></p>
<p><span style="font-weight: 400;">Just thinking about it, filled me with fear, fears, denials, which led me to completely ignore everything I was feeling, I wanted to pretend to be deaf to everything that was happening around me. </span></p>
<p><span style="font-weight: 400;">This led me to experience a spiritual dryness, where I felt bad, disjointed within the church, at that time looking to find the place where I felt good I made the decision to quit my job and find another one, where I only lasted 1 month, and I resigned again.</span></p>
<p><span style="font-weight: 400;">It was until a Pentecost vigil, where at the moment of adoration, in my prayer I asked God to forgive me for pretending to be deaf, for pretending to live with my back turned to Him. </span></p>
<p><span style="font-weight: 400;">At that moment I began to feel again everything that I had not felt for a long time, that call within my heart, that voice that told me, Come and follow me, at that moment I stood up and said Yes, I wanted to begin my process in the seminary, because I felt called to that vocation.</span></p>
<p><span style="font-weight: 400;">From that moment on, the process with my family began. It was not easy for them to accept my decision, but God knew how to put people in my path who gave me strength for the moment I was living and also to touch their hearts so that they could accept my decision. </span></p>
<p><span style="font-weight: 400;">I studied philosophy at the Archdiocesan Seminary of Maracaibo in Venezuela, and when I was beginning my theological studies, my bishop decided that for the sake of my formation I should finish my studies here in Spain, specifically at the Bidasoa International Seminary and at the University of Navarra. </span></p>
<p><span style="font-weight: 400;">Facing that situation meant renewing my Yes, letting go of my family completely and starting this new adventure, but without a doubt, God had great things in store for me on this side of the world."</span></p>

<p>Jesús Meleán es un seminarista de la diócesis de Cabimas, en Venezuela. En su familia, a pesar de ser una familia católica, son pocos los que están comprometidos: la mayoría no asisten asiduamente a la iglesia. Jesús también era parte de esa mayoría, solo asistía cuando era una misa de algún familiar difunto o de [&hellip;]</p>
