{"id":190662,"date":"2023-09-12T16:45:52","date_gmt":"2023-09-12T14:45:52","guid":{"rendered":"https:\/\/staging.fundacioncarf.org\/?post_type=candidatos&#038;p=190662"},"modified":"2025-08-26T09:04:11","modified_gmt":"2025-08-26T07:04:11","slug":"dani-alexander-guerrero-payano","status":"publish","type":"candidatos","link":"https:\/\/fundacioncarf.org\/de\/colabora\/pon-cara-a-tu-donativo\/dani-alexander-guerrero-payano\/","title":{"rendered":"Dani Alexander Guerrero Payano"},"content":{"rendered":"<p>\"Hallo, ich bin Seminarist Dani Alexander Guerrero Payano, ich bin 25 Jahre alt, das dritte von f\u00fcnf Geschwistern, meine Eltern sind Altagracia Payano und Daniel Guerrero.<\/p>\n\n\n\n<p>Ich wurde in La Romana, Provinz der Dominikanischen Republik, geboren und lebte ab meinem vierten Lebensjahr in Higuey, bis ich in das Priesterseminar eintrat. Meine Grundschulausbildung absolvierte ich in der Grundschule von Villa Hotencia und der Eusebio Cedano-Schule, die weiterf\u00fchrende Schule besuchte ich im Liceo Geraldo Jansen. <\/p>\n\n\n\n<p>Im Alter von 17 Jahren begann ich ein Studium der P\u00e4dagogik mit den Hauptf\u00e4chern Mathematik und Physik, das ich im Alter von 22 Jahren abschloss. Nach einem Jahr als Lehrer an der Christlichen Hochschule Morada de Sabidur\u00eda beschloss ich, ins Priesterseminar einzutreten, wo ich ein Jahr im Kleinen Seminar und zwei Jahre im Gro\u00dfen Seminar verbrachte. <\/p>\n\n\n\n<p>Ich wurde dann ausgew\u00e4hlt, meine Ausbildung am CEI Bidasoa in Spanien fortzusetzen, wo ich jetzt bin. Ich treibe gerne Sport, habe gute Beziehungen zu meinen Mitmenschen und stehe gerne im Dienst an anderen. Ich bin sehr gl\u00fccklich dar\u00fcber, von Gott zum Priester berufen worden zu sein. Meine Di\u00f6zese hei\u00dft Nuestra Se\u00f1ora de la Altagracia, liegt im Osten des Landes und besteht aus den Provinzen: La Altagracia, La Romana und El Seibo. Meine Gemeinde hei\u00dft Santa Ana und liegt in der Provinz Altagracia in der Gemeinde Higuey. Mein Pfarrer ist Pater Sergio Cordero. <\/p>\n\n\n\n<p>Ich bin sehr dankbar f\u00fcr die Art und Weise, wie ich in meiner Di\u00f6zese behandelt wurde, und mit Gottes Hilfe werden wir weiter wachsen, um die Zahl derer zu erh\u00f6hen, die in sein Reich berufen sind\".<\/p>","protected":false},"excerpt":{"rendered":"<p>\u00abHola, soy el seminarista Dani Alexander Guerrero Payano, tengo 28 a\u00f1os de edad, soy el tercero de cinco hermanos, mis padres se llaman Altagracia Payano y Daniel Guerrero. Nac\u00ed en La Romana, provincia de la Rep\u00fablica Dominicana y desde los cuatros a\u00f1os viv\u00ed en Higuey hasta entrar al seminario mayor. Realic\u00e9 mis estudios primarios en [&hellip;]<\/p>\n","protected":false},"featured_media":0,"menu_order":0,"template":"","format":"standard","meta":{"_acf_changed":false,"give_campaign_id":0,"footnotes":""},"tags":[120,121],"pcatd":[],"cantidad":[],"continente":[],"estadobeca":[3],"class_list":["post-190662","candidatos","type-candidatos","status-publish","format-standard","hentry","tag-sacerdote","tag-seminarista","estadobeca-en-curso"],"acf":[],"_links":{"self":[{"href":"https:\/\/fundacioncarf.org\/de\/wp-json\/wp\/v2\/candidatos\/190662","targetHints":{"allow":["GET"]}}],"collection":[{"href":"https:\/\/fundacioncarf.org\/de\/wp-json\/wp\/v2\/candidatos"}],"about":[{"href":"https:\/\/fundacioncarf.org\/de\/wp-json\/wp\/v2\/types\/candidatos"}],"version-history":[{"count":9,"href":"https:\/\/fundacioncarf.org\/de\/wp-json\/wp\/v2\/candidatos\/190662\/revisions"}],"predecessor-version":[{"id":223418,"href":"https:\/\/fundacioncarf.org\/de\/wp-json\/wp\/v2\/candidatos\/190662\/revisions\/223418"}],"wp:attachment":[{"href":"https:\/\/fundacioncarf.org\/de\/wp-json\/wp\/v2\/media?parent=190662"}],"wp:term":[{"taxonomy":"post_tag","embeddable":true,"href":"https:\/\/fundacioncarf.org\/de\/wp-json\/wp\/v2\/tags?post=190662"},{"taxonomy":"pcatd","embeddable":true,"href":"https:\/\/fundacioncarf.org\/de\/wp-json\/wp\/v2\/pcatd?post=190662"},{"taxonomy":"cantidad","embeddable":true,"href":"https:\/\/fundacioncarf.org\/de\/wp-json\/wp\/v2\/cantidad?post=190662"},{"taxonomy":"continente","embeddable":true,"href":"https:\/\/fundacioncarf.org\/de\/wp-json\/wp\/v2\/continente?post=190662"},{"taxonomy":"estadobeca","embeddable":true,"href":"https:\/\/fundacioncarf.org\/de\/wp-json\/wp\/v2\/estadobeca?post=190662"}],"curies":[{"name":"wp","href":"https:\/\/api.w.org\/{rel}","templated":true}]}}

<p>"Hallo, ich bin Seminarist Dani Alexander Guerrero Payano, ich bin 25 Jahre alt, das dritte von fünf Geschwistern, meine Eltern sind Altagracia Payano und Daniel Guerrero.</p>



<p>Ich wurde in La Romana, Provinz der Dominikanischen Republik, geboren und lebte ab meinem vierten Lebensjahr in Higuey, bis ich in das Priesterseminar eintrat. Meine Grundschulausbildung absolvierte ich in der Grundschule von Villa Hotencia und der Eusebio Cedano-Schule, die weiterführende Schule besuchte ich im Liceo Geraldo Jansen. </p>



<p>Im Alter von 17 Jahren begann ich ein Studium der Pädagogik mit den Hauptfächern Mathematik und Physik, das ich im Alter von 22 Jahren abschloss. Nach einem Jahr als Lehrer an der Christlichen Hochschule Morada de Sabiduría beschloss ich, ins Priesterseminar einzutreten, wo ich ein Jahr im Kleinen Seminar und zwei Jahre im Großen Seminar verbrachte. </p>



<p>Ich wurde dann ausgewählt, meine Ausbildung am CEI Bidasoa in Spanien fortzusetzen, wo ich jetzt bin. Ich treibe gerne Sport, habe gute Beziehungen zu meinen Mitmenschen und stehe gerne im Dienst an anderen. Ich bin sehr glücklich darüber, von Gott zum Priester berufen worden zu sein. Meine Diözese heißt Nuestra Señora de la Altagracia, liegt im Osten des Landes und besteht aus den Provinzen: La Altagracia, La Romana und El Seibo. Meine Gemeinde heißt Santa Ana und liegt in der Provinz Altagracia in der Gemeinde Higuey. Mein Pfarrer ist Pater Sergio Cordero. </p>



<p>Ich bin sehr dankbar für die Art und Weise, wie ich in meiner Diözese behandelt wurde, und mit Gottes Hilfe werden wir weiter wachsen, um die Zahl derer zu erhöhen, die in sein Reich berufen sind".</p>

<p>«Hola, soy el seminarista Dani Alexander Guerrero Payano, tengo 28 años de edad, soy el tercero de cinco hermanos, mis padres se llaman Altagracia Payano y Daniel Guerrero. Nací en La Romana, provincia de la República Dominicana y desde los cuatros años viví en Higuey hasta entrar al seminario mayor. Realicé mis estudios primarios en [&hellip;]</p>
