{"id":181921,"date":"2023-05-15T21:01:33","date_gmt":"2023-05-15T19:01:33","guid":{"rendered":"https:\/\/staging.fundacioncarf.org\/colabora\/pon-cara-a-tu-donativo\/theogene-ndagijimana\/"},"modified":"2023-05-15T21:01:33","modified_gmt":"2023-05-15T19:01:33","slug":"theogene-ndagijimana","status":"publish","type":"candidatos","link":"https:\/\/fundacioncarf.org\/de\/colabora\/pon-cara-a-tu-donativo\/theogene-ndagijimana\/","title":{"rendered":"Th\u00e9og\u00e8ne Ndagijimana"},"content":{"rendered":"<p><span style=\"font-weight: 400;\">Don <strong>Th\u00e9og\u00e8ne Ndagijimana<\/strong> stammt aus Ruanda und ist Priester in der Di\u00f6zese Nyundo. Er hat seine Berufung dank seiner Familie entdeckt und studiert an der P\u00e4pstlichen Universit\u00e4t vom Heiligen Kreuz in Rom.<\/span><\/p>\n<p><span style=\"font-weight: 400;\">\"Ich bin Th\u00e9og\u00e8ne Ndagijimana, ein Di\u00f6zesanpriester der Di\u00f6zese Nyundo in Ruanda (Afrika). Ich wurde am 11. Juli 1988 in Bwishyura-Karongi, Ruanda, geboren und bin in der gleichen Region aufgewachsen. Ich habe keinen Zweifel daran, dass die christliche Erziehung, die ich in meiner Familie erfahren habe, die Hauptwurzel meiner priesterlichen Berufung ist. Aber jedes Leben ist nicht von Dauer, ohne gen\u00e4hrt zu werden, und so wurde mein christliches Leben durch die Teilnahme an der Messe und die Familiengebete, die wir zu Hause hatten, gen\u00e4hrt.\u00a0<\/span><\/p>\n<p><span style=\"font-weight: 400;\">Nach meinem ersten <\/span><span style=\"font-weight: 400;\">Kommunion<\/span><span style=\"font-weight: 400;\">Ich begann als Messdiener in der Messe zu dienen. Dies half mir, die Priester unserer Gemeinde zu beobachten, die ihr Bestes taten, um der durch den V\u00f6lkermord an den Tutsi im Jahr 1994 verwundeten Gemeinschaft Hoffnung zu geben. Als ich die Priester sah, die sich auf diese Weise verausgabten, w\u00e4hrend einige von ihnen verwaist waren und den Tod ihrer Angeh\u00f6rigen auf grausamste Weise miterleben mussten, fragte ich mich, wie auch ich zu diesem Werk Gottes beitragen k\u00f6nnte, um einer so verwundeten Gesellschaft wie der unseren wieder Leben einzuhauchen.<\/span><\/p>\n<p><span style=\"font-weight: 400;\">Nach der Grundschule hatte ich die M\u00f6glichkeit, in das Kleine Seminar einzutreten, wo ich gen\u00fcgend Zeit hatte, \u00fcber meine Berufung nachzudenken, zu beten und zu beobachten. Am Ende meines Studiums im Kleinen Seminar schrieb ich ein Bewerbungsschreiben an unseren Bischof, um in das Gro\u00dfe Seminar einzutreten. Nach einem Jahr reagierte er positiv.<\/span><\/p>\n<p><span style=\"font-weight: 400;\">W\u00e4hrend meiner Zeit am Hauptseminar verbrachte ich meine Ferien in vielen Pfarreien und lernte dort auch viel \u00fcber den Dienst, der mich erwartete. Wie Sie sehen k\u00f6nnen, haben viele Dinge dazu beigetragen, meine Berufung zu n\u00e4hren und zu st\u00e4rken.<\/span><\/p>\n<p><span style=\"font-weight: 400;\">Wir sind alle Mitglieder desselben K\u00f6rpers und daf\u00fcr m\u00f6chte ich den Wohlt\u00e4tern danken, die uns so sehr helfen. Ich m\u00f6chte Sie auch bitten, f\u00fcr mich zu beten, damit ich dem Herrn bei dieser schwierigen Aufgabe der Vers\u00f6hnung in meinem Land treu sein und ihm dienen kann.<\/span><\/p>","protected":false},"excerpt":{"rendered":"<p>Don Th\u00e9og\u00e8ne Ndagijimana viene de Ruanda y es sacerdote de la Di\u00f3cesis de Nyundo. Descubri\u00f3 la vocaci\u00f3n gracias a la familia y est\u00e1 estudiando en la Pontificia Universidad de la Santa Cruz, en Roma. \u00abSoy Th\u00e9og\u00e8ne Ndagijimana, sacerdote diocesano de la Di\u00f3cesis de Nyundo en Ruanda (\u00c1frica). Nac\u00ed el 11 de julio de 1988 en [&hellip;]<\/p>\n","protected":false},"featured_media":0,"menu_order":0,"template":"","format":"standard","meta":{"_acf_changed":false,"give_campaign_id":0,"footnotes":""},"tags":[],"pcatd":[],"cantidad":[],"continente":[],"estadobeca":[],"class_list":["post-181921","candidatos","type-candidatos","status-publish","format-standard","hentry"],"acf":[],"_links":{"self":[{"href":"https:\/\/fundacioncarf.org\/de\/wp-json\/wp\/v2\/candidatos\/181921","targetHints":{"allow":["GET"]}}],"collection":[{"href":"https:\/\/fundacioncarf.org\/de\/wp-json\/wp\/v2\/candidatos"}],"about":[{"href":"https:\/\/fundacioncarf.org\/de\/wp-json\/wp\/v2\/types\/candidatos"}],"version-history":[{"count":0,"href":"https:\/\/fundacioncarf.org\/de\/wp-json\/wp\/v2\/candidatos\/181921\/revisions"}],"wp:attachment":[{"href":"https:\/\/fundacioncarf.org\/de\/wp-json\/wp\/v2\/media?parent=181921"}],"wp:term":[{"taxonomy":"post_tag","embeddable":true,"href":"https:\/\/fundacioncarf.org\/de\/wp-json\/wp\/v2\/tags?post=181921"},{"taxonomy":"pcatd","embeddable":true,"href":"https:\/\/fundacioncarf.org\/de\/wp-json\/wp\/v2\/pcatd?post=181921"},{"taxonomy":"cantidad","embeddable":true,"href":"https:\/\/fundacioncarf.org\/de\/wp-json\/wp\/v2\/cantidad?post=181921"},{"taxonomy":"continente","embeddable":true,"href":"https:\/\/fundacioncarf.org\/de\/wp-json\/wp\/v2\/continente?post=181921"},{"taxonomy":"estadobeca","embeddable":true,"href":"https:\/\/fundacioncarf.org\/de\/wp-json\/wp\/v2\/estadobeca?post=181921"}],"curies":[{"name":"wp","href":"https:\/\/api.w.org\/{rel}","templated":true}]}}

Théogène Ndagijimana

<p><span style="font-weight: 400;">Don <strong>Théogène Ndagijimana</strong> stammt aus Ruanda und ist Priester in der Diözese Nyundo. Er hat seine Berufung dank seiner Familie entdeckt und studiert an der Päpstlichen Universität vom Heiligen Kreuz in Rom.</span></p>
<p><span style="font-weight: 400;">"Ich bin Théogène Ndagijimana, ein Diözesanpriester der Diözese Nyundo in Ruanda (Afrika). Ich wurde am 11. Juli 1988 in Bwishyura-Karongi, Ruanda, geboren und bin in der gleichen Region aufgewachsen. Ich habe keinen Zweifel daran, dass die christliche Erziehung, die ich in meiner Familie erfahren habe, die Hauptwurzel meiner priesterlichen Berufung ist. Aber jedes Leben ist nicht von Dauer, ohne genährt zu werden, und so wurde mein christliches Leben durch die Teilnahme an der Messe und die Familiengebete, die wir zu Hause hatten, genährt. </span></p>
<p><span style="font-weight: 400;">Nach meinem ersten </span><span style="font-weight: 400;">Kommunion</span><span style="font-weight: 400;">Ich begann als Messdiener in der Messe zu dienen. Dies half mir, die Priester unserer Gemeinde zu beobachten, die ihr Bestes taten, um der durch den Völkermord an den Tutsi im Jahr 1994 verwundeten Gemeinschaft Hoffnung zu geben. Als ich die Priester sah, die sich auf diese Weise verausgabten, während einige von ihnen verwaist waren und den Tod ihrer Angehörigen auf grausamste Weise miterleben mussten, fragte ich mich, wie auch ich zu diesem Werk Gottes beitragen könnte, um einer so verwundeten Gesellschaft wie der unseren wieder Leben einzuhauchen.</span></p>
<p><span style="font-weight: 400;">Nach der Grundschule hatte ich die Möglichkeit, in das Kleine Seminar einzutreten, wo ich genügend Zeit hatte, über meine Berufung nachzudenken, zu beten und zu beobachten. Am Ende meines Studiums im Kleinen Seminar schrieb ich ein Bewerbungsschreiben an unseren Bischof, um in das Große Seminar einzutreten. Nach einem Jahr reagierte er positiv.</span></p>
<p><span style="font-weight: 400;">Während meiner Zeit am Hauptseminar verbrachte ich meine Ferien in vielen Pfarreien und lernte dort auch viel über den Dienst, der mich erwartete. Wie Sie sehen können, haben viele Dinge dazu beigetragen, meine Berufung zu nähren und zu stärken.</span></p>
<p><span style="font-weight: 400;">Wir sind alle Mitglieder desselben Körpers und dafür möchte ich den Wohltätern danken, die uns so sehr helfen. Ich möchte Sie auch bitten, für mich zu beten, damit ich dem Herrn bei dieser schwierigen Aufgabe der Versöhnung in meinem Land treu sein und ihm dienen kann.</span></p>

<p>Don Théogène Ndagijimana viene de Ruanda y es sacerdote de la Diócesis de Nyundo. Descubrió la vocación gracias a la familia y está estudiando en la Pontificia Universidad de la Santa Cruz, en Roma. «Soy Théogène Ndagijimana, sacerdote diocesano de la Diócesis de Nyundo en Ruanda (África). Nací el 11 de julio de 1988 en [&hellip;]</p>
