{"id":181650,"date":"2023-05-15T20:56:19","date_gmt":"2023-05-15T18:56:19","guid":{"rendered":"https:\/\/staging.fundacioncarf.org\/colabora\/pon-cara-a-tu-donativo\/saul-ruiz-garcia\/"},"modified":"2025-08-20T15:47:20","modified_gmt":"2025-08-20T13:47:20","slug":"saul-ruiz-garcia","status":"publish","type":"candidatos","link":"https:\/\/fundacioncarf.org\/de\/colabora\/pon-cara-a-tu-donativo\/saul-ruiz-garcia\/","title":{"rendered":"Sa\u00fal Ruiz Garc\u00eda"},"content":{"rendered":"<p data-start=\"90\" data-end=\"257\"><span style=\"font-weight: 400;\">\"<\/span>Ich bin Sa\u00fal Ruiz Garc\u00eda, ein Priester der Di\u00f6zese Tabasco in Mexiko. Erst vor kurzem wurde ich von meinem Bischof durch Handauflegung zum Priester geweiht.<\/p>\n<p data-start=\"259\" data-end=\"604\">Ich war 15 Jahre alt, als ich den Ruf Gottes entdeckte, als ich an einer Jugendbewegung in meiner Gemeinde in der Gemeinde Nacajuca in der Di\u00f6zese Tabasco teilnahm. Das Lebenszeugnis der Priester, die uns in der Pfarrei begleiteten, war eine Inspiration f\u00fcr mich, auf die Stimme Gottes zu h\u00f6ren, die mir ins Ohr fl\u00fcsterte: \"Komm, folge mir nach\".<\/p>\n<p data-start=\"606\" data-end=\"775\">Nachdem ich mein Universit\u00e4tsstudium beendet hatte, folgte ich dem Ruf, den Gott mir sieben Jahre zuvor gegeben hatte, an den ich mich aber jeden Tag wie beim ersten Mal erinnerte: \"Komm, folge mir nach\".<\/p>\n<p data-start=\"777\" data-end=\"906\">\"Seit 2016 studiere ich Theologie an der Universit\u00e4t von Navarra, dank der Unterst\u00fctzung, die ich von Ihnen erhalte.<\/p>\n<p data-start=\"908\" data-end=\"1012\">Dieses Jahr 2020 war ein sehr schwieriges Jahr und wir h\u00e4tten uns wahrscheinlich nie vorstellen k\u00f6nnen, dass wir eine Situation wie diese erleben w\u00fcrden.<\/p>\n<p data-start=\"1014\" data-end=\"1435\">Trotzdem habe ich Gottes Gnade in meinem Leben erfahren, denn am 31. Mai letzten Jahres wurde ich in der Gemeinde San Nicol\u00e1s in Pamplona zum Diakon geweiht. Es war eine andere Art von Feier, die ich in der Intimit\u00e4t des Internationalen Seminars von Bidasoa erlebte, zusammen mit Seminaristen und Priestern, die mir sehr nahe standen, denn aufgrund der Pandemie war es nicht m\u00f6glich, dass uns mehr Menschen begleiteten, als wir es uns gew\u00fcnscht h\u00e4tten.<\/p>\n<p data-start=\"1437\" data-end=\"1697\">Ich hatte die Gelegenheit, im Juni desselben Jahres in meine Di\u00f6zese zu reisen. Dort war die Situation im Hinblick auf die Pandemie ziemlich kompliziert. Die Messen wurden nicht in Anwesenheit der Menschen gefeiert, und ich musste die \u00dcbertragungen \u00fcber die sozialen Netzwerke verfolgen.<\/p>\n<p data-start=\"1699\" data-end=\"1947\">Am 15. August erhielt ich einen Anruf von meinem Bischof. Er teilte mir mit, dass er beschlossen hatte, meine Priesterweihe am 31. August durchzuf\u00fchren, zwei Tage vor meiner R\u00fcckkehr nach Spanien, da ich meine biblischen Studien fortsetzen musste.<\/p>\n<p data-start=\"1949\" data-end=\"2249\">Die Priesterweihe war noch intimer als die Diakonatsweihe, nur mein Vater und meine Geschwister (10 geladene Personen) konnten mich begleiten und da sie im Gro\u00dfen Priesterseminar meiner Di\u00f6zese stattfand, waren nur die Seminaristen und die Priester des Ausbildungsteams anwesend, alles fand hinter verschlossenen T\u00fcren statt.<\/p>\n<p data-start=\"2251\" data-end=\"2642\">Als ich w\u00e4hrend meiner insgesamt neunj\u00e4hrigen Seminarausbildung an die Priesterweihe dachte, freute ich mich darauf, diesen Moment mit dem Volk Gottes zu teilen, aber als die Zeit gekommen war, war dies aufgrund der Situation, in der wir uns befinden, nicht m\u00f6glich. Trotzdem habe ich nicht aufgeh\u00f6rt, die spirituelle Unterst\u00fctzung zu sp\u00fcren, die viele Menschen, Freunde und Bekannte mir gegen\u00fcber zum Ausdruck gebracht haben\".<\/p>\n<p data-start=\"2644\" data-end=\"2842\">Ich bin zutiefst dankbar f\u00fcr die enorme Arbeit, die sie leisten, damit wir Priester und Seminaristen unsere Ausbildung fortsetzen k\u00f6nnen, eine Ausbildung mit einer gro\u00dfen Vision f\u00fcr die Universalit\u00e4t unserer Kirche.<\/p>\n<p data-start=\"2844\" data-end=\"2922\">M\u00f6gen Gott und unsere Mutter, die Jungfrau von Guadalupe, Sie reichlich segnen\".<span style=\"font-weight: 400;\">\"<\/span>.<\/p>","protected":false},"excerpt":{"rendered":"<p>\u00abSoy Sa\u00fal Ruiz Garc\u00eda, sacerdote de la di\u00f3cesis de Tabasco en M\u00e9xico. Hace relativamente poco recib\u00ed, por medio de la imposici\u00f3n de manos de mi obispo, la ordenaci\u00f3n sacerdotal. Ten\u00eda 15 a\u00f1os cuando descubr\u00ed la llamada de Dios mientras participaba en un movimiento de adolescentes en mi parroquia, en el municipio de Nacajuca, di\u00f3cesis de [&hellip;]<\/p>\n","protected":false},"featured_media":0,"menu_order":0,"template":"","format":"standard","meta":{"_acf_changed":false,"give_campaign_id":0,"footnotes":""},"tags":[120],"pcatd":[],"cantidad":[],"continente":[],"estadobeca":[3],"class_list":["post-181650","candidatos","type-candidatos","status-publish","format-standard","hentry","tag-sacerdote","estadobeca-en-curso"],"acf":[],"_links":{"self":[{"href":"https:\/\/fundacioncarf.org\/de\/wp-json\/wp\/v2\/candidatos\/181650","targetHints":{"allow":["GET"]}}],"collection":[{"href":"https:\/\/fundacioncarf.org\/de\/wp-json\/wp\/v2\/candidatos"}],"about":[{"href":"https:\/\/fundacioncarf.org\/de\/wp-json\/wp\/v2\/types\/candidatos"}],"version-history":[{"count":3,"href":"https:\/\/fundacioncarf.org\/de\/wp-json\/wp\/v2\/candidatos\/181650\/revisions"}],"predecessor-version":[{"id":223000,"href":"https:\/\/fundacioncarf.org\/de\/wp-json\/wp\/v2\/candidatos\/181650\/revisions\/223000"}],"wp:attachment":[{"href":"https:\/\/fundacioncarf.org\/de\/wp-json\/wp\/v2\/media?parent=181650"}],"wp:term":[{"taxonomy":"post_tag","embeddable":true,"href":"https:\/\/fundacioncarf.org\/de\/wp-json\/wp\/v2\/tags?post=181650"},{"taxonomy":"pcatd","embeddable":true,"href":"https:\/\/fundacioncarf.org\/de\/wp-json\/wp\/v2\/pcatd?post=181650"},{"taxonomy":"cantidad","embeddable":true,"href":"https:\/\/fundacioncarf.org\/de\/wp-json\/wp\/v2\/cantidad?post=181650"},{"taxonomy":"continente","embeddable":true,"href":"https:\/\/fundacioncarf.org\/de\/wp-json\/wp\/v2\/continente?post=181650"},{"taxonomy":"estadobeca","embeddable":true,"href":"https:\/\/fundacioncarf.org\/de\/wp-json\/wp\/v2\/estadobeca?post=181650"}],"curies":[{"name":"wp","href":"https:\/\/api.w.org\/{rel}","templated":true}]}}

Saúl Ruiz García

<p data-start="90" data-end="257"><span style="font-weight: 400;">"</span>Ich bin Saúl Ruiz García, ein Priester der Diözese Tabasco in Mexiko. Erst vor kurzem wurde ich von meinem Bischof durch Handauflegung zum Priester geweiht.</p>
<p data-start="259" data-end="604">Ich war 15 Jahre alt, als ich den Ruf Gottes entdeckte, als ich an einer Jugendbewegung in meiner Gemeinde in der Gemeinde Nacajuca in der Diözese Tabasco teilnahm. Das Lebenszeugnis der Priester, die uns in der Pfarrei begleiteten, war eine Inspiration für mich, auf die Stimme Gottes zu hören, die mir ins Ohr flüsterte: "Komm, folge mir nach".</p>
<p data-start="606" data-end="775">Nachdem ich mein Universitätsstudium beendet hatte, folgte ich dem Ruf, den Gott mir sieben Jahre zuvor gegeben hatte, an den ich mich aber jeden Tag wie beim ersten Mal erinnerte: "Komm, folge mir nach".</p>
<p data-start="777" data-end="906">"Seit 2016 studiere ich Theologie an der Universität von Navarra, dank der Unterstützung, die ich von Ihnen erhalte.</p>
<p data-start="908" data-end="1012">Dieses Jahr 2020 war ein sehr schwieriges Jahr und wir hätten uns wahrscheinlich nie vorstellen können, dass wir eine Situation wie diese erleben würden.</p>
<p data-start="1014" data-end="1435">Trotzdem habe ich Gottes Gnade in meinem Leben erfahren, denn am 31. Mai letzten Jahres wurde ich in der Gemeinde San Nicolás in Pamplona zum Diakon geweiht. Es war eine andere Art von Feier, die ich in der Intimität des Internationalen Seminars von Bidasoa erlebte, zusammen mit Seminaristen und Priestern, die mir sehr nahe standen, denn aufgrund der Pandemie war es nicht möglich, dass uns mehr Menschen begleiteten, als wir es uns gewünscht hätten.</p>
<p data-start="1437" data-end="1697">Ich hatte die Gelegenheit, im Juni desselben Jahres in meine Diözese zu reisen. Dort war die Situation im Hinblick auf die Pandemie ziemlich kompliziert. Die Messen wurden nicht in Anwesenheit der Menschen gefeiert, und ich musste die Übertragungen über die sozialen Netzwerke verfolgen.</p>
<p data-start="1699" data-end="1947">Am 15. August erhielt ich einen Anruf von meinem Bischof. Er teilte mir mit, dass er beschlossen hatte, meine Priesterweihe am 31. August durchzuführen, zwei Tage vor meiner Rückkehr nach Spanien, da ich meine biblischen Studien fortsetzen musste.</p>
<p data-start="1949" data-end="2249">Die Priesterweihe war noch intimer als die Diakonatsweihe, nur mein Vater und meine Geschwister (10 geladene Personen) konnten mich begleiten und da sie im Großen Priesterseminar meiner Diözese stattfand, waren nur die Seminaristen und die Priester des Ausbildungsteams anwesend, alles fand hinter verschlossenen Türen statt.</p>
<p data-start="2251" data-end="2642">Als ich während meiner insgesamt neunjährigen Seminarausbildung an die Priesterweihe dachte, freute ich mich darauf, diesen Moment mit dem Volk Gottes zu teilen, aber als die Zeit gekommen war, war dies aufgrund der Situation, in der wir uns befinden, nicht möglich. Trotzdem habe ich nicht aufgehört, die spirituelle Unterstützung zu spüren, die viele Menschen, Freunde und Bekannte mir gegenüber zum Ausdruck gebracht haben".</p>
<p data-start="2644" data-end="2842">Ich bin zutiefst dankbar für die enorme Arbeit, die sie leisten, damit wir Priester und Seminaristen unsere Ausbildung fortsetzen können, eine Ausbildung mit einer großen Vision für die Universalität unserer Kirche.</p>
<p data-start="2844" data-end="2922">Mögen Gott und unsere Mutter, die Jungfrau von Guadalupe, Sie reichlich segnen".<span style="font-weight: 400;">"</span>.</p>

<p>«Soy Saúl Ruiz García, sacerdote de la diócesis de Tabasco en México. Hace relativamente poco recibí, por medio de la imposición de manos de mi obispo, la ordenación sacerdotal. Tenía 15 años cuando descubrí la llamada de Dios mientras participaba en un movimiento de adolescentes en mi parroquia, en el municipio de Nacajuca, diócesis de [&hellip;]</p>
