{"id":181604,"date":"2023-05-15T20:55:02","date_gmt":"2023-05-15T18:55:02","guid":{"rendered":"https:\/\/staging.fundacioncarf.org\/colabora\/pon-cara-a-tu-donativo\/julio-cesar-morillo-leal\/"},"modified":"2025-08-01T10:01:50","modified_gmt":"2025-08-01T08:01:50","slug":"julio-cesar-morillo-leal","status":"publish","type":"candidatos","link":"https:\/\/fundacioncarf.org\/de\/colabora\/pon-cara-a-tu-donativo\/julio-cesar-morillo-leal\/","title":{"rendered":"Julio C\u00e9sar Morillo Leal"},"content":{"rendered":"<p><span style=\"font-weight: 400;\">\"<\/span>Julio C\u00e9sar Morillo ist 33 Jahre alt und ein Seminarist aus der Di\u00f6zese Cabimas, Venezuela. Er ist der \u00e4lteste von zwei Br\u00fcdern aus einer bescheidenen Familie.<\/p>\n<p>\"Von klein auf erhielt ich viel Aufmerksamkeit von meiner Familie, da ich die ersten Jahre meines Lebens bei meinen Gro\u00dfeltern in ihrem Dorf aufgewachsen bin.<\/p>\n<p class=\"Default\">Dann zog ich zu meinen Eltern in die Stadt und die Umstellung war sehr schwer, denn es gab nur wenige Momente, in denen wir in Frieden leben konnten. Meine Eltern verstanden sich nicht besonders gut und als ich etwa 15 Jahre alt war, war die Situation so schwierig, dass ich sogar dar\u00fcber nachdachte, von zu Hause auszuziehen, aber damals lie\u00dfen sich meine Eltern scheiden und ich lebte weiterhin bei meiner Schwester und meiner Mutter.<\/p>\n<p class=\"Default\">Von diesem Alter an musste ich bestimmte Aufgaben in meinem Zuhause \u00fcbernehmen und mir verschiedene Ziele setzen, die ich mit viel harter Arbeit, Hingabe und M\u00fche erreichen wollte. Ich habe mir einen Plan gemacht, was ich f\u00fcr mein Leben wollte, und bin diesem Plan gefolgt, bis ich es erreicht hatte.<\/p>\n<p class=\"Default\">Ich habe mich f\u00fcr ein Studium der Ingenieurwissenschaften entschieden, weil ich eine Leidenschaft f\u00fcr Zahlen habe. Meine Tr\u00e4ume basierten daher haupts\u00e4chlich auf einem Abschluss als Ingenieurin, damit ich dann nicht nur in diesem Bereich praktizieren, sondern auch an der Universit\u00e4t unterrichten kann.<\/p>\n<p class=\"Default\">Was meine Berufung betrifft, so muss ich sagen, dass jeder seine eigene Geschichte hat und den Ruf des Herrn, ihm zu folgen, auf eine besondere Weise empf\u00e4ngt. In meinem Fall geh\u00f6rte ich seit meiner Jugend verschiedenen Bewegungen und apostolischen Gruppen innerhalb der Kirche meines Landes an, wie Jovenmisi\u00f3n, Pastoral Juvenil, Cursillos de Cristiandad, Legi\u00f3n de Mar\u00eda und vor allem Encuentros Familiares de Venezuela, wo ich Gott mehrere Jahre lang diente.<\/p>\n<p class=\"Default\">Interessanterweise konzentriert sich diese Bewegung auf die Familie und auf die pers\u00f6nliche Verpflichtung, eine zuk\u00fcnftige Familie zu gr\u00fcnden. Mein Lebensprojekt konzentrierte sich auf diesen Weg, w\u00e4hrend ich in meinem beruflichen Projekt immer Gottes Gegenwart sp\u00fcrte, die mich glauben lie\u00df, dass dies auch das war, was Gott f\u00fcr mich wollte.<\/p>\n<p class=\"Default\">Ich habe einen Abschluss als Petroleum Engineer und habe meinen Beruf in diesem Bereich und als Universit\u00e4tsprofessor ausge\u00fcbt. Ich war auf dem H\u00f6hepunkt meines beruflichen Projekts: Meine Familie war sehr zufrieden mit den Ergebnissen, die ich bisher erzielt hatte, und meine Freunde bewunderten meine Leistungen in einem so jungen Alter.<\/p>\n<p class=\"Default\">Ich dachte, das w\u00e4re das, was mich wirklich gl\u00fccklich machen w\u00fcrde, aber in Wirklichkeit war es das nicht. Ich f\u00fchlte mich ein wenig leer und ich sp\u00fcrte auch, dass ich zu etwas anderem berufen war, also musste ich mich darauf konzentrieren, es zu entdecken.<\/p>\n<p class=\"Default\">Es war ein ziemlicher Schlag, als ich feststellte, dass mein Projekt trotz des bisherigen Erfolges gescheitert war. Daraufhin begann ich mit Hilfe meines geistlichen Leiters eine Suche, die ich mit der Entscheidung begann, meine Zukunft in Gottes H\u00e4nde zu legen und seinen Willen in meinem Leben geschehen zu lassen.<\/p>\n<p class=\"Default\">In diesem Moment wurde mir klar, dass ich meinen Plan zwar gemacht hatte, ihn aber nie Gott zur Pr\u00fcfung vorgelegt hatte, um zu sehen, ob es wirklich das war, was er f\u00fcr mich wollte. Nur mein Gebet basierte auf der Bitte um Hilfe bei der Verwirklichung dieses Plans, und ich habe das Gef\u00fchl, dass Gott mir erlaubt hat, ihn zu erf\u00fcllen.<\/p>\n<p class=\"Default\">Von diesem Moment an begannen sich verschiedene Ereignisse zu ereignen, bei denen ich klar erkannte, dass der Herr von mir verlangte, mich v\u00f6llig aufzugeben, um Ihm zu folgen: meinen Job, meinen Beruf, mein Studium und sogar meine Familie zu verlassen, die zun\u00e4chst nicht einverstanden war.<\/p>\n<p class=\"Default\">Sie verstanden nicht, was f\u00fcr eine Ver\u00e4nderung es bedeuten w\u00fcrde, alles zu verlassen, was ich mir im Laufe der Jahre aufgebaut hatte, um einen neuen Weg einzuschlagen. Manche sahen darin ein Zeichen von Unreife oder Verwirrung meinerseits, und ich hatte sogar das Gef\u00fchl, dass sie mich mitleidig und entt\u00e4uscht ansahen.<\/p>\n<p class=\"Default\">Da erinnerte ich mich an einen gro\u00dfartigen Satz des heiligen Johannes Bosco, der mich angesichts dessen, was ich erlebte, mehr auf Gott vertrauen lie\u00df: \"Wenn es darum geht, seiner Berufung zu folgen, muss man bereit sein, alles zu opfern\". Dann traf ich die Entscheidung, mich auf dieses Abenteuer der Berufung einzulassen, und Gott hat nach und nach alles an seinen Platz gebracht, meine Familie begleitet und den Platz gef\u00fcllt, den ich in ihr hinterlassen habe.<\/p>\n<p class=\"Default\">Ich habe Gottes Gnade gesp\u00fcrt, als er mich berufen hat, und deshalb habe ich vor etwas mehr als 6 Jahren mit meiner Ausbildung begonnen. Bis jetzt bin ich sehr gl\u00fccklich zu sehen, dass der Traum, den Gott f\u00fcr mich hatte, trotz meiner Schw\u00e4chen in Erf\u00fcllung geht\".<span style=\"font-weight: 400;\">\".<\/span><\/p>","protected":false},"excerpt":{"rendered":"<p>\u00abJulio C\u00e9sar Morillo tiene 38 a\u00f1os y es un seminarista de la di\u00f3cesis de Cabimas, Venezuela. Es el mayor de 2 hermanos de una familia humilde. \"Desde peque\u00f1o recib\u00ed mucha atenci\u00f3n por parte de mi familia ya que durante los primeros a\u00f1os de vida crec\u00ed con mis abuelos en su pueblo. Luego me fui a [&hellip;]<\/p>\n","protected":false},"featured_media":0,"menu_order":0,"template":"","format":"standard","meta":{"_acf_changed":false,"give_campaign_id":0,"footnotes":""},"tags":[121],"pcatd":[],"cantidad":[],"continente":[],"estadobeca":[3],"class_list":["post-181604","candidatos","type-candidatos","status-publish","format-standard","hentry","tag-seminarista","estadobeca-en-curso"],"acf":[],"_links":{"self":[{"href":"https:\/\/fundacioncarf.org\/de\/wp-json\/wp\/v2\/candidatos\/181604","targetHints":{"allow":["GET"]}}],"collection":[{"href":"https:\/\/fundacioncarf.org\/de\/wp-json\/wp\/v2\/candidatos"}],"about":[{"href":"https:\/\/fundacioncarf.org\/de\/wp-json\/wp\/v2\/types\/candidatos"}],"version-history":[{"count":2,"href":"https:\/\/fundacioncarf.org\/de\/wp-json\/wp\/v2\/candidatos\/181604\/revisions"}],"predecessor-version":[{"id":221067,"href":"https:\/\/fundacioncarf.org\/de\/wp-json\/wp\/v2\/candidatos\/181604\/revisions\/221067"}],"wp:attachment":[{"href":"https:\/\/fundacioncarf.org\/de\/wp-json\/wp\/v2\/media?parent=181604"}],"wp:term":[{"taxonomy":"post_tag","embeddable":true,"href":"https:\/\/fundacioncarf.org\/de\/wp-json\/wp\/v2\/tags?post=181604"},{"taxonomy":"pcatd","embeddable":true,"href":"https:\/\/fundacioncarf.org\/de\/wp-json\/wp\/v2\/pcatd?post=181604"},{"taxonomy":"cantidad","embeddable":true,"href":"https:\/\/fundacioncarf.org\/de\/wp-json\/wp\/v2\/cantidad?post=181604"},{"taxonomy":"continente","embeddable":true,"href":"https:\/\/fundacioncarf.org\/de\/wp-json\/wp\/v2\/continente?post=181604"},{"taxonomy":"estadobeca","embeddable":true,"href":"https:\/\/fundacioncarf.org\/de\/wp-json\/wp\/v2\/estadobeca?post=181604"}],"curies":[{"name":"wp","href":"https:\/\/api.w.org\/{rel}","templated":true}]}}

Julio César Morillo Leal

<p><span style="font-weight: 400;">"</span>Julio César Morillo ist 33 Jahre alt und ein Seminarist aus der Diözese Cabimas, Venezuela. Er ist der älteste von zwei Brüdern aus einer bescheidenen Familie.</p>
<p>"Von klein auf erhielt ich viel Aufmerksamkeit von meiner Familie, da ich die ersten Jahre meines Lebens bei meinen Großeltern in ihrem Dorf aufgewachsen bin.</p>
<p class="Default">Dann zog ich zu meinen Eltern in die Stadt und die Umstellung war sehr schwer, denn es gab nur wenige Momente, in denen wir in Frieden leben konnten. Meine Eltern verstanden sich nicht besonders gut und als ich etwa 15 Jahre alt war, war die Situation so schwierig, dass ich sogar darüber nachdachte, von zu Hause auszuziehen, aber damals ließen sich meine Eltern scheiden und ich lebte weiterhin bei meiner Schwester und meiner Mutter.</p>
<p class="Default">Von diesem Alter an musste ich bestimmte Aufgaben in meinem Zuhause übernehmen und mir verschiedene Ziele setzen, die ich mit viel harter Arbeit, Hingabe und Mühe erreichen wollte. Ich habe mir einen Plan gemacht, was ich für mein Leben wollte, und bin diesem Plan gefolgt, bis ich es erreicht hatte.</p>
<p class="Default">Ich habe mich für ein Studium der Ingenieurwissenschaften entschieden, weil ich eine Leidenschaft für Zahlen habe. Meine Träume basierten daher hauptsächlich auf einem Abschluss als Ingenieurin, damit ich dann nicht nur in diesem Bereich praktizieren, sondern auch an der Universität unterrichten kann.</p>
<p class="Default">Was meine Berufung betrifft, so muss ich sagen, dass jeder seine eigene Geschichte hat und den Ruf des Herrn, ihm zu folgen, auf eine besondere Weise empfängt. In meinem Fall gehörte ich seit meiner Jugend verschiedenen Bewegungen und apostolischen Gruppen innerhalb der Kirche meines Landes an, wie Jovenmisión, Pastoral Juvenil, Cursillos de Cristiandad, Legión de María und vor allem Encuentros Familiares de Venezuela, wo ich Gott mehrere Jahre lang diente.</p>
<p class="Default">Interessanterweise konzentriert sich diese Bewegung auf die Familie und auf die persönliche Verpflichtung, eine zukünftige Familie zu gründen. Mein Lebensprojekt konzentrierte sich auf diesen Weg, während ich in meinem beruflichen Projekt immer Gottes Gegenwart spürte, die mich glauben ließ, dass dies auch das war, was Gott für mich wollte.</p>
<p class="Default">Ich habe einen Abschluss als Petroleum Engineer und habe meinen Beruf in diesem Bereich und als Universitätsprofessor ausgeübt. Ich war auf dem Höhepunkt meines beruflichen Projekts: Meine Familie war sehr zufrieden mit den Ergebnissen, die ich bisher erzielt hatte, und meine Freunde bewunderten meine Leistungen in einem so jungen Alter.</p>
<p class="Default">Ich dachte, das wäre das, was mich wirklich glücklich machen würde, aber in Wirklichkeit war es das nicht. Ich fühlte mich ein wenig leer und ich spürte auch, dass ich zu etwas anderem berufen war, also musste ich mich darauf konzentrieren, es zu entdecken.</p>
<p class="Default">Es war ein ziemlicher Schlag, als ich feststellte, dass mein Projekt trotz des bisherigen Erfolges gescheitert war. Daraufhin begann ich mit Hilfe meines geistlichen Leiters eine Suche, die ich mit der Entscheidung begann, meine Zukunft in Gottes Hände zu legen und seinen Willen in meinem Leben geschehen zu lassen.</p>
<p class="Default">In diesem Moment wurde mir klar, dass ich meinen Plan zwar gemacht hatte, ihn aber nie Gott zur Prüfung vorgelegt hatte, um zu sehen, ob es wirklich das war, was er für mich wollte. Nur mein Gebet basierte auf der Bitte um Hilfe bei der Verwirklichung dieses Plans, und ich habe das Gefühl, dass Gott mir erlaubt hat, ihn zu erfüllen.</p>
<p class="Default">Von diesem Moment an begannen sich verschiedene Ereignisse zu ereignen, bei denen ich klar erkannte, dass der Herr von mir verlangte, mich völlig aufzugeben, um Ihm zu folgen: meinen Job, meinen Beruf, mein Studium und sogar meine Familie zu verlassen, die zunächst nicht einverstanden war.</p>
<p class="Default">Sie verstanden nicht, was für eine Veränderung es bedeuten würde, alles zu verlassen, was ich mir im Laufe der Jahre aufgebaut hatte, um einen neuen Weg einzuschlagen. Manche sahen darin ein Zeichen von Unreife oder Verwirrung meinerseits, und ich hatte sogar das Gefühl, dass sie mich mitleidig und enttäuscht ansahen.</p>
<p class="Default">Da erinnerte ich mich an einen großartigen Satz des heiligen Johannes Bosco, der mich angesichts dessen, was ich erlebte, mehr auf Gott vertrauen ließ: "Wenn es darum geht, seiner Berufung zu folgen, muss man bereit sein, alles zu opfern". Dann traf ich die Entscheidung, mich auf dieses Abenteuer der Berufung einzulassen, und Gott hat nach und nach alles an seinen Platz gebracht, meine Familie begleitet und den Platz gefüllt, den ich in ihr hinterlassen habe.</p>
<p class="Default">Ich habe Gottes Gnade gespürt, als er mich berufen hat, und deshalb habe ich vor etwas mehr als 6 Jahren mit meiner Ausbildung begonnen. Bis jetzt bin ich sehr glücklich zu sehen, dass der Traum, den Gott für mich hatte, trotz meiner Schwächen in Erfüllung geht".<span style="font-weight: 400;">".</span></p>

<p>«Julio César Morillo tiene 38 años y es un seminarista de la diócesis de Cabimas, Venezuela. Es el mayor de 2 hermanos de una familia humilde. "Desde pequeño recibí mucha atención por parte de mi familia ya que durante los primeros años de vida crecí con mis abuelos en su pueblo. Luego me fui a [&hellip;]</p>
