{"id":181594,"date":"2023-05-15T20:53:29","date_gmt":"2023-05-15T18:53:29","guid":{"rendered":"https:\/\/staging.fundacioncarf.org\/colabora\/pon-cara-a-tu-donativo\/mon-carmelo-fidel-marcaida\/"},"modified":"2026-09-02T15:20:01","modified_gmt":"2026-09-02T13:20:01","slug":"mon-carmelo-fidel-marcaida","status":"publish","type":"candidatos","link":"https:\/\/fundacioncarf.org\/de\/colabora\/pon-cara-a-tu-donativo\/mon-carmelo-fidel-marcaida\/","title":{"rendered":"Mon Carmelo Fidel Marcaida"},"content":{"rendered":"<p><span style=\"font-weight: 400;\">\"Ich bin direkt nach meiner Grundschulzeit in das Kleine Seminar eingetreten, als ich 12 Jahre alt war. <\/span><\/p>\n<p><span style=\"font-weight: 400;\">Die Wahrheit ist, dass ich vorher keine Ahnung von einem Priesterseminar hatte. Ich wusste nicht, was ein Priesterseminar war, bis der Pfarrer meiner Gemeinde mir mitteilte, dass es eine Pr\u00fcfung f\u00fcr diejenigen geben w\u00fcrde, die ins Priesterseminar eintreten wollten, und dass die Di\u00f6zese junge M\u00e4nner suchte, die Priester werden wollten. <\/span><\/p>\n<p><span style=\"font-weight: 400;\">Ich fing an, meine Eltern zu fragen, ob ich die Pr\u00fcfung f\u00fcr das Priesterseminar ablegen k\u00f6nnte. Es war eine echte \u00dcberraschung f\u00fcr meine Eltern, denn sie h\u00e4tten sich nie vorstellen k\u00f6nnen, dass ich ins Priesterseminar gehen w\u00fcrde. <\/span><\/p>\n<p><span style=\"font-weight: 400;\">Ich trat in das Priesterseminar ein, ohne die Berufung zum Priester zu haben. Ich war mir nicht ganz im Klaren dar\u00fcber. Ich glaube, ich wollte einfach nur das Leben im Seminar sehen, einfach aus Neugier. <\/span><\/p>\n<p><span style=\"font-weight: 400;\">W\u00e4hrend meine Gef\u00e4hrten ganz klar waren: Sie wollten Priester werden. Ich wusste nicht, was ich tun sollte. <\/span><\/p>\n<p><span style=\"font-weight: 400;\">Ich hatte eine schwere Zeit im Priesterseminar. Ich war 12 Jahre alt und wusste nicht, wie ich meine Kleidung waschen, mein Zimmer aufr\u00e4umen oder mein Bett machen sollte. Ich blicke mit Freude auf diese vier Jahre im Kleinen Seminar zur\u00fcck. <\/span><\/p>\n<p><span style=\"font-weight: 400;\">Ich lernte viele Dinge und entdeckte dort meine Berufung zum Priestertum. Ich entdeckte, dass Gott mich berufen hatte, Priester zu werden. <\/span><\/p>\n<p><span style=\"font-weight: 400;\">Ich war 15 Jahre alt, als ich den Ruf des Herrn sp\u00fcrte. Ich war sehr jung. Ich war sehr ver\u00e4ngstigt. Ich wusste nicht, wie ich auf diesen Ruf zum Priestertum reagieren sollte. In meinem Gebet sagte ich also zum Herrn: \"Mach mir das alles klar, Herr, mach mir das alles klar. Ich bin sehr jung, ich wei\u00df nicht, was ich tun soll. Aber ich habe Ihren Ruf gesp\u00fcrt, helfen Sie mir, ihm zu folgen\".\u00a0<\/span><\/p>\n<p><span style=\"font-weight: 400;\">Nach dem kleinen Seminar beschloss ich, weiterzumachen. <\/span><\/p>\n<p><span style=\"font-weight: 400;\">Die Jahre, in denen ich Philosophie studierte, waren einige der besten Jahre meines Lebens. Meine Berufung zum Priestertum begann zu wachsen. Ich begann, den Ruf des Herrn zu verstehen. <\/span><\/p>\n<p><span style=\"font-weight: 400;\">Ich erinnere mich genau an den Tag, an dem ich \"Ja\" zu Gott sagte. <\/span><\/p>\n<p><span style=\"font-weight: 400;\">Eines Sommers schickte mich mein Rektor auf eine Insel, sehr abgelegen, ohne Strom, ohne alles. Es war sehr schwer f\u00fcr mich, denn ich komme aus einer gro\u00dfen Stadt und war es nicht gewohnt, ohne Strom zu leben. Der Rektor schickte mich dorthin, um bei den Menschen zu sein, mit ihnen zu beten, sie zu begleiten, Katechese zu halten, Katechismusunterricht f\u00fcr Jung und Alt zu geben und vor allem die Messe zu feiern. In dem Dorf, in dem ich war, wird die Messe nur einmal alle zwei Monate gefeiert.\u00a0<\/span><\/p>\n<p><span style=\"font-weight: 400;\">Auf dieser Insel habe ich \"Ja\" zu Gott gesagt. Ich habe den Bedarf an einem Priester in meiner Di\u00f6zese gesehen. Ich habe den Durst der Menschen nach den Sakramenten gesehen. Und wer bin ich, dass ich NEIN sagen k\u00f6nnte zu dem gro\u00dfen Ruf Gottes, sein Werkzeug zu sein, um die Sakramente zu allen V\u00f6lkern zu bringen. <\/span><\/p>\n<p><span style=\"font-weight: 400;\">Nach dieser Erfahrung war f\u00fcr mich klar, dass ich Priester werden wollte. Ich kehrte sehr gl\u00fccklich nach Hause zur\u00fcck.<\/span><\/p>","protected":false},"excerpt":{"rendered":"<p>\u00abEntr\u00e9 en el seminario menor justo despu\u00e9s mis a\u00f1os en primaria eso cuando ten\u00eda 12 a\u00f1os. La verdad es que antes no ten\u00eda ninguna idea de un seminario. No sab\u00eda que es un seminario hasta que escuche un anuncio del cura p\u00e1rroco en mi parroquia que habr\u00e1 un examen para los que quieren entrar el [&hellip;]<\/p>\n","protected":false},"featured_media":0,"menu_order":0,"template":"","format":"standard","meta":{"_acf_changed":false,"footnotes":""},"tags":[121],"pcatd":[],"cantidad":[],"continente":[],"estadobeca":[3],"class_list":["post-181594","candidatos","type-candidatos","status-publish","format-standard","hentry","tag-seminarista","estadobeca-en-curso"],"acf":[],"_links":{"self":[{"href":"https:\/\/fundacioncarf.org\/de\/wp-json\/wp\/v2\/candidatos\/181594","targetHints":{"allow":["GET"]}}],"collection":[{"href":"https:\/\/fundacioncarf.org\/de\/wp-json\/wp\/v2\/candidatos"}],"about":[{"href":"https:\/\/fundacioncarf.org\/de\/wp-json\/wp\/v2\/types\/candidatos"}],"version-history":[{"count":1,"href":"https:\/\/fundacioncarf.org\/de\/wp-json\/wp\/v2\/candidatos\/181594\/revisions"}],"predecessor-version":[{"id":233605,"href":"https:\/\/fundacioncarf.org\/de\/wp-json\/wp\/v2\/candidatos\/181594\/revisions\/233605"}],"wp:attachment":[{"href":"https:\/\/fundacioncarf.org\/de\/wp-json\/wp\/v2\/media?parent=181594"}],"wp:term":[{"taxonomy":"post_tag","embeddable":true,"href":"https:\/\/fundacioncarf.org\/de\/wp-json\/wp\/v2\/tags?post=181594"},{"taxonomy":"pcatd","embeddable":true,"href":"https:\/\/fundacioncarf.org\/de\/wp-json\/wp\/v2\/pcatd?post=181594"},{"taxonomy":"cantidad","embeddable":true,"href":"https:\/\/fundacioncarf.org\/de\/wp-json\/wp\/v2\/cantidad?post=181594"},{"taxonomy":"continente","embeddable":true,"href":"https:\/\/fundacioncarf.org\/de\/wp-json\/wp\/v2\/continente?post=181594"},{"taxonomy":"estadobeca","embeddable":true,"href":"https:\/\/fundacioncarf.org\/de\/wp-json\/wp\/v2\/estadobeca?post=181594"}],"curies":[{"name":"wp","href":"https:\/\/api.w.org\/{rel}","templated":true}]}}

<p><span style="font-weight: 400;">"Ich bin direkt nach meiner Grundschulzeit in das Kleine Seminar eingetreten, als ich 12 Jahre alt war. </span></p>
<p><span style="font-weight: 400;">Die Wahrheit ist, dass ich vorher keine Ahnung von einem Priesterseminar hatte. Ich wusste nicht, was ein Priesterseminar war, bis der Pfarrer meiner Gemeinde mir mitteilte, dass es eine Prüfung für diejenigen geben würde, die ins Priesterseminar eintreten wollten, und dass die Diözese junge Männer suchte, die Priester werden wollten. </span></p>
<p><span style="font-weight: 400;">Ich fing an, meine Eltern zu fragen, ob ich die Prüfung für das Priesterseminar ablegen könnte. Es war eine echte Überraschung für meine Eltern, denn sie hätten sich nie vorstellen können, dass ich ins Priesterseminar gehen würde. </span></p>
<p><span style="font-weight: 400;">Ich trat in das Priesterseminar ein, ohne die Berufung zum Priester zu haben. Ich war mir nicht ganz im Klaren darüber. Ich glaube, ich wollte einfach nur das Leben im Seminar sehen, einfach aus Neugier. </span></p>
<p><span style="font-weight: 400;">Während meine Gefährten ganz klar waren: Sie wollten Priester werden. Ich wusste nicht, was ich tun sollte. </span></p>
<p><span style="font-weight: 400;">Ich hatte eine schwere Zeit im Priesterseminar. Ich war 12 Jahre alt und wusste nicht, wie ich meine Kleidung waschen, mein Zimmer aufräumen oder mein Bett machen sollte. Ich blicke mit Freude auf diese vier Jahre im Kleinen Seminar zurück. </span></p>
<p><span style="font-weight: 400;">Ich lernte viele Dinge und entdeckte dort meine Berufung zum Priestertum. Ich entdeckte, dass Gott mich berufen hatte, Priester zu werden. </span></p>
<p><span style="font-weight: 400;">Ich war 15 Jahre alt, als ich den Ruf des Herrn spürte. Ich war sehr jung. Ich war sehr verängstigt. Ich wusste nicht, wie ich auf diesen Ruf zum Priestertum reagieren sollte. In meinem Gebet sagte ich also zum Herrn: "Mach mir das alles klar, Herr, mach mir das alles klar. Ich bin sehr jung, ich weiß nicht, was ich tun soll. Aber ich habe Ihren Ruf gespürt, helfen Sie mir, ihm zu folgen". </span></p>
<p><span style="font-weight: 400;">Nach dem kleinen Seminar beschloss ich, weiterzumachen. </span></p>
<p><span style="font-weight: 400;">Die Jahre, in denen ich Philosophie studierte, waren einige der besten Jahre meines Lebens. Meine Berufung zum Priestertum begann zu wachsen. Ich begann, den Ruf des Herrn zu verstehen. </span></p>
<p><span style="font-weight: 400;">Ich erinnere mich genau an den Tag, an dem ich "Ja" zu Gott sagte. </span></p>
<p><span style="font-weight: 400;">Eines Sommers schickte mich mein Rektor auf eine Insel, sehr abgelegen, ohne Strom, ohne alles. Es war sehr schwer für mich, denn ich komme aus einer großen Stadt und war es nicht gewohnt, ohne Strom zu leben. Der Rektor schickte mich dorthin, um bei den Menschen zu sein, mit ihnen zu beten, sie zu begleiten, Katechese zu halten, Katechismusunterricht für Jung und Alt zu geben und vor allem die Messe zu feiern. In dem Dorf, in dem ich war, wird die Messe nur einmal alle zwei Monate gefeiert. </span></p>
<p><span style="font-weight: 400;">Auf dieser Insel habe ich "Ja" zu Gott gesagt. Ich habe den Bedarf an einem Priester in meiner Diözese gesehen. Ich habe den Durst der Menschen nach den Sakramenten gesehen. Und wer bin ich, dass ich NEIN sagen könnte zu dem großen Ruf Gottes, sein Werkzeug zu sein, um die Sakramente zu allen Völkern zu bringen. </span></p>
<p><span style="font-weight: 400;">Nach dieser Erfahrung war für mich klar, dass ich Priester werden wollte. Ich kehrte sehr glücklich nach Hause zurück.</span></p>

<p>«Entré en el seminario menor justo después mis años en primaria eso cuando tenía 12 años. La verdad es que antes no tenía ninguna idea de un seminario. No sabía que es un seminario hasta que escuche un anuncio del cura párroco en mi parroquia que habrá un examen para los que quieren entrar el [&hellip;]</p>
