{"id":181581,"date":"2023-05-15T20:53:29","date_gmt":"2023-05-15T18:53:29","guid":{"rendered":"https:\/\/staging.fundacioncarf.org\/colabora\/pon-cara-a-tu-donativo\/otto-fernando-arana-mont\/"},"modified":"2026-09-02T15:02:52","modified_gmt":"2026-09-02T13:02:52","slug":"otto-fernando-arana-mont","status":"publish","type":"candidatos","link":"https:\/\/fundacioncarf.org\/de\/colabora\/pon-cara-a-tu-donativo\/otto-fernando-arana-mont\/","title":{"rendered":"Otto Fernando Arana Mont"},"content":{"rendered":"<p><span style=\"font-weight: 400;\">\"<\/span>Derzeit studiert er an der Bidasoa, wo er F\u00e4cher wie Patrologie, Pentateuch und historische B\u00fccher sowie die synoptischen Evangelien und die Apostelgeschichte studiert und sein Interesse an der Heiligen Schrift mit dem Kurs f\u00fcr biblisches Hebr\u00e4isch und dem Seminar f\u00fcr fortgeschrittenes Griechisch erg\u00e4nzt.<\/p>\n<p>\"Dank dessen konnte ich mit Erstaunen den Traum, den Gott f\u00fcr mein Leben hat, in der Ausbildung zum Priestertum weiter entdecken\".<\/p>\n<p>\"Gott \u00fcberrascht uns immer wieder mit seiner Liebe und Gro\u00dfz\u00fcgigkeit, die er gerne durch die Seelen zeigt, die er ausw\u00e4hlt, um treue Fortsetzer seines Werkes zu sein. In diesem Fall hilft er jedem von uns, der aufgerufen ist, frei auf die Einladung Jesu selbst zu antworten, die seit so vielen Jahrhunderten erklingt: \"Folge mir nach\" (Mt 9:9).<\/p>\n<p>Erinnern Sie sich immer wieder an die Worte, die Jesus bereits mit Ihnen und all jenen gesprochen hat, die, wenn sie die Gabe der Gro\u00dfz\u00fcgigkeit erhalten, denen helfen, die er zu sich gerufen hat: \"Und wer auch nur einem von diesen Kleinen einen Becher frisches Wasser zu trinken gibt, weil er ein J\u00fcnger ist, wahrlich, ich sage euch, er wird nicht unbelohnt bleiben\" Mt 10:42.<\/p>\n<p>Wie gro\u00df wird die Umarmung und der ewige Lohn sein, den Gott Ihnen daf\u00fcr geben wird, dass Sie ihm bei der Ausbildung seiner Priester geholfen haben! All die Messen, die gefeiert werden, um Gott anzubeten, zu loben, zu preisen, zu segnen, zu danken und um Vergebung zu bitten; die vielen Seelen, die Vergebung f\u00fcr ihre S\u00fcnden erhalten werden, weil es einen Priester gibt, der sie beichten kann, all diejenigen, die mit einem rechtzeitigen Rat, den Gott ihnen durch ihren Pfarrer geben wird, zu ihm kommen und ihr Leben \u00e4ndern k\u00f6nnen.<\/p>\n<p>Ich werde Sie weiterhin vor dem Altar Gottes in der Heiligen Messe, in meinen Gebeten und anderen Gaben, die der Herr f\u00fcr jeden von Ihnen annehmen wird, anwesend sein lassen. M\u00f6ge der Dreifaltige Gott Sie segnen, m\u00f6ge Unsere Mutter \u00fcber Sie wachen und m\u00f6ge der Heilige Josef Sie immer und \u00fcberall besch\u00fctzen.<\/p>","protected":false},"excerpt":{"rendered":"<p>\u00abActualmente me forma en Bidasoa, donde disfruto con materias como\u00a0 Patrolog\u00eda, Pentateuco y libros hist\u00f3ricos, as\u00ed como Evangelios Sin\u00f3pticos y Hechos de los Ap\u00f3stoles, complementando mi inter\u00e9s en la Sagrada Escritura con el curso de Hebreo b\u00edblico y el seminario de Griego Avanzado. Gracias a ello, he podido seguir descubriendo con asombro el sue\u00f1o que [&hellip;]<\/p>\n","protected":false},"featured_media":0,"menu_order":0,"template":"","format":"standard","meta":{"_acf_changed":false,"footnotes":""},"tags":[121],"pcatd":[],"cantidad":[],"continente":[],"estadobeca":[3],"class_list":["post-181581","candidatos","type-candidatos","status-publish","format-standard","hentry","tag-seminarista","estadobeca-en-curso"],"acf":[],"_links":{"self":[{"href":"https:\/\/fundacioncarf.org\/de\/wp-json\/wp\/v2\/candidatos\/181581","targetHints":{"allow":["GET"]}}],"collection":[{"href":"https:\/\/fundacioncarf.org\/de\/wp-json\/wp\/v2\/candidatos"}],"about":[{"href":"https:\/\/fundacioncarf.org\/de\/wp-json\/wp\/v2\/types\/candidatos"}],"version-history":[{"count":1,"href":"https:\/\/fundacioncarf.org\/de\/wp-json\/wp\/v2\/candidatos\/181581\/revisions"}],"predecessor-version":[{"id":233597,"href":"https:\/\/fundacioncarf.org\/de\/wp-json\/wp\/v2\/candidatos\/181581\/revisions\/233597"}],"wp:attachment":[{"href":"https:\/\/fundacioncarf.org\/de\/wp-json\/wp\/v2\/media?parent=181581"}],"wp:term":[{"taxonomy":"post_tag","embeddable":true,"href":"https:\/\/fundacioncarf.org\/de\/wp-json\/wp\/v2\/tags?post=181581"},{"taxonomy":"pcatd","embeddable":true,"href":"https:\/\/fundacioncarf.org\/de\/wp-json\/wp\/v2\/pcatd?post=181581"},{"taxonomy":"cantidad","embeddable":true,"href":"https:\/\/fundacioncarf.org\/de\/wp-json\/wp\/v2\/cantidad?post=181581"},{"taxonomy":"continente","embeddable":true,"href":"https:\/\/fundacioncarf.org\/de\/wp-json\/wp\/v2\/continente?post=181581"},{"taxonomy":"estadobeca","embeddable":true,"href":"https:\/\/fundacioncarf.org\/de\/wp-json\/wp\/v2\/estadobeca?post=181581"}],"curies":[{"name":"wp","href":"https:\/\/api.w.org\/{rel}","templated":true}]}}

<p><span style="font-weight: 400;">"</span>Derzeit studiert er an der Bidasoa, wo er Fächer wie Patrologie, Pentateuch und historische Bücher sowie die synoptischen Evangelien und die Apostelgeschichte studiert und sein Interesse an der Heiligen Schrift mit dem Kurs für biblisches Hebräisch und dem Seminar für fortgeschrittenes Griechisch ergänzt.</p>
<p>"Dank dessen konnte ich mit Erstaunen den Traum, den Gott für mein Leben hat, in der Ausbildung zum Priestertum weiter entdecken".</p>
<p>"Gott überrascht uns immer wieder mit seiner Liebe und Großzügigkeit, die er gerne durch die Seelen zeigt, die er auswählt, um treue Fortsetzer seines Werkes zu sein. In diesem Fall hilft er jedem von uns, der aufgerufen ist, frei auf die Einladung Jesu selbst zu antworten, die seit so vielen Jahrhunderten erklingt: "Folge mir nach" (Mt 9:9).</p>
<p>Erinnern Sie sich immer wieder an die Worte, die Jesus bereits mit Ihnen und all jenen gesprochen hat, die, wenn sie die Gabe der Großzügigkeit erhalten, denen helfen, die er zu sich gerufen hat: "Und wer auch nur einem von diesen Kleinen einen Becher frisches Wasser zu trinken gibt, weil er ein Jünger ist, wahrlich, ich sage euch, er wird nicht unbelohnt bleiben" Mt 10:42.</p>
<p>Wie groß wird die Umarmung und der ewige Lohn sein, den Gott Ihnen dafür geben wird, dass Sie ihm bei der Ausbildung seiner Priester geholfen haben! All die Messen, die gefeiert werden, um Gott anzubeten, zu loben, zu preisen, zu segnen, zu danken und um Vergebung zu bitten; die vielen Seelen, die Vergebung für ihre Sünden erhalten werden, weil es einen Priester gibt, der sie beichten kann, all diejenigen, die mit einem rechtzeitigen Rat, den Gott ihnen durch ihren Pfarrer geben wird, zu ihm kommen und ihr Leben ändern können.</p>
<p>Ich werde Sie weiterhin vor dem Altar Gottes in der Heiligen Messe, in meinen Gebeten und anderen Gaben, die der Herr für jeden von Ihnen annehmen wird, anwesend sein lassen. Möge der Dreifaltige Gott Sie segnen, möge Unsere Mutter über Sie wachen und möge der Heilige Josef Sie immer und überall beschützen.</p>

<p>«Actualmente me forma en Bidasoa, donde disfruto con materias como  Patrología, Pentateuco y libros históricos, así como Evangelios Sinópticos y Hechos de los Apóstoles, complementando mi interés en la Sagrada Escritura con el curso de Hebreo bíblico y el seminario de Griego Avanzado. Gracias a ello, he podido seguir descubriendo con asombro el sueño que [&hellip;]</p>
